NOAA-Style Climate Report Archive

for Hessville, NY - Since March 2004

(Reports Generated by WeatherLink)

Report for 2011 March
                   MONTHLY CLIMATOLOGICAL SUMMARY for MAR. 2011

NAME: Indian Trail Weather   CITY: Hessville   STATE: New York 
ELEV:  1041 ft  LAT:  42° 51' 52" N  LONG:  74° 43' 15" W

                   TEMPERATURE (°F), RAIN  (in), WIND SPEED (mph)

                                      HEAT  COOL        AVG
    MEAN                              DEG   DEG         WIND                 DOM
DAY TEMP  HIGH   TIME   LOW    TIME   DAYS  DAYS  RAIN  SPEED HIGH   TIME    DIR
------------------------------------------------------------------------------------
 1  23.7  31.5   4:30p  16.7   6:30a  41.3   0.0  0.00   7.0  26.0  12:30a    NW
 2  25.9  35.2   9:30a   9.2  12:00m  39.1   0.0  0.03  16.1  38.0   3:30p   WSW
 3  10.1  20.0   4:00p   0.3   5:30a  54.9   0.0  0.00   6.1  16.0   6:00a     W
 4  22.0  38.1   4:00p   6.0   7:00a  43.0   0.0  0.00   2.8  17.0   4:00p   ESE
 5  42.0  50.4   8:30p  30.5   4:30a  23.0   0.0  0.01   9.3  32.0   1:30p   SSW
 6  38.6  49.1   9:30a  29.6  12:00m  26.4   0.0  1.58   8.8  32.0   1:00a   SSW
 7  21.5  29.6  12:30a  15.2  11:30p  43.5   0.0  0.56  12.6  37.0  10:00a    NW
 8  21.5  29.1   2:30p  13.9   7:00a  43.5   0.0  0.00   4.7  17.0  12:30a     W
 9  26.8  34.6   9:00p  16.2   6:30a  38.2   0.0  0.00   7.5  25.0  12:00m   ESE
10  33.9  37.5  10:00p  29.4   3:30a  31.1   0.0  0.55  10.7  25.0   1:00a     E
11  38.4  45.4  10:30a  32.7  12:00m  26.6   0.0  0.40   7.7  22.0  11:00p     W
12  34.6  41.3   4:30p  30.3   4:00a  30.4   0.0  0.01   7.4  22.0   5:30a   WSW
13  34.4  39.2  12:30a  30.6  10:00p  29.3   0.0  0.00  11.6  29.0   8:00a   WNW
14  30.4  34.8   4:00p  27.2   7:30a  34.6   0.0  0.00   6.0  17.0  12:30a    NW
15  32.3  40.9   5:00p  21.5   7:00a  32.7   0.0  0.00   3.0  11.0  12:30a   ENE
16  35.8  43.9   3:30p  31.1   9:00a  29.2   0.0  0.04   3.3  19.0  10:30p     E
17  43.7  54.4   4:00p  33.3   7:00a  21.3   0.0  0.00   5.5  24.0  11:00p     W
18  49.7  54.3   8:00a  40.6  10:00p  15.3   0.0  0.08  14.6  34.0   6:00a   WNW
19  33.2  40.9  12:30a  25.0  12:00m  31.8   0.0  0.00  10.5  32.0   4:00a   WNW
20  31.6  42.2   4:00p  20.3   7:00a  33.4   0.0  0.00   3.4  14.0   1:00a   ESE
21  32.7  38.3   9:30p  30.9   7:00a  32.3   0.0  0.31   4.3  25.0  12:00m   ESE
22  34.0  36.8   3:30p  30.5  12:00m  31.0   0.0  0.00   8.5  27.0  12:30a    NW
23  25.2  30.5  12:30a  21.9  10:30p  39.8   0.0  0.07   4.3  13.0   1:00p     E
24  26.6  34.9   3:30p  18.7   7:00a  38.4   0.0  0.04   6.2  25.0   3:00p   WNW
25  24.1  29.0   1:30p  19.2  12:00m  40.9   0.0  0.00  10.8  29.0   4:00p   WNW
26  21.3  28.3   3:00p  14.1   7:00a  43.7   0.0  0.00  10.5  29.0  10:30a   WNW
27  22.3  30.3   3:30p  15.4   7:00a  42.7   0.0  0.00  12.1  31.0   1:30p   WNW
28  26.2  33.9   3:00p  19.2   6:30a  38.8   0.0  0.00  13.5  31.0   2:00p   WNW
29  29.8  38.5   4:30p  23.2   6:00a  35.2   0.0  0.00  11.5  32.0   3:30p     W
30  37.3  48.4   4:30p  26.2   7:30a  27.7   0.0  0.00   3.4  17.0   1:00p     W
31  37.5  41.9   3:30p  33.4   7:00a  27.5   0.0  0.00   3.1  14.0   4:30p    SE
-------------------------------------------------------------------------------------
    30.6  54.4    17     0.3     3  1066.6   0.0  3.68   8.0  38.0     2     WNW

Max >=  90.0:  0
Max <=  32.0:  8
Min <=  32.0: 27
Min <=   0.0:  0
Max Rain: 1.58 ON 03/06/11
Days of Rain: 10 (>.01 in) 5 (>.1 in) 1 (>1 in)
Heat Base:  65.0  Cool Base:  65.0  Method: Integration