NOAA-Style Climate Report Archive

for Hessville, NY - Since March 2004

(Reports Generated by WeatherLink)

Report for 2011 February
                   MONTHLY CLIMATOLOGICAL SUMMARY for FEB. 2011

NAME: Indian Trail Weather   CITY: Hessville   STATE: New York 
ELEV:  1041 ft  LAT:  42° 51' 52" N  LONG:  74° 43' 15" W

                   TEMPERATURE (°F), RAIN  (in), WIND SPEED (mph)

                                      HEAT  COOL        AVG
    MEAN                              DEG   DEG         WIND                 DOM
DAY TEMP  HIGH   TIME   LOW    TIME   DAYS  DAYS  RAIN  SPEED HIGH   TIME    DIR
------------------------------------------------------------------------------------
 1  11.2  15.5   7:30p   6.7   6:30a  53.8   0.0  0.47   3.7  16.0  12:00m   ESE
 2  17.5  26.9   5:30p  12.3   3:00a  47.5   0.0  0.29   9.2  36.0   6:00p   ESE
 3  13.9  20.6   3:00p   8.3   8:00p  51.1   0.0  0.00   8.5  22.0   6:30a    NW
 4  19.0  28.4   4:00p  12.6  12:30a  46.0   0.0  0.00   8.8  31.0   9:30a   WSW
 5  21.6  34.2  11:30p   8.3   4:30a  43.4   0.0  0.61   2.6  34.0  12:00m    NE
 6  28.7  34.3  12:30a  26.8  12:00m  36.3   0.0  0.00   9.2  44.0   1:00a   WNW
 7  31.0  36.8   3:30p  26.5   6:00a  34.0   0.0  0.06   2.7  16.0   9:30a   SSW
 8  18.7  30.6   5:30a   8.9   7:00p  46.3   0.0  0.06  12.4  38.0   2:30p   WNW
 9  14.1  21.5   3:30p   5.0   6:30a  50.9   0.0  0.00  12.5  32.0   3:00a   WSW
10  11.2  17.9   2:30p  -0.5  12:00m  53.8   0.0  0.00   8.5  22.0   1:30a     W
11  12.4  22.5   3:00p   0.1  12:30a  52.6   0.0  0.00   6.7  20.0  11:00a     W
12  24.2  30.2   1:30p  13.9  12:30a  40.8   0.0  0.00  12.9  38.0   3:30p   WNW
13  29.3  41.2  10:30p  14.6   6:30a  35.0   0.0  0.00  10.6  32.0   1:00p   WSW
14  38.8  47.5  10:30a  21.1  12:00m  26.2   0.0  0.03  16.7  38.0   4:30a   WSW
15  12.4  21.1  12:30a   6.0   7:00a  52.6   0.0  0.00   9.9  32.0   1:30a    NW
16  20.0  30.0   6:00p   7.3   7:30a  45.0   0.0  0.00   1.4   8.0  12:00p     N
17  39.7  48.1  11:00p  26.8   6:30a  25.3   0.0  0.00   2.7  20.0  12:00m   WSW
18  48.2  54.3   2:30p  38.5  12:00m  16.8   0.0  0.00  16.1  48.0  11:30p     W
19  18.6  38.3  12:30a   9.7  11:30p  46.4   0.0  0.06  16.9  51.0  11:30a   WNW
20  15.0  22.6   3:30p   6.0   7:00a  50.0   0.0  0.02   9.4  29.0  10:30a    NW
21  15.3  20.1  12:30a   6.2  12:00m  49.7   0.0  0.07   6.9  25.0   4:00p   WNW
22   9.8  19.8   4:00p   0.1   7:00a  55.2   0.0  0.00   7.6  18.0   5:30p     W
23  18.1  34.3   4:00p   6.2   7:00a  46.9   0.0  0.00   4.9  18.0   4:30a     W
24  21.1  30.3  10:30p   8.5   4:30a  43.9   0.0  0.00   1.2   6.0  10:00a   WNW
25  26.7  30.5   3:00a  22.2  10:00p  38.3   0.0  0.98   7.3  33.0   6:00p    SW
26  23.2  27.1   4:00p  18.5   6:00a  41.8   0.0  0.05   8.2  26.0   2:30a     W
27  27.6  35.8   2:30p  22.5   6:00a  37.4   0.0  0.10   1.9  13.0  12:00p     E
28  31.8  42.5   2:30p  25.4  12:30a  33.2   0.0  0.52   8.6  40.0   2:30p   WNW
-------------------------------------------------------------------------------------
    22.1  54.3    18    -0.5    10  1200.2   0.0  3.32   8.1  51.0    19     WNW

Max >=  90.0:  0
Max <=  32.0: 17
Min <=  32.0: 27
Min <=   0.0:  1
Max Rain: 0.98 ON 02/25/11
Days of Rain: 13 (>.01 in) 5 (>.1 in) 0 (>1 in)
Heat Base:  65.0  Cool Base:  65.0  Method: Integration