NOAA-Style Climate Report Archive

for Hessville, NY - Since March 2004

(Reports Generated by WeatherLink)

Report for 2011 January
                   MONTHLY CLIMATOLOGICAL SUMMARY for JAN. 2011

NAME: Indian Trail Weather   CITY: Hessville   STATE: New York 
ELEV:  1041 ft  LAT:  42° 51' 52" N  LONG:  74° 43' 15" W

                   TEMPERATURE (°F), RAIN  (in), WIND SPEED (mph)

                                      HEAT  COOL        AVG
    MEAN                              DEG   DEG         WIND                 DOM
DAY TEMP  HIGH   TIME   LOW    TIME   DAYS  DAYS  RAIN  SPEED HIGH   TIME    DIR
------------------------------------------------------------------------------------
 1  43.1  47.5   4:30a  39.5   6:00a  21.5   0.0  0.00   2.0  16.0  12:30a   ESE
 2  32.5  47.8   1:00a  22.9  12:00m  32.5   0.0  0.05   8.0  30.0  11:30p    NW
 3  22.9  27.1   3:00p  20.6   7:30a  42.1   0.0  0.00   9.7  24.0   3:00a     W
 4  27.9  35.3   1:30p  21.9  12:30a  37.1   0.0  0.00   8.1  24.0   3:00p   WSW
 5  23.8  27.8   2:30p  16.7  10:00p  41.2   0.0  0.05   7.9  28.0  10:00a   WNW
 6  18.5  25.7  12:30p  10.9   8:30a  46.5   0.0  0.00   2.3  13.0   1:00a     W
 7  19.9  23.4   1:30p  17.8  12:00m  45.1   0.0  0.23   4.5  14.0   6:00p     E
 8  18.3  24.6  12:30p  12.1   7:30a  46.7   0.0  0.00   3.8  21.0  12:00m    SW
 9  19.6  22.0   1:30p  17.1   2:00a  45.4   0.0  0.00  14.5  35.0   8:00p    NW
10  17.9  21.7   3:00p  14.7   7:30a  47.1   0.0  0.00  10.9  35.0   2:30a   WNW
11  15.4  20.9  12:00p   9.0   7:30a  49.7   0.0  0.06   4.0  16.0   1:00a     W
12  16.9  22.2  12:00p  14.6   9:00p  48.2   0.0  0.37   8.5  30.0   6:30p    NW
13  14.3  15.9   3:00p  12.8  12:00m  50.7   0.0  0.00  10.9  29.0   1:00a    NW
14  13.1  20.4   3:30p   9.9   8:00a  51.9   0.0  0.00   5.6  17.0   4:00p    NW
15  14.9  27.7   7:00p   3.8   8:00a  50.1   0.0  0.06   6.0  29.0  10:00p   WSW
16  17.8  24.0  12:30a   8.0  12:00m  47.2   0.0  0.00  10.9  31.0   3:30p     W
17   5.6  12.6  10:30a  -6.2   7:30a  59.4   0.0  0.00   3.6  16.0   4:00a     E
18  19.2  29.4  11:00p   7.4  12:30a  45.8   0.0  0.41   3.0  11.0   1:00p   ESE
19  26.8  31.7   6:00a  19.8  12:00m  38.2   0.0  0.03   5.8  18.0   5:30p     W
20  17.9  22.9   1:30p  11.9   9:00p  47.1   0.0  0.02   5.4  19.0  10:30a     W
21  16.1  22.2  12:30p   9.9  12:00m  48.9   0.0  0.34  10.1  34.0   7:30p     W
22   8.9  17.4   2:00p   1.4  11:30p  56.1   0.0  0.00   6.0  21.0  12:30a     W
23   2.6   8.7   2:00p -11.0  10:30p  62.4   0.0  0.00   8.3  27.0   4:00p   WNW
24  -3.8   6.6   1:30p -13.2   3:00a  68.8   0.0  0.00   3.6  14.0   8:00a     W
25  10.7  28.3   8:30p  -2.0  12:30a  54.4   0.0  0.06   2.1  12.0   8:00p   WSW
26  24.8  30.3   3:30p  18.2  12:30a  40.2   0.0  0.00   2.8  12.0   2:30p     S
27  25.6  28.3   2:30p  21.7  11:00p  39.4   0.0  0.00   8.2  21.0   7:00a    NW
28  24.5  30.6   2:00p  20.4   6:30a  40.5   0.0  0.00   1.6  11.0  12:30a   WSW
29  24.7  29.4   3:00p  20.0   7:00p  40.3   0.0  0.00   3.8  16.0   4:30a     W
30  21.7  26.3   2:00p  16.7  12:00m  43.3   0.0  0.00   7.2  26.0   8:30p     W
31  10.3  17.4  12:30a   2.2   7:30a  54.7   0.0  0.00   5.0  22.0   1:30a     W
-------------------------------------------------------------------------------------
    18.5  47.8     2   -13.2    24  1442.5   0.0  1.68   6.3  35.0     9       W

Max >=  90.0:  0
Max <=  32.0: 28
Min <=  32.0: 30
Min <=   0.0:  4
Max Rain: 0.41 ON 01/18/11
Days of Rain: 11 (>.01 in) 4 (>.1 in) 0 (>1 in)
Heat Base:  65.0  Cool Base:  65.0  Method: Integration