NOAA-Style Climate Report Archive

for Hessville, NY - Since March 2004

(Reports Generated by WeatherLink)

Report for 2011
                            ANNUAL CLIMATOLOGICAL SUMMARY

NAME: Indian Trail Weather  CITY: Hessville   STATE: New York  
ELEV:  1041 ft  LAT:  42° 51' 52" N  LONG:  74° 43' 15" W

               TEMPERATURE (°F), HEAT BASE 65.0, COOL BASE 65.0
                          DEP.  HEAT  COOL                                          
        MEAN  MEAN        FROM  DEG   DEG                        MAX  MAX  MIN  MIN 
 YR MO  MAX   MIN   MEAN  NORM  DAYS  DAYS  HI  DATE  LOW  DATE  >=90 <=32 <=32 <=0 
------------------------------------------------------------------------------------
 11  1  25.0  11.9  18.5  -2.0  1443     0  47.8   2 -13.2   24    0   28   30    4
 11  2  30.8  13.2  22.1  -1.2  1200     0  54.3  18  -0.5   10    0   17   27    1
 11  3  38.2  23.0  30.6  -0.8  1067     0  54.4  17   0.3    3    0    8   27    0
 11  4  54.9  35.9  44.7   0.4   623    13  77.8  11  26.3    8    0    0   11    0
 11  5  68.0  50.4  58.7   3.4   250    54  85.5  26  36.8    1    0    0    0    0
 11  6  73.7  56.1  64.6   0.6   107    88  89.7   8  45.7    3    0    0    0    0
 11  7  81.8  61.7  71.7   3.8    27   233  94.1  21  53.2    1    1    0    0    0
 11  8  76.9  59.5  67.9   1.5    48   120  84.3   5  50.6   30    0    0    0    0
 11  9  70.2  53.9  61.3   2.1   161    46  84.3   4  37.6   18    0    0    0    0
 11 10  57.5  41.9  48.8   0.9   504     8  77.8   8  25.3   28    0    0    5    0
 11 11  52.9  34.5  43.4   5.8   647     0  64.5   9  20.4   22    0    0   14    0
 11 12  40.0  23.7  31.4   5.3  1040     0  55.5   6   9.0   18    0    4   25    0
------------------------------------------------------------------------------------
        56.0  38.9  47.1   1.6  7115   562  94.1 JUL -13.2  JAN    1   57  139    5

                                PRECIPITATION (in)

               DEP.   MAX        DAYS OF RAIN 
               FROM   OBS.          OVER
 YR MO  TOTAL  NORM   DAY  DATE .01   .1   1
---------------------------------------------
 11  1  1.68  -1.54  0.41   18   11    4    0
 11  2  3.32   0.40  0.98   25   13    5    0
 11  3  3.68  -0.43  1.58    6   10    5    1
 11  4  7.29   3.31  1.24   26   17   14    2
 11  5  5.32   1.00  0.72    3   16   12    0
 11  6  8.19   3.58  2.96   11   12   10    2
 11  7  4.48   0.10  1.02   26    6    6    1
 11  8  9.43   5.13  6.56   28   13    6    1
 11  9  9.17   5.22  2.55    7   16   11    3
 11 10  6.58   2.49  1.21    2   16   13    2
 11 11  3.15  -0.72  1.22   23    9    6    1
 11 12  3.50   0.16  0.74   21   10    8    0
---------------------------------------------
       65.79 18.70  6.56  AUG  149  100   13

                                WIND SPEED (mph)
                          DOM
 YR MO   AVG.  HI   DATE  DIR
---------------------------------
 11  1   6.3  35.0    9     W
 11  2   8.1  51.0   19   WNW
 11  3   8.0  38.0    2   WNW
 11  4   7.6  48.0   27   WNW
 11  5   5.3  52.0   26     E
 11  6   4.4  41.0    8     W
 11  7   4.4  36.0   13   WSW
 11  8   4.1  51.0   28     W
 11  9   3.5  31.0   13   WSW
 11 10   5.9  36.0   15   WSW
 11 11   5.8  38.0   20   WSW
 11 12   5.7  44.0   16     W
---------------------------------
         5.7  52.0  MAY    W