NOAA-Style Climate Report Archive

for Hessville, NY - Since March 2004

(Reports Generated by WeatherLink)

Report for 2010 December
                   MONTHLY CLIMATOLOGICAL SUMMARY for DEC. 2010

NAME: Indian Trail Weather   CITY: Hessville   STATE: New York 
ELEV:  1041 ft  LAT:  42° 51' 52" N  LONG:  74° 43' 15" W

                   TEMPERATURE (°F), RAIN  (in), WIND SPEED (mph)

                                      HEAT  COOL        AVG
    MEAN                              DEG   DEG         WIND                 DOM
DAY TEMP  HIGH   TIME   LOW    TIME   DAYS  DAYS  RAIN  SPEED HIGH   TIME    DIR
------------------------------------------------------------------------------------
 1  43.6  56.3   1:30p  31.5  12:00m  21.4   0.0  1.31  10.1  37.0   2:00p   ESE
 2  30.2  34.2  11:30a  26.3   7:30a  34.8   0.0  0.00   8.0  22.0  12:30a     W
 3  28.9  30.9  11:30a  27.7   7:30a  36.1   0.0  0.00   5.6  17.0   8:30p    NW
 4  26.4  30.6  12:00p  22.0  11:00p  38.6   0.0  0.00   9.5  26.0   2:30p    NW
 5  22.8  25.1  12:30p  20.9   7:00a  42.2   0.0  0.00   9.6  28.0   4:30a    NW
 6  21.2  23.2  12:30a  18.7   8:30a  43.8   0.0  0.02  11.8  31.0   2:30p   WNW
 7  21.4  22.6   2:00p  20.1   8:00a  43.6   0.0  0.04  11.1  29.0  11:30a   WNW
 8  18.1  22.6   1:30p  12.6  12:00m  46.9   0.0  0.02  10.8  30.0   1:00a   WNW
 9  10.7  16.5   2:00p   1.8  10:30p  54.3   0.0  0.00   5.6  24.0   1:30p     W
10  12.3  20.4  11:30p   1.0   1:30a  52.7   0.0  0.01   1.9  10.0  11:30a   ESE
11  29.7  37.6   3:00p  20.4  12:30a  35.3   0.0  0.00   3.8  19.0   6:30a   WSW
12  32.7  41.5   9:00p  23.1   1:30a  32.3   0.0  0.24   4.4  18.0   7:30a     E
13  25.8  38.6  12:30a  12.5  12:00m  39.2   0.0  0.01  11.0  30.0   5:30p    NW
14  11.5  15.7   2:00p   9.9   9:00a  53.5   0.0  0.00  10.1  32.0   2:30p    NW
15  13.8  17.9   2:00p   9.9   4:30a  51.2   0.0  0.02   8.9  32.0   1:30p    NW
16  18.9  25.9   1:30p  11.8  11:30p  46.1   0.0  0.01   4.9  25.0  12:00p   WSW
17  22.2  26.6   9:30p  14.2   1:00a  42.8   0.0  0.00   6.8  18.0   5:30a   WSW
18  23.7  31.4   3:00p  12.8  12:00m  41.3   0.0  0.00   5.5  17.0   7:00a   WSW
19  15.8  27.1   1:30p   6.7   6:30a  46.1   0.0  0.00   2.4  11.0  10:30p     W
20  22.3  28.4   1:30p  13.9  12:30a  42.7   0.0  0.00   7.9  26.0   9:30p    NW
21  20.5  22.0  12:30a  18.9   5:30a  44.5   0.0  0.00   9.9  26.0   3:30a    NW
22  22.6  24.4  11:00a  20.1  12:30a  41.5   0.0  0.00   8.2  22.0   9:30p    NW
23  21.8  22.8   2:00a  20.3   7:30a  43.2   0.0  0.02  11.6  27.0   1:00a    NW
24  20.6  21.7  12:30a  18.2  12:00m  44.4   0.0  0.00   9.3  22.0  10:30a    NW
25  20.0  24.6   2:30p  17.0  12:00m  45.0   0.0  0.00   3.4  12.0   4:30a     N
26  16.9  20.3   1:30p  13.3  10:30p  48.1   0.0  0.00   5.0  27.0  12:00m     N
27  12.9  17.6   3:00p   7.8  10:30a  52.1   0.0  0.00  16.3  38.0   6:00a    NW
28  22.6  26.9  12:00p  13.3  12:30a  42.4   0.0  0.02  12.4  32.0   6:30p   WNW
29  27.8  29.7   2:00p  25.1  12:30a  37.2   0.0  0.00   9.2  27.0  12:30a   WNW
30  28.9  41.3   3:00p  17.6   7:00a  36.1   0.0  0.00   2.5  12.0   8:00a     W
31  36.8  46.6  12:00m  27.4  12:30a  27.6   0.0  0.00   2.6  17.0   2:30a   ESE
-------------------------------------------------------------------------------------
    22.7  56.3     1     1.0    10  1307.0   0.0  1.72   7.7  38.0    27      NW

Max >=  90.0:  0
Max <=  32.0: 24
Min <=  32.0: 31
Min <=   0.0:  0
Max Rain: 1.31 ON 12/01/10
Days of Rain: 8 (>.01 in) 2 (>.1 in) 1 (>1 in)
Heat Base:  65.0  Cool Base:  65.0  Method: Integration