NOAA-Style Climate Report Archive

for Hessville, NY - Since March 2004

(Reports Generated by WeatherLink)

Report for 2010 November
                   MONTHLY CLIMATOLOGICAL SUMMARY for NOV. 2010

NAME: Indian Trail Weather   CITY: Hessville   STATE: New York 
ELEV:  1041 ft  LAT:  42° 51' 52" N  LONG:  74° 43' 15" W

                   TEMPERATURE (°F), RAIN  (in), WIND SPEED (mph)

                                      HEAT  COOL        AVG
    MEAN                              DEG   DEG         WIND                 DOM
DAY TEMP  HIGH   TIME   LOW    TIME   DAYS  DAYS  RAIN  SPEED HIGH   TIME    DIR
------------------------------------------------------------------------------------
 1  32.6  37.3   1:30p  28.3   1:00a  32.4   0.0  0.00   6.9  20.0   1:00p    NW
 2  36.0  45.5   3:30p  28.4   6:30a  29.0   0.0  0.00   5.1  16.0  11:00a    NW
 3  35.3  49.2   3:00p  24.4   8:00a  29.7   0.0  0.00   1.6  13.0   2:00p     W
 4  36.3  40.1   2:00p  31.4   4:00a  28.7   0.0  0.84   2.2  11.0   2:00p    SE
 5  38.8  42.8   4:00p  35.3  12:00m  26.2   0.0  0.01   6.0  22.0   7:30p     W
 6  33.9  39.2   3:00p  29.7   8:00a  31.1   0.0  0.00   6.1  19.0   1:30a    NW
 7  33.8  42.8   1:00p  25.9   3:00a  31.2   0.0  0.00   6.1  22.0  12:30p    NW
 8  33.1  35.2  10:30a  30.9   6:30a  31.9   0.0  0.54   9.1  35.0   9:30a    NW
 9  39.8  45.0   1:00p  34.6  12:30a  25.2   0.0  0.00   7.4  21.0   6:00p    NW
10  42.8  55.2   3:30p  33.6  12:00m  22.2   0.0  0.00   3.4  14.0  12:30a     W
11  39.9  54.1   2:30p  27.8   5:30a  25.1   0.0  0.00   2.2  12.0  12:30p    SE
12  41.0  57.7   2:00p  25.6   6:30a  24.0   0.0  0.00   1.9   8.0   3:00a     W
13  43.6  60.2   2:30p  29.9   4:00a  21.4   0.0  0.00   2.0   8.0   7:30a     W
14  43.7  55.6   3:30p  31.5   5:30a  21.3   0.0  0.00   1.5  14.0  12:00m   WNW
15  44.4  50.0  12:30a  39.5  10:30p  20.6   0.0  0.00   2.5  18.0   1:00a     N
16  43.4  47.2  12:00m  38.8   7:30a  21.6   0.0  0.20   3.6  19.0   9:00p   WSW
17  45.5  51.5  12:00p  39.1   9:00p  19.5   0.0  0.72  14.2  42.0   2:00p   WSW
18  38.6  42.9   1:00p  31.9  11:00p  26.4   0.0  0.02  10.0  26.0  12:30a   WNW
19  31.3  34.8  12:00p  26.0   9:30p  33.7   0.0  0.01   5.1  20.0  11:30a    NW
20  38.0  45.7  11:00a  27.2   1:30a  27.0   0.0  0.00  11.8  35.0  10:30a   WNW
21  28.4  34.8   2:00p  22.5   7:00a  36.6   0.0  0.00   3.6  16.0   9:00a   ESE
22  40.0  54.9   1:30p  26.6   1:00a  24.5   0.0  0.48   1.8  19.0   1:30p     N
23  46.5  57.6   3:00p  37.2  12:00m  18.5   0.0  0.20   9.4  40.0   3:30p   WSW
24  32.4  37.2  12:30a  26.3  12:00m  32.6   0.0  0.00  11.5  35.0   2:30a   WNW
25  25.9  29.9   1:30p  21.7   3:00a  39.1   0.0  0.00   4.1  14.0   3:30a   ESE
26  32.0  38.9   8:00a  28.1  12:30a  33.0   0.0  0.44   7.7  35.0  11:30a   WNW
27  29.1  35.0   1:00p  20.3  12:00m  35.9   0.0  0.01  12.5  42.0   4:30p   WSW
28  29.7  35.8   4:00p  20.6   1:00a  35.3   0.0  0.00   4.9  18.0  10:30a   WSW
29  32.1  42.5   2:00p  23.5   7:30a  32.9   0.0  0.00   2.3  12.0  12:30p   WSW
30  37.1  46.0  11:00p  25.7   2:00a  27.9   0.0  0.34   4.9  17.0  12:30p   ESE
-------------------------------------------------------------------------------------
    36.8  60.2    13    20.3    27   844.5   0.0  3.81   5.7  42.0    17      NW

Max >=  90.0:  0
Max <=  32.0:  1
Min <=  32.0: 23
Min <=   0.0:  0
Max Rain: 0.84 ON 11/04/10
Days of Rain: 9 (>.01 in) 8 (>.1 in) 0 (>1 in)
Heat Base:  65.0  Cool Base:  65.0  Method: Integration