NOAA-Style Climate Report Archive

for Hessville, NY - Since March 2004

(Reports Generated by WeatherLink)

Report for 2010 October
                   MONTHLY CLIMATOLOGICAL SUMMARY for OCT. 2010

NAME: Indian Trail Weather   CITY: Hessville   STATE: New York 
ELEV:  1041 ft  LAT:  42° 51' 52" N  LONG:  74° 43' 15" W

                   TEMPERATURE (°F), RAIN  (in), WIND SPEED (mph)

                                      HEAT  COOL        AVG
    MEAN                              DEG   DEG         WIND                 DOM
DAY TEMP  HIGH   TIME   LOW    TIME   DAYS  DAYS  RAIN  SPEED HIGH   TIME    DIR
------------------------------------------------------------------------------------
 1  55.0  60.0   5:00p  48.5  12:00m  10.0   0.0  1.98   6.5  24.0   3:30p    NW
 2  49.0  57.9   4:30p  41.6   6:30a  16.0   0.0  0.00   5.2  24.0   1:00p   NNW
 3  45.8  56.5   3:30p  35.0   7:00a  19.2   0.0  0.00   3.4  17.0   1:30p     E
 4  45.9  52.2   2:30p  40.8   6:00a  19.1   0.0  0.55   2.7  17.0   2:30p   ENE
 5  49.4  52.2   4:00p  46.3  12:30a  15.6   0.0  0.53   2.5  12.0  12:30p     N
 6  50.6  51.9  12:00p  48.6   8:00p  14.4   0.0  1.00   4.3  14.0   4:00p     E
 7  53.2  59.5   2:30p  48.5   4:00a  11.8   0.0  0.48  11.4  33.0   6:30p   WNW
 8  57.2  67.3   4:00p  48.4   7:30a   8.0   0.2  0.00  12.3  31.0   2:00p     W
 9  52.2  59.4  12:30a  40.3  12:00m  12.8   0.0  0.00   7.7  25.0  12:30a   NNW
10  49.8  65.0   4:00p  36.2   6:00a  15.2   0.0  0.00   7.4  19.0   1:00p     W
11  53.2  62.5   4:00p  46.3   7:30a  11.8   0.0  0.00   5.1  19.0   2:00p     W
12  47.2  56.6   1:30p  37.0  12:00m  17.4   0.0  0.00   4.1  18.0   2:30p     W
13  46.1  59.5   2:30p  33.4   7:00a  18.5   0.0  0.00   4.1  14.0   5:00a     W
14  45.4  55.9   4:00p  33.1   7:00a  19.6   0.0  0.18   1.5  12.0   7:00p     W
15  44.1  46.0   1:00a  42.5   5:00p  20.9   0.0  0.42   7.9  32.0   8:00p    NW
16  45.0  51.2   4:00p  42.3  12:00m  20.0   0.0  0.00  11.5  32.0  10:00a    NW
17  47.9  58.5   2:00p  39.5   7:30a  17.1   0.0  0.00  10.1  33.0   2:30p     W
18  44.0  51.8  12:30p  35.6  11:30p  21.0   0.0  0.00   9.2  31.0   3:00p   WNW
19  42.7  53.5   3:00p  34.5   3:30a  22.3   0.0  0.02   5.6  20.0  11:30a   WSW
20  46.9  57.7   3:30p  37.2   5:00a  18.1   0.0  0.00   7.2  21.0  11:30p    SW
21  44.1  50.6   3:30a  35.3  11:30p  20.9   0.0  0.25  10.0  31.0   2:30p   WNW
22  36.0  41.2   2:30p  32.2   5:00a  29.0   0.0  0.00   8.8  29.0   3:30p     W
23  45.1  53.5   2:30p  38.9  12:30a  19.9   0.0  0.01   6.3  27.0   1:30a     W
24  41.8  48.2   2:30p  37.5   7:00a  23.2   0.0  0.05   1.9   8.0   9:30a   ENE
25  47.3  54.9   5:00p  39.6   2:30a  17.7   0.0  0.97   1.1   8.0   1:30p    SW
26  61.2  73.7   4:00p  52.5   3:30a   4.8   1.0  0.00   3.9  18.0   4:00a   ESE
27  61.1  67.4   4:00p  55.0  12:00m   3.5   0.2  0.28   5.7  20.0   4:00p    SW
28  54.7  64.2   1:00p  44.8  12:00m  10.3   0.0  0.00  10.7  34.0  11:30a   WSW
29  41.9  45.4  12:30a  37.0   8:30p  23.1   0.0  0.09  10.3  35.0   1:30p   WNW
30  43.1  48.9   4:00p  35.9   6:30a  21.9   0.0  0.00  11.5  29.0   8:30p   WSW
31  38.3  48.4   3:00a  29.3  12:00m  26.7   0.0  0.03   9.1  28.0   7:00a    NW
-------------------------------------------------------------------------------------
    47.9  73.7    26    29.3    31   529.8   1.4  6.84   6.7  35.0    29       W

Max >=  90.0:  0
Max <=  32.0:  0
Min <=  32.0:  1
Min <=   0.0:  0
Max Rain: 1.98 ON 10/01/10
Days of Rain: 14 (>.01 in) 10 (>.1 in) 1 (>1 in)
Heat Base:  65.0  Cool Base:  65.0  Method: Integration