NOAA-Style Climate Report Archive

for Hessville, NY - Since March 2004

(Reports Generated by WeatherLink)

Report for 2010 September
                   MONTHLY CLIMATOLOGICAL SUMMARY for SEP. 2010

NAME: Indian Trail Weather   CITY: Hessville   STATE: New York 
ELEV:  1041 ft  LAT:  42° 51' 52" N  LONG:  74° 43' 15" W

                   TEMPERATURE (°F), RAIN  (in), WIND SPEED (mph)

                                      HEAT  COOL        AVG
    MEAN                              DEG   DEG         WIND                 DOM
DAY TEMP  HIGH   TIME   LOW    TIME   DAYS  DAYS  RAIN  SPEED HIGH   TIME    DIR
------------------------------------------------------------------------------------
 1  76.0  88.0   3:30p  65.4   6:00a   0.0  11.0  0.00   3.2  13.0   5:00p   WSW
 2  77.4  88.3   3:30p  68.3   6:00a   0.0  12.4  0.00   5.5  17.0   1:30p   WSW
 3  73.9  85.1   2:00p  64.2   6:30a   0.0   8.9  0.00   2.5  18.0  10:30p   SSW
 4  62.6  68.4   1:00p  54.7  11:30p   2.8   0.4  0.00  11.0  36.0   1:00p     W
 5  57.0  64.8   2:00p  50.7  12:00m   8.0   0.0  0.00   8.7  31.0  10:30a   WSW
 6  61.6  73.2   4:30p  48.5   1:30a   4.9   1.5  0.00   5.8  21.0  11:00a   WSW
 7  72.2  83.9   3:30p  58.2   6:00a   1.0   8.2  0.00   6.3  31.0  12:00m    SW
 8  62.4  76.4  12:30a  54.6  10:00p   3.1   0.6  0.19   8.9  32.0  12:30a     W
 9  55.1  58.5   2:30p  53.7   7:00a   9.9   0.0  0.25   8.2  22.0   9:30a   WNW
10  56.6  60.5   2:30p  53.2  12:00m   8.4   0.0  0.00   6.3  20.0   9:30a    NW
11  59.0  69.3   3:00p  49.2   5:00a   6.7   0.7  0.01   3.7  14.0   1:00a     W
12  54.9  57.7  10:00a  50.1   6:00a  10.1   0.0  0.11   2.6  13.0  12:00p   ESE
13  59.2  67.1   4:30p  54.4   6:00a   6.0   0.2  0.04   5.8  29.0   2:00p   WSW
14  55.5  62.5  12:00p  48.9  11:30p   9.5   0.0  0.07   7.6  26.0   2:00p     W
15  52.0  59.2   4:00p  44.5   7:00a  13.0   0.0  0.04   6.1  24.0  12:00p    NW
16  54.4  63.7  11:30p  45.2   7:30a  10.6   0.0  0.29   5.1  28.0   9:30p   WSW
17  54.4  63.7  12:30a  47.9  11:30p  10.6   0.0  0.01   6.8  22.0   4:30a    NW
18  56.8  69.4   5:00p  47.0   2:30a   8.7   0.6  0.00   2.9  14.0  11:00a     W
19  59.3  64.6  10:30a  50.7  12:00m   5.7   0.0  0.00   4.6  18.0   5:30p     W
20  54.3  63.7   3:30p  46.4  12:00m  10.7   0.0  0.00   5.5  20.0   3:30p    NW
21  56.9  69.8   4:00p  41.6   5:30a   8.8   0.7  0.00   6.6  31.0  10:30p   WSW
22  66.8  74.4   3:30p  60.0   7:00a   0.6   2.4  0.00   8.4  28.0   1:00a   WSW
23  61.3  68.6   4:30p  54.3   7:00a   4.0   0.3  0.00   2.8  14.0   1:00a     W
24  75.6  86.2   3:30p  56.5   1:30a   0.7  11.3  0.00   9.5  31.0  10:00p    SW
25  64.4  77.3  12:30a  54.7  11:00p   2.9   2.3  0.00   6.6  24.0   5:30a     W
26  54.8  61.9   4:30p  49.1   7:00a  10.2   0.0  0.00   2.0  12.0   4:30a     N
27  54.0  57.7  12:00m  47.8   1:30a  11.0   0.0  0.42   4.4  14.0  10:30a     E
28  64.9  75.0   2:00p  57.7  12:30a   2.5   2.4  0.26   3.2  24.0   1:30p    SE
29  59.2  68.6   3:00p  53.4  10:00p   5.9   0.2  0.00   4.1  19.0  11:00a   WSW
30  58.0  70.8   8:00p  53.8  12:30a   7.1   0.1  2.38   2.7  38.0   8:00p   WSW
-------------------------------------------------------------------------------------
    61.0  88.3     2    41.6    21   183.4  64.2  4.07   5.6  38.0    30     WSW

Max >=  90.0:  0
Max <=  32.0:  0
Min <=  32.0:  0
Min <=   0.0:  0
Max Rain: 2.38 ON 09/30/10
Days of Rain: 10 (>.01 in) 7 (>.1 in) 1 (>1 in)
Heat Base:  65.0  Cool Base:  65.0  Method: Integration