NOAA-Style Climate Report Archive

for Hessville, NY - Since March 2004

(Reports Generated by WeatherLink)

Report for 2010 August
                   MONTHLY CLIMATOLOGICAL SUMMARY for AUG. 2010

NAME: Indian Trail Weather   CITY: Hessville   STATE: New York 
ELEV:  1041 ft  LAT:  42° 51' 52" N  LONG:  74° 43' 15" W

                   TEMPERATURE (°F), RAIN  (in), WIND SPEED (mph)

                                      HEAT  COOL        AVG
    MEAN                              DEG   DEG         WIND                 DOM
DAY TEMP  HIGH   TIME   LOW    TIME   DAYS  DAYS  RAIN  SPEED HIGH   TIME    DIR
------------------------------------------------------------------------------------
 1  65.1  76.0   3:30p  55.3  12:30a   3.1   3.2  0.00   2.1  18.0  11:30p     W
 2  71.6  81.8   4:00p  61.4   5:00a   0.3   6.9  0.00   4.3  24.0   2:30p    SW
 3  74.0  84.1   4:00p  68.4   6:00a   0.0   9.0  0.10   8.6  30.0   6:30p    SW
 4  77.3  87.4   4:30p  70.3   5:30a   0.0  12.3  0.00   5.5  25.0  12:30a   WSW
 5  74.7  81.0   5:30p  69.6  12:00p   0.0   9.5  0.28   5.3  20.0   4:00p     W
 6  67.3  72.0   1:30p  58.2  10:30p   0.9   3.2  0.00   8.9  31.0   2:30p     W
 7  63.6  73.7   5:00p  55.3   6:00a   3.6   2.2  0.00   4.4  17.0   1:00p     N
 8  68.3  81.6   4:00p  51.6   6:00a   3.5   6.8  0.00   4.2  18.0  10:30p    SW
 9  75.1  85.3   4:00p  67.4  11:30p   0.0  10.1  0.54   5.7  27.0   7:30p   WSW
10  72.2  81.0   5:30p  64.5   5:30a   0.0   7.2  0.01   2.8  13.0   7:30p     W
11  73.3  82.8   5:30p  64.5  12:00m   0.0   8.3  0.00   3.0  16.0   2:30p     W
12  66.1  72.7   1:00p  62.7  11:00p   0.4   1.5  0.17   2.3  12.0   9:30a   SSE
13  67.8  76.9   7:00p  60.8   3:30a   1.0   3.9  0.00   1.9  11.0   1:30p   WSW
14  69.1  78.4   4:30p  60.8   6:00a   0.7   4.8  0.00   3.8  17.0   2:00a    SW
15  64.0  68.8   3:00p  58.8   5:30a   1.6   0.6  0.38   1.6  10.0   2:30p   ESE
16  70.7  81.6   3:30p  62.7   1:00a   0.2   6.0  0.15   3.7  20.0   8:00a     N
17  68.3  79.5   2:30p  58.5   6:00a   1.7   5.0  0.00   5.0  18.0  12:00p   WSW
18  68.8  80.4   3:00p  60.3   6:30a   1.0   4.8  0.00   2.9  14.0   4:00p   WSW
19  70.6  82.6   3:30p  62.2   6:30a   0.2   5.9  0.13   3.2  19.0   5:00p   WSW
20  65.8  73.7   3:30p  53.2  12:00m   1.7   2.5  0.07   4.3  18.0   1:00p    NW
21  60.0  67.8   4:00p  49.7   6:00a   5.5   0.5  0.00   1.6   8.0   9:30a     E
22  62.9  64.6   7:30p  59.9  12:00m   2.1   0.0  6.68   5.5  24.0   1:00p     E
23  58.6  61.9   2:30p  57.0  10:30p   6.4   0.0  1.29   7.3  22.0   1:00a     E
24  61.6  67.4  12:00p  55.2   4:30a   3.8   0.3  0.03   2.3  17.0  12:30p     E
25  63.5  67.3   5:30p  60.0   6:30a   1.9   0.4  0.03   1.2  12.0  12:00m   ESE
26  63.5  69.3  12:30p  56.2  12:00m   2.4   0.8  0.01   7.4  26.0   2:00p     W
27  59.6  68.8   4:00p  50.9   5:30a   6.1   0.6  0.00   5.8  20.0  12:30p     W
28  64.5  78.2   4:30p  51.5   6:30a   4.3   3.8  0.00   4.4  14.0   2:00p     W
29  70.6  82.4   2:30p  60.6   6:00a   0.8   6.4  0.00   6.0  17.0  12:30a   WSW
30  72.4  84.1   3:30p  59.4   6:00a   0.9   8.3  0.00   5.1  17.0   3:00p   WSW
31  76.6  87.2   3:30p  68.3   6:30a   0.0  11.6  0.00   4.8  16.0  12:30a     W
-------------------------------------------------------------------------------------
    68.0  87.4     4    49.7    21    54.1 146.4  9.87   4.4  31.0     6     WSW

Max >=  90.0:  0
Max <=  32.0:  0
Min <=  32.0:  0
Min <=   0.0:  0
Max Rain: 6.68 ON 08/22/10
Days of Rain: 12 (>.01 in) 8 (>.1 in) 2 (>1 in)
Heat Base:  65.0  Cool Base:  65.0  Method: Integration