NOAA-Style Climate Report Archive

for Hessville, NY - Since March 2004

(Reports Generated by WeatherLink)

Report for 2010 July
                   MONTHLY CLIMATOLOGICAL SUMMARY for JUL. 2010

NAME: Indian Trail Weather   CITY: Hessville   STATE: New York 
ELEV:  1041 ft  LAT:  42° 51' 52" N  LONG:  74° 43' 15" W

                   TEMPERATURE (°F), RAIN  (in), WIND SPEED (mph)

                                      HEAT  COOL        AVG
    MEAN                              DEG   DEG         WIND                 DOM
DAY TEMP  HIGH   TIME   LOW    TIME   DAYS  DAYS  RAIN  SPEED HIGH   TIME    DIR
------------------------------------------------------------------------------------
 1  58.5  65.4   1:30p  52.6   6:00a   6.5   0.0  0.01   8.6  27.0   4:30p    NW
 2  63.0  74.1   4:30p  50.0   6:00a   4.4   2.4  0.00   6.0  20.0   2:00p     W
 3  69.3  84.5   5:00p  52.5   5:00a   2.8   7.1  0.00   4.5  14.0   6:30a     W
 4  73.7  84.5   5:30p  62.1   3:00a   0.3   9.0  0.00   5.5  19.0  12:30p    NW
 5  78.6  90.0   5:00p  64.6   1:30a   0.0  13.6  0.00   4.6  18.0   1:30p    NW
 6  81.6  90.6   3:30p  72.5   4:00a   0.0  16.6  0.00   4.5  14.0   2:00p     W
 7  80.4  91.1   5:00p  70.1   5:00a   0.0  15.4  0.00   4.2  12.0   1:30p   WSW
 8  81.4  91.7   4:00p  72.0   6:30a   0.0  16.4  0.00   4.0  18.0   7:30p     W
 9  77.3  86.0   4:30p  69.9  12:00m   0.0  12.3  0.01   4.4  25.0  11:00p   SSW
10  71.9  81.6   4:00p  65.8   6:00a   0.0   6.9  0.44   3.1  17.0   4:30a    NW
11  72.3  82.4   3:30p  63.0   5:30a   0.3   7.6  0.00   4.1  14.0   5:30p     W
12  73.8  86.6   2:30p  59.9   5:30a   0.8   9.6  0.02   5.0  22.0   3:00p    SW
13  71.9  82.6   3:30p  66.4   7:30a   0.0   6.9  0.11   3.6  19.0   6:00a   ESE
14  72.4  80.8   3:00p  66.3   6:30a   0.0   7.4  0.00   1.4  13.0   4:30p     W
15  74.9  85.5   4:00p  65.0   5:00a   0.0   9.9  0.00   1.9  14.0   1:30p     W
16  76.0  83.9   2:00p  67.8  12:00m   0.0  11.0  0.05   5.9  26.0  11:00a   WSW
17  74.5  87.0   3:30p  65.9  12:00m   0.0   9.5  0.15   8.1  32.0   8:00p   WSW
18  71.4  79.9   3:00p  63.5  11:30p   0.1   6.4  0.02   6.5  24.0   9:00a   WSW
19  70.8  82.0   1:00p  62.4   2:00a   0.4   6.1  0.10   4.5  29.0   5:30p     W
20  70.6  78.8   5:00p  65.4   1:30a   0.0   5.6  0.01   3.4  17.0   3:30p     W
21  71.7  84.3   3:00p  61.7  10:00p   0.6   7.4  0.06   5.0  26.0   9:00p   WSW
22  69.1  76.9   4:00p  61.7  12:00m   0.4   4.5  0.00   8.2  25.0  10:30a     W
23  63.4  65.1   3:00p  61.7  12:30a   1.6   0.0  1.31   2.0  14.0  11:30a   SSW
24  75.0  84.9   2:30p  63.0   1:00a   0.2  10.0  0.81   3.8  32.0  12:00m     W
25  70.2  75.1   5:00p  61.9  11:30p   0.2   5.5  0.01   7.3  21.0  12:30a    NW
26  68.5  76.4   4:00p  60.0   6:00a   1.1   4.6  0.00   8.5  28.0   2:30p     W
27  71.6  82.2   4:00p  59.7   6:00a   0.5   7.2  0.00   4.1  19.0  12:30a     W
28  74.7  84.5   4:00p  62.5   2:30a   0.2   9.9  0.00   7.6  30.0  11:00p    SW
29  70.5  75.8   3:00p  61.3  12:00m   0.3   5.8  0.04   7.3  21.0   3:30p    NW
30  64.3  73.7   3:00p  55.5   5:00a   3.1   2.4  0.00   4.7  21.0  12:00p    NW
31  60.8  73.2   4:30p  47.2   4:00a   6.1   1.9  0.00   1.8  12.0   1:30p   WSW
-------------------------------------------------------------------------------------
    71.7  91.7     8    47.2    31    29.9 238.9  3.15   5.0  32.0    17       W

Max >=  90.0:  4
Max <=  32.0:  0
Min <=  32.0:  0
Min <=   0.0:  0
Max Rain: 1.31 ON 07/23/10
Days of Rain: 11 (>.01 in) 5 (>.1 in) 1 (>1 in)
Heat Base:  65.0  Cool Base:  65.0  Method: Integration