NOAA-Style Climate Report Archive

for Hessville, NY - Since March 2004

(Reports Generated by WeatherLink)

Report for 2010 June
                   MONTHLY CLIMATOLOGICAL SUMMARY for JUN. 2010

NAME: Indian Trail Weather   CITY: Hessville   STATE: New York 
ELEV:  1041 ft  LAT:  42° 51' 52" N  LONG:  74° 43' 15" W

                   TEMPERATURE (°F), RAIN  (in), WIND SPEED (mph)

                                      HEAT  COOL        AVG
    MEAN                              DEG   DEG         WIND                 DOM
DAY TEMP  HIGH   TIME   LOW    TIME   DAYS  DAYS  RAIN  SPEED HIGH   TIME    DIR
------------------------------------------------------------------------------------
 1  67.7  72.9   4:30p  63.3  11:00p   0.1   1.9  0.46   3.9  24.0   2:30p    NW
 2  73.4  82.0   4:00p  56.6   5:00a   0.3   6.3  0.00   3.0  17.0   2:00p     W
 3  66.7  72.9   6:30p  59.1  12:00m   1.1   2.8  0.19   5.0  21.0  11:00a     W
 4  68.2  77.8   4:00p  59.4   6:00a   1.3   4.5  0.01   3.0  14.0  11:30a     N
 5  70.1  80.1   3:00p  61.0   5:00a   0.5   4.1  1.03   5.6  26.0  12:30p     W
 6  58.4  75.7  12:30p  50.1  12:00m   6.4   0.7  0.51   6.6  33.0   3:00p    NW
 7  56.4  65.9   3:30p  47.5   4:00a   8.6   0.0  0.00   8.0  26.0   1:00p    NW
 8  55.5  64.3   5:30p  47.9   4:30a   9.3   0.0  0.02   7.2  33.0   2:30p     W
 9  49.2  51.8   3:00p  44.1   4:00a  15.8   0.0  0.37   3.6  14.0  12:30a   ESE
10  57.7  65.8   3:00p  51.0   5:30a   7.3   0.0  0.38   4.3  24.0   3:30p    NW
11  62.4  74.8   4:30p  49.7   5:00a   4.9   2.3  0.00   3.5  14.0   5:00p     W
12  58.0  61.7   2:00p  53.7   5:00a   7.0   0.0  1.60   3.0  11.0  10:00a     E
13  60.5  63.7   5:30p  58.5   5:00a   4.1   0.0  0.02   2.7  10.0   1:00p   ESE
14  64.9  73.6   4:00p  59.2   4:30a   1.3   1.3  0.00   2.8  16.0   3:30p    NW
15  63.8  77.1   5:00p  51.8   4:30a   4.6   3.4  0.00   3.3  12.0   5:00a     N
16  59.3  68.4   6:30p  52.8   1:30a   6.1   0.4  0.35   3.4  22.0   5:00p   SSE
17  61.3  68.3   6:30p  55.6   7:00a   4.0   0.3  0.08   8.6  28.0  12:00p    NW
18  67.8  81.2   5:30p  53.8   4:00a   2.8   5.6  0.00   4.1  13.0  12:30a   WSW
19  72.7  84.3   4:00p  58.9   4:30a   1.1   8.8  0.00   6.1  21.0  10:00p    SW
20  72.8  79.3   5:00p  64.8  12:00m   0.0   7.8  0.25   6.4  25.0   5:00p     W
21  68.3  76.9   4:00p  60.2  11:00p   0.7   4.0  0.00   6.4  20.0   2:30a    NW
22  64.4  73.7   1:00p  54.7   4:00a   2.8   2.2  1.55   2.3  20.0  10:00p    SW
23  71.2  78.6   5:00p  64.2  12:30a   0.0   6.2  0.18   5.8  22.0  12:30p    NW
24  73.9  80.1  12:30p  62.9  12:00m   0.1   9.0  0.05   9.4  32.0   5:00p   WSW
25  68.4  77.3   3:30p  60.3   5:30a   1.1   4.6  0.00   4.6  17.0   2:00p     W
26  64.3  72.9  12:00p  56.5   5:30a   2.3   1.6  0.03   3.3  17.0  12:30p   WSW
27  69.2  81.6   5:30p  57.9   5:30a   2.0   6.2  0.03   1.4  14.0  12:00m     W
28  73.8  79.3   3:30p  66.9  10:30p   0.0   8.8  0.70   7.2  31.0   8:00a   WSW
29  64.4  70.3   2:30p  54.1  12:00m   1.7   1.1  0.00   7.0  26.0   4:00p     W
30  57.5  65.8   4:00p  48.5   4:30a   7.5   0.0  0.00   8.3  28.0   1:30p     W
-------------------------------------------------------------------------------------
    64.7  84.3    19    44.1     9   104.8  93.9  7.81   5.0  33.0     6       W

Max >=  90.0:  0
Max <=  32.0:  0
Min <=  32.0:  0
Min <=   0.0:  0
Max Rain: 1.60 ON 06/12/10
Days of Rain: 18 (>.01 in) 12 (>.1 in) 3 (>1 in)
Heat Base:  65.0  Cool Base:  65.0  Method: Integration