NOAA-Style Climate Report Archive

for Hessville, NY - Since March 2004

(Reports Generated by WeatherLink)

Report for 2010 May
                   MONTHLY CLIMATOLOGICAL SUMMARY for MAY. 2010

NAME: Indian Trail Weather   CITY: Hessville   STATE: New York 
ELEV:  1041 ft  LAT:  42° 51' 52" N  LONG:  74° 43' 15" W

                   TEMPERATURE (°F), RAIN  (in), WIND SPEED (mph)

                                      HEAT  COOL        AVG
    MEAN                              DEG   DEG         WIND                 DOM
DAY TEMP  HIGH   TIME   LOW    TIME   DAYS  DAYS  RAIN  SPEED HIGH   TIME    DIR
------------------------------------------------------------------------------------
 1  69.0  81.4   4:00p  53.7   1:00a   1.7   4.7  0.00   2.0  10.0  12:30p   ENE
 2  72.5  84.3   2:00p  59.9   7:00a   0.8   8.0  0.00   4.1  21.0   2:30p   WSW
 3  66.8  71.7  10:30a  56.6  12:00m   1.1   2.9  0.14   9.2  34.0   2:30p   WNW
 4  56.6  65.9   1:30p  50.0   2:30p   8.0   0.0  0.12   7.2  43.0   2:00p   WSW
 5  62.8  76.6   4:00p  43.6   6:00a   5.1   3.1  0.00   7.2  28.0  11:00p    SW
 6  57.2  66.6  12:30a  46.7  11:30p   7.9   0.1  0.21  11.1  38.0   5:00p   WNW
 7  50.7  61.9   5:30p  39.3   5:30a  14.3   0.0  0.00   6.4  21.0  12:00p     W
 8  46.3  60.0   2:00p  34.6  12:00m  18.7   0.0  0.93  10.3  41.0   5:00p     W
 9  35.0  39.8   2:00p  30.9   5:30a  30.0   0.0  0.03  13.5  34.0  12:30p   WNW
10  41.0  50.6   3:30p  33.3   5:00a  24.0   0.0  0.00   9.8  31.0   9:30a   WNW
11  43.7  52.5   2:30p  29.0   5:30a  21.3   0.0  0.00   4.2  20.0  11:30p   ESE
12  40.8  46.9   7:30p  37.2  10:00p  24.2   0.0  0.24   4.6  21.0  12:30a     E
13  49.5  62.2   3:30p  34.2   6:00a  15.5   0.0  0.01   3.0  16.0  11:30p     W
14  55.8  75.3   6:00p  45.5   6:00a  10.4   1.2  0.65   3.4  22.0   7:00p   ESE
15  52.1  57.0   4:30p  43.2  12:00m  12.9   0.0  0.00  11.2  37.0   4:00a     W
16  56.2  68.3   4:30p  43.2  12:30a   9.2   0.4  0.00   7.1  22.0   5:30p   WNW
17  58.3  71.1   4:00p  45.0   5:30a   7.8   1.3  0.00   3.6  16.0   6:30a     W
18  55.6  62.5   1:30p  48.5  10:30p   5.5   0.0  0.02   2.4  33.0   2:00p   SSE
19  54.4  60.3   4:30p  51.0   9:30a   5.5   0.0  0.12   1.4  12.0   6:00p   WSW
20  63.8  77.6   3:00p  48.5   3:30a   5.0   3.8  0.00   6.6  24.0   4:30p     W
21  68.3  83.0   4:00p  53.7   6:00a   2.6   5.4  0.00   2.3  12.0   4:30p     W
22  66.9  78.0   2:00p  57.1   6:30a   2.1   3.6  0.00   4.9  26.0   4:30p    SE
23  64.4  74.8   3:00p  54.9   6:30a   3.5   3.0  0.00   2.6  17.0  12:30p     E
24  66.7  80.6   4:30p  52.3   5:30a   2.9   4.5  0.00   2.8  13.0   1:30p   ENE
25  73.8  85.7   4:00p  60.0   6:00a   0.5   8.9  0.00   4.7  16.0  10:30a     W
26  75.6  88.0   4:00p  63.0   4:30a   0.2  10.8  0.00   7.6  24.0   4:00p    NW
27  70.9  79.1   2:00p  61.9   6:00a   0.2   6.0  0.00   4.1  24.0   4:00p   WSW
28  63.3  72.7   2:00p  52.8   6:00a   3.7   2.0  0.00   2.7  13.0   2:00p     E
29  67.0  78.6   4:30p  56.6   6:30a   2.4   4.3  0.02   4.5  19.0   7:00p   WSW
30  66.8  76.4   3:30p  57.1   5:30a   2.1   3.9  0.00   6.3  22.0   2:00p    NW
31  68.5  81.8   4:30p  52.9   6:00a   2.5   5.7  0.00   4.4  16.0  10:00p   ENE
-------------------------------------------------------------------------------------
    59.4  88.0    26    29.0    11   251.6  83.6  2.49   5.7  43.0     4       W

Max >=  90.0:  0
Max <=  32.0:  0
Min <=  32.0:  2
Min <=   0.0:  0
Max Rain: 0.93 ON 05/08/10
Days of Rain: 10 (>.01 in) 7 (>.1 in) 0 (>1 in)
Heat Base:  65.0  Cool Base:  65.0  Method: Integration