NOAA-Style Climate Report Archive

for Hessville, NY - Since March 2004

(Reports Generated by WeatherLink)

Report for 2010 April
                   MONTHLY CLIMATOLOGICAL SUMMARY for APR. 2010

NAME: Indian Trail Weather   CITY: Hessville   STATE: New York 
ELEV:  1041 ft  LAT:  42° 51' 52" N  LONG:  74° 43' 15" W

                   TEMPERATURE (°F), RAIN  (in), WIND SPEED (mph)

                                      HEAT  COOL        AVG
    MEAN                              DEG   DEG         WIND                 DOM
DAY TEMP  HIGH   TIME   LOW    TIME   DAYS  DAYS  RAIN  SPEED HIGH   TIME    DIR
------------------------------------------------------------------------------------
 1  50.7  67.4   5:30p  39.8   7:00a  14.4   0.1  0.00   0.0  11.0  11:30a     S
 2  60.0  78.0   4:30p  43.3   7:00a   7.9   2.9  0.00   0.0   0.0     ---   ---
 3  64.1  81.8   3:30p  47.6   6:30a   4.9   4.0  0.00   0.0   0.0     ---   ---
 4  55.3  63.5  12:30a  43.1  12:00m   9.7   0.0  0.00   0.0   0.0     ---   ---
 5  53.0  72.3   2:00p  35.9   6:00a  12.6   0.7  0.00   0.0   0.0     ---   ---
 6  50.3  58.0   1:30a  44.5   6:30a  14.7   0.0  0.29   0.1   7.0   9:00p     N
 7  62.4  78.9   2:30p  43.8   4:00a   5.9   3.3  0.01   0.0   5.0   4:30a     N
 8  61.1  82.0   5:00p  48.8   4:00a   7.4   3.5  0.27   1.7  26.0  10:00p     N
 9  40.7  49.7  12:30a  33.0  10:30p  24.3   0.0  0.05   9.1  27.0  11:00a     N
10  40.9  52.1   5:30p  32.1   1:00a  24.1   0.0  0.01   8.8  36.0  11:00a     N
11  51.0  57.1   4:00p  43.8  11:30p  14.0   0.0  0.00   5.2  31.0  10:00a     N
12  45.3  53.8   2:30p  36.2   6:30a  19.7   0.0  0.00   3.0  22.0  10:30a     N
13  46.5  57.0   6:00p  36.2   2:30a  18.5   0.0  0.00   0.0   0.0     ---   ---
14  49.4  59.7   2:30p  34.0   5:00a  13.7   0.0  0.00   0.0   0.0     ---   ---
15  50.2  61.6   2:30p  41.2   6:30a  14.8   0.0  0.05   0.0  18.0   3:00p     N
16  45.7  55.9   1:30p  39.2   6:30a  19.3   0.0  0.69   0.0   0.0     ---   ---
17  39.3  42.1  12:30a  36.8   9:30a  25.7   0.0  0.08   0.0   0.0     ---   ---
18  41.1  48.6   5:30p  34.9   5:30a  23.9   0.0  0.04   0.0   0.0     ---   ---
19  47.5  57.0   4:30p  39.3   3:30a  17.5   0.0  0.00   0.0   0.0     ---   ---
20  51.7  64.0   5:00p  39.3   4:00a  13.3   0.0  0.00   1.7  16.0   5:30p   WNW
21  53.4  67.8   3:30p  39.6   6:30a  11.7   0.1  0.00   4.4  28.0   6:00p   WSW
22  47.0  54.3   9:30a  36.8  12:00m  18.0   0.0  0.00   7.8  28.0   5:00p     N
23  43.8  56.0   3:30p  33.4   4:30a  19.9   0.0  0.00   8.3  24.0  11:30a     W
24  50.8  65.3   3:00p  34.5   6:30a  14.2   0.0  0.00   3.7  16.0   1:00a   WSW
25  51.1  55.3   2:30p  46.4  12:00m  13.9   0.0  0.06   3.9  16.0   2:30a   ESE
26  48.3  55.2   1:00p  45.0   6:00a  16.7   0.0  0.26   2.3  14.0   1:30p     S
27  40.4  45.7  12:30a  32.2  10:30p  24.6   0.0  0.02   8.7  30.0   6:00p   NNW
28  41.1  51.5   5:30p  33.3   1:30a  23.9   0.0  0.02  14.0  32.0   5:30a    NW
29  47.1  56.3   2:30p  37.3   6:00a  17.9   0.0  0.00  13.7  37.0  11:30a     W
30  56.4  66.6   4:30p  45.0   6:00a   8.2   0.1  0.00   5.8  22.0   3:00a     W
-------------------------------------------------------------------------------------
    49.5  82.0     8    32.1    10   475.3  14.7  1.85   3.4  37.0    29       N

Max >=  90.0:  0
Max <=  32.0:  0
Min <=  32.0:  0
Min <=   0.0:  0
Max Rain: 0.69 ON 04/16/10
Days of Rain: 11 (>.01 in) 4 (>.1 in) 0 (>1 in)
Heat Base:  65.0  Cool Base:  65.0  Method: Integration