NOAA-Style Climate Report Archive

for Hessville, NY - Since March 2004

(Reports Generated by WeatherLink)

Report for 2010 March
                   MONTHLY CLIMATOLOGICAL SUMMARY for MAR. 2010

NAME: Indian Trail Weather   CITY: Hessville   STATE: New York 
ELEV:  1041 ft  LAT:  42° 51' 52" N  LONG:  74° 43' 15" W

                   TEMPERATURE (°F), RAIN  (in), WIND SPEED (mph)

                                      HEAT  COOL        AVG
    MEAN                              DEG   DEG         WIND                 DOM
DAY TEMP  HIGH   TIME   LOW    TIME   DAYS  DAYS  RAIN  SPEED HIGH   TIME    DIR
------------------------------------------------------------------------------------
 1  33.0  36.9   1:30p  30.6   2:00a  32.0   0.0  0.00  12.1  28.0   9:00a     N
 2  34.9  42.8  12:30p  28.8   8:00a  30.1   0.0  0.00   3.9  19.0  12:30a     N
 3  33.9  37.6  11:30a  30.8   6:00a  31.1   0.0  0.01   3.5  19.0   6:00p     N
 4  32.1  38.6   2:00p  26.5   7:30a  32.9   0.0  0.00   8.7  24.0   4:00p     N
 5  30.8  37.8   1:00p  23.5   7:00a  34.2   0.0  0.00   8.0  24.0   3:30p     N
 6  30.4  40.8   1:30p  20.8   6:30a  34.6   0.0  0.00   9.2  25.0  12:30p     N
 7  35.7  43.9   3:30p  27.5   7:30a  29.3   0.0  0.00   3.8  27.0  11:00a     N
 8  37.2  43.6   3:00p  29.7   7:00a  27.8   0.0  0.00   0.0   0.0     ---   ---
 9  37.5  46.7   4:30p  31.2   6:30a  27.6   0.0  0.00   0.0   0.0     ---   ---
10  37.1  47.0   4:00p  22.8   6:30a  27.9   0.0  0.00   0.0   0.0     ---   ---
11  39.1  42.5   4:00p  36.3   5:30a  25.9   0.0  0.00   0.0   0.0     ---   ---
12  39.2  43.5   3:30p  35.8   6:00a  25.8   0.0  0.00   0.0   0.0     ---   ---
13  34.5  38.3  12:30a  31.8  11:30p  30.5   0.0  0.17   0.0   0.0     ---   ---
14  37.3  41.3   4:00p  31.7  12:30a  24.8   0.0  0.34   0.2  11.0  10:30p     N
15  40.5  45.1   5:30p  37.5  12:30a  24.5   0.0  0.02   1.0  24.0   3:30p     N
16  44.0  54.6   4:00p  32.2   7:30a  21.0   0.0  0.00   0.0   0.0     ---   ---
17  44.1  54.6   4:00p  35.0   7:00a  20.9   0.0  0.00   0.0   0.0     ---   ---
18  48.1  58.8   5:00p  40.1   7:00a  16.9   0.0  0.00   0.0   0.0     ---   ---
19  48.8  60.3   4:30p  39.6   6:30a  16.2   0.0  0.00   0.0   0.0     ---   ---
20  48.0  57.7   3:00p  38.9  11:00p  17.0   0.0  0.00   0.0   0.0     ---   ---
21  43.1  55.3   5:30p  30.6   7:30a  21.9   0.0  0.00   0.0   0.0     ---   ---
22  40.6  45.2   1:30p  37.9   8:00a  24.4   0.0  0.93   0.0   0.0     ---   ---
23  40.4  44.5   6:30p  33.1  11:30p  24.1   0.0  0.46   0.0   0.0     ---   ---
24  37.7  46.9   5:00p  31.5   1:30a  26.7   0.0  0.00   0.0   0.0     ---   ---
25  41.8  58.3   1:30p  33.1   5:30a  23.2   0.0  0.24   0.0   1.0   6:00p   NNE
26  29.7  36.2  12:30a  21.5  12:00m  35.3   0.0  0.02   0.0   0.0     ---   ---
27  26.6  38.2   5:30p  15.1   7:00a  38.4   0.0  0.00   0.0   0.0     ---   ---
28  33.7  43.8   3:30p  23.4   7:00a  31.3   0.0  0.09   0.0   0.0     ---   ---
29  42.7  52.1   3:30p  37.8  12:30a  22.4   0.0  0.20   0.0   0.0     ---   ---
30  37.8  40.1   5:30p  35.2   6:30a  27.2   0.0  1.96   0.0   0.0     ---   ---
31  41.7  47.0   6:30p  38.3   7:30a  23.3   0.0  0.07   0.0   0.0     ---   ---
-------------------------------------------------------------------------------------
    38.1  60.3    19    15.1    27   829.2   0.0  4.51   1.6  28.0     1       N

Max >=  90.0:  0
Max <=  32.0:  0
Min <=  32.0: 17
Min <=   0.0:  0
Max Rain: 1.96 ON 03/30/10
Days of Rain: 11 (>.01 in) 7 (>.1 in) 1 (>1 in)
Heat Base:  65.0  Cool Base:  65.0  Method: Integration