NOAA-Style Climate Report Archive

for Hessville, NY - Since March 2004

(Reports Generated by WeatherLink)

Report for 2010 February
                   MONTHLY CLIMATOLOGICAL SUMMARY for FEB. 2010

NAME: Indian Trail Weather   CITY: Hessville   STATE: New York 
ELEV:  1041 ft  LAT:  42° 51' 52" N  LONG:  74° 43' 15" W

                   TEMPERATURE (°F), RAIN  (in), WIND SPEED (mph)

                                      HEAT  COOL        AVG
    MEAN                              DEG   DEG         WIND                 DOM
DAY TEMP  HIGH   TIME   LOW    TIME   DAYS  DAYS  RAIN  SPEED HIGH   TIME    DIR
------------------------------------------------------------------------------------
 1  19.4  22.9   3:00p  16.5   9:00a  45.6   0.0  0.00   0.8  24.0   5:30a     N
 2  20.3  27.2   2:30p  16.0   7:30a  44.7   0.0  0.01   0.3  11.0   2:30a     N
 3  23.0  28.5   3:00p  18.1   5:30a  42.0   0.0  0.02   0.0   2.0   4:00a     N
 4  19.5  24.4  12:30a  12.1   7:30a  45.5   0.0  0.00   2.3  26.0   1:30a     N
 5  22.9  27.2  12:00p  18.9   6:30a  42.1   0.0  0.00   1.8  19.0   6:00a     N
 6  15.6  24.0   3:30p   9.0  12:00m  49.4   0.0  0.00   0.0   0.0     ---   ---
 7  12.3  18.9   9:30p   6.6   7:30a  52.7   0.0  0.00   0.0   0.0     ---   ---
 8  16.4  20.4  12:00m  11.1   6:00a  48.6   0.0  0.00   0.0   0.0     ---   ---
 9  20.4  25.4   3:30p  15.9   6:30a  44.6   0.0  0.00   0.0   0.0     ---   ---
10  25.1  30.6   6:00p  20.6   8:30a  39.9   0.0  0.02   3.1  25.0   9:30p     N
11  21.5  26.0  12:30a  16.3   7:30a  43.5   0.0  0.00   5.6  31.0   2:00p     N
12  21.0  27.8   2:30p  16.0  12:00m  44.0   0.0  0.00   0.0  20.0  12:00p     N
13  17.3  21.5   2:00p  12.1   3:00a  47.7   0.0  0.00   0.0   0.0     ---   ---
14  24.4  28.4   1:00p  20.9   6:00a  40.6   0.0  0.00   0.0   0.0     ---   ---
15  25.6  32.7   4:30p  17.9   9:00p  39.4   0.0  0.01   0.2  16.0   3:00p     N
16  25.0  28.3  12:30p  21.2   1:30a  40.0   0.0  0.03   0.0   0.0     ---   ---
17  26.6  29.7  12:00p  24.4   3:00a  38.4   0.0  0.00   0.6  21.0   5:00p     N
18  27.9  30.9   2:30p  25.7  12:00m  37.1   0.0  0.00   0.0   0.0     ---   ---
19  29.1  31.5   2:00p  25.4   1:00a  35.9   0.0  0.01   3.5  41.0   2:30p     N
20  30.3  31.5  12:30p  29.0   7:00a  34.7   0.0  0.00   2.1  27.0   7:30p     N
21  25.0  30.3  12:30a  22.5   9:30a  40.0   0.0  0.00   3.2  34.0   6:00a     N
22  28.8  36.2   4:30p  17.8   6:30a  36.2   0.0  0.05   0.0   0.0     ---   ---
23  30.9  32.1   9:00a  29.9   1:00a  34.1   0.0  0.32   2.6  18.0  10:30a     N
24  32.0  34.5   1:00p  30.6   5:30a  33.0   0.0  0.49   1.0   8.0  11:30a     N
25  30.1  32.1   1:30p  27.1   9:30p  34.9   0.0  0.94   1.6  22.0  10:30p     N
26  31.2  34.8   7:30a  29.1  12:30a  33.8   0.0  0.81   8.1  31.0   7:30a     N
27  32.1  39.5   2:30p  29.7   6:00a  32.9   0.0  0.22   2.5  11.0   2:30a     N
28  32.4  38.1   2:30p  29.6   4:00a  32.6   0.0  0.12   4.3  26.0   9:30p     N
-------------------------------------------------------------------------------------
    24.5  39.5    27     6.6     7  1133.9   0.0  3.05   1.6  41.0    19       N

Max >=  90.0:  0
Max <=  32.0: 20
Min <=  32.0: 28
Min <=   0.0:  0
Max Rain: 0.94 ON 02/25/10
Days of Rain: 10 (>.01 in) 6 (>.1 in) 0 (>1 in)
Heat Base:  65.0  Cool Base:  65.0  Method: Integration