NOAA-Style Climate Report Archive

for Hessville, NY - Since March 2004

(Reports Generated by WeatherLink)

Report for 2010 January
                   MONTHLY CLIMATOLOGICAL SUMMARY for JAN. 2010

NAME: Indian Trail Weather   CITY: Hessville   STATE: New York 
ELEV:  1041 ft  LAT:  42° 51' 52" N  LONG:  74° 43' 15" W

                   TEMPERATURE (°F), RAIN  (in), WIND SPEED (mph)

                                      HEAT  COOL        AVG
    MEAN                              DEG   DEG         WIND                 DOM
DAY TEMP  HIGH   TIME   LOW    TIME   DAYS  DAYS  RAIN  SPEED HIGH   TIME    DIR
------------------------------------------------------------------------------------
 1  28.1  34.0  11:00a  23.8  12:00m  36.9   0.0  0.01   2.5  24.0   8:00p     N
 2  15.2  23.8  12:30a   7.3  12:00m  49.8   0.0  0.00   0.1  17.0   4:00a     N
 3   8.8  13.6  11:00p   5.3   9:30a  56.2   0.0  0.00  10.6  36.0   7:30a     N
 4  13.8  17.6   3:00p   8.7  12:00m  51.2   0.0  0.00   5.7  25.0  11:30a     N
 5  14.9  19.8   3:00p   7.8   2:00a  50.1   0.0  0.00   0.0   0.0     ---   ---
 6  18.0  22.0  12:00m  13.4   5:30a  47.0   0.0  0.00   0.0   0.0     ---   ---
 7  23.2  25.3   3:30p  21.9   2:00a  41.8   0.0  0.00   1.3  24.0   2:30p     N
 8  16.7  22.3  12:30a  10.4  12:00m  48.3   0.0  0.03   0.4  10.0  12:30a     N
 9   7.9  11.3   3:00a   2.2   9:00p  57.1   0.0  0.00   0.8  24.0   1:30p     N
10  10.5  18.7   3:00p   0.7   4:30a  54.5   0.0  0.00   0.0  12.0   4:00p     N
11  19.5  22.9   4:00p  16.0   6:30a  45.5   0.0  0.00   0.0   0.0     ---   ---
12  16.6  20.4   4:30a   9.2  12:00m  48.4   0.0  0.00   0.0   0.0     ---   ---
13  16.9  25.9   7:00p   7.8   3:00a  48.1   0.0  0.00   0.0   0.0     ---   ---
14  30.1  37.2   4:00p  22.5   3:30a  34.9   0.0  0.00   0.8  14.0  12:30p     N
15  34.6  36.8   3:30a  32.1  10:00p  30.4   0.0  0.02   1.6  25.0   5:00p     N
16  31.0  36.3   2:30p  24.0  12:00m  34.0   0.0  0.00   0.0   0.0     ---   ---
17  28.6  35.0   2:30p  22.3   3:00a  36.4   0.0  0.16   0.0   0.0     ---   ---
18  32.8  37.0   2:00p  30.3  12:00m  32.2   0.0  0.09   0.0   1.0   3:00a     N
19  30.7  35.6  12:00p  27.1  10:00p  34.3   0.0  0.05   0.0   1.0  11:00a     N
20  28.9  33.6   2:30p  25.3   2:30a  36.1   0.0  0.00   0.0   0.0     ---   ---
21  24.3  33.1   3:00p  16.8  11:00p  40.7   0.0  0.00   0.0   0.0     ---   ---
22  23.2  38.8   3:30p  12.1   8:30a  41.8   0.0  0.00   0.0   0.0     ---   ---
23  20.2  31.7   3:30p   7.4   7:00a  44.8   0.0  0.00   0.0   0.0     ---   ---
24  24.1  33.4  11:30p  14.9   6:00a  40.9   0.0  0.04   0.2   7.0  11:30p     N
25  41.6  55.7  11:00a  33.3  12:30a  23.4   0.0  0.61   3.9  37.0  11:30a     N
26  31.2  34.9  12:00p  27.5  11:00p  33.8   0.0  0.00   0.7  27.0  12:30p     N
27  27.7  30.2  11:00a  20.6  10:30p  37.3   0.0  0.00   0.0   0.0     ---   ---
28  21.0  33.3  12:30p   7.4  12:00m  44.0   0.0  0.04   0.0   0.0     ---   ---
29   4.0   8.2   2:00p  -1.0  12:00m  61.0   0.0  0.01   9.4  43.0  12:30a     N
30   0.2  10.7   2:00p  -8.7   7:00a  64.8   0.0  0.00   4.0  19.0  12:30a     N
31  11.6  22.3   2:30p  -0.5   2:30a  53.4   0.0  0.00   1.0  21.0   6:00p     N
-------------------------------------------------------------------------------------
    21.2  55.7    25    -8.7    30  1359.1   0.0  1.06   1.4  43.0    29       N

Max >=  90.0:  0
Max <=  32.0: 17
Min <=  32.0: 29
Min <=   0.0:  3
Max Rain: 0.61 ON 01/25/10
Days of Rain: 8 (>.01 in) 2 (>.1 in) 0 (>1 in)
Heat Base:  65.0  Cool Base:  65.0  Method: Integration