NOAA-Style Climate Report Archive

for Hessville, NY - Since March 2004

(Reports Generated by WeatherLink)

Report for 2010
                            ANNUAL CLIMATOLOGICAL SUMMARY

NAME: Indian Trail Weather  CITY: Hessville   STATE: New York  
ELEV:  1041 ft  LAT:  42° 51' 52" N  LONG:  74° 43' 15" W

               TEMPERATURE (°F), HEAT BASE 65.0, COOL BASE 65.0
                          DEP.  HEAT  COOL                                          
        MEAN  MEAN        FROM  DEG   DEG                        MAX  MAX  MIN  MIN 
 YR MO  MAX   MIN   MEAN  NORM  DAYS  DAYS  HI  DATE  LOW  DATE  >=90 <=32 <=32 <=0 
------------------------------------------------------------------------------------
 10  1  27.8  14.4  21.2   0.7  1359     0  55.7  25  -8.7   30    0   17   29    3
 10  2  29.1  20.4  24.5   1.2  1134     0  39.5  27   6.6    7    0   20   28    0
 10  3  45.8  31.2  38.1   6.7   829     0  60.3  19  15.1   27    0    0   17    0
 10  4  60.5  39.2  49.5   5.2   475    15  82.0   8  32.1   10    0    0    0    0
 10  5  70.0  48.3  59.4   4.1   252    84  88.0  26  29.0   11    0    0    2    0
 10  6  73.3  56.2  64.7   0.7   105    94  84.3  19  44.1    9    0    0    0    0
 10  7  81.3  62.4  71.7   3.8    30   239  91.7   8  47.2   31    4    0    0    0
 10  8  76.8  59.8  68.0   1.6    54   146  87.4   4  49.7   21    0    0    0    0
 10  9  69.9  52.8  61.0   1.8   183    64  88.3   2  41.6   21    0    0    0    0
 10 10  55.9  40.4  47.9   0.0   530     1  73.7  26  29.3   31    0    0    1    0
 10 11  44.8  29.1  36.8  -0.8   845     0  60.2  13  20.3   27    0    1   23    0
 10 12  28.1  16.7  22.7  -3.4  1307     0  56.3   1   1.0   10    0   24   31    0
------------------------------------------------------------------------------------
        55.4  39.3  47.3   1.8  7103   643  91.7 JUL  -8.7  JAN    4   62  131    3

                                PRECIPITATION (in)

               DEP.   MAX        DAYS OF RAIN 
               FROM   OBS.          OVER
 YR MO  TOTAL  NORM   DAY  DATE .01   .1   1
---------------------------------------------
 10  1  1.06  -2.16  0.61   25    8    2    0
 10  2  3.05   0.13  0.94   25   10    6    0
 10  3  4.51   0.40  1.96   30   11    7    1
 10  4  1.85  -2.13  0.69   16   11    4    0
 10  5  2.49  -1.83  0.93    8   10    7    0
 10  6  7.81   3.20  1.60   12   18   12    3
 10  7  3.15  -1.23  1.31   23   11    5    1
 10  8  9.87   5.57  6.68   22   12    8    2
 10  9  4.07   0.12  2.38   30   10    7    1
 10 10  6.84   2.75  1.98    1   14   10    1
 10 11  3.81  -0.06  0.84    4    9    8    0
 10 12  1.72  -1.62  1.31    1    8    2    1
---------------------------------------------
       50.23  3.14  6.68  AUG  132   78   10

                                WIND SPEED (mph)
                          DOM
 YR MO   AVG.  HI   DATE  DIR
---------------------------------
 10  1   1.4  43.0   29     N
 10  2   1.6  41.0   19     N
 10  3   1.6  28.0    1     N
 10  4   3.4  37.0   29     N
 10  5   5.7  43.0    4     W
 10  6   5.0  33.0    6     W
 10  7   5.0  32.0   17     W
 10  8   4.4  31.0    6   WSW
 10  9   5.6  38.0   30   WSW
 10 10   6.7  35.0   29     W
 10 11   5.7  42.0   17    NW
 10 12   7.7  38.0   27    NW
---------------------------------
         4.5  43.0  JAN    W