NOAA-Style Climate Report Archive

for Hessville, NY - Since March 2004

(Reports Generated by WeatherLink)

Report for 2009 December
                   MONTHLY CLIMATOLOGICAL SUMMARY for DEC. 2009

NAME: Indian Trail Weather   CITY: Hessville   STATE: New York 
ELEV:  1041 ft  LAT:  42° 51' 52" N  LONG:  74° 43' 15" W

                   TEMPERATURE (°F), RAIN  (in), WIND SPEED (mph)

                                      HEAT  COOL        AVG
    MEAN                              DEG   DEG         WIND                 DOM
DAY TEMP  HIGH   TIME   LOW    TIME   DAYS  DAYS  RAIN  SPEED HIGH   TIME    DIR
------------------------------------------------------------------------------------
 1  32.8  38.5   2:00p  25.4   3:30a  32.2   0.0  0.01   0.0  14.0   2:30p     W
 2  38.6  51.2   3:00p  30.8   6:30a  24.7   0.0  0.13   1.2  10.0   7:00a    SW
 3  47.4  56.6  12:30p  40.5  12:30a  17.6   0.0  0.37   2.2  37.0   4:00p     W
 4  36.5  42.9  11:30a  28.8  11:30p  27.9   0.0  0.00   0.0   0.0     ---   ---
 5  29.4  32.5   1:00p  26.8  11:30p  34.9   0.0  0.13   0.0   0.0     ---   ---
 6  27.0  31.2   3:30p  24.3  11:00p  38.0   0.0  0.01   0.0   0.0     ---   ---
 7  25.8  28.7   2:30p  23.5   5:30a  39.2   0.0  0.00   0.0   0.0     ---   ---
 8  27.9  33.3  12:00p  20.6   8:00p  37.1   0.0  0.01   0.0   0.0     ---   ---
 9  29.2  38.6   8:30p  22.5   5:00a  35.8   0.0  0.50   0.8  22.0   9:00p     N
10  27.8  35.9  12:30a  17.0  12:00m  37.2   0.0  0.00  17.1  39.0  11:30p     N
11  16.8  20.6   3:00p  13.8   8:00a  48.2   0.0  0.00  19.5  44.0   1:00p     N
12  20.4  28.5   2:00p  14.7   3:30a  44.6   0.0  0.00   9.1  26.0  12:30a     N
13  23.0  36.2   9:30p  11.1   6:00a  41.1   0.0  0.49   2.9  26.0  12:00m     N
14  34.1  36.5  11:30a  32.7  10:30p  30.9   0.0  0.00   3.4  22.0  12:30a     N
15  34.7  40.2  10:00a  25.1  12:00m  30.3   0.0  0.00   7.5  29.0  10:00p     N
16  20.7  25.0  12:30a  16.0  12:00m  44.3   0.0  0.00   1.5  30.0   2:30p     N
17   8.0  16.2  12:30a   2.9  12:00m  57.0   0.0  0.00   0.6  22.0   1:00p     N
18   7.5  18.5   3:00p   0.8   8:30a  57.5   0.0  0.00   0.0   0.0     ---   ---
19  12.7  19.3   6:30p   3.7   3:30a  52.3   0.0  0.00   0.0   0.0     ---   ---
20  18.8  22.5   4:00p  15.4   8:00a  46.2   0.0  0.00   0.0   0.0     ---   ---
21  19.4  25.1   3:00p  15.1   4:00a  45.6   0.0  0.00   0.0   0.0     ---   ---
22  15.5  20.1   1:00p  12.8   9:30p  49.5   0.0  0.00   0.0   0.0     ---   ---
23  14.7  17.6  12:30p  11.1   7:30a  50.3   0.0  0.00   0.0   0.0     ---   ---
24  21.0  26.3   3:00p  17.1  12:30a  44.0   0.0  0.00   0.7   8.0   4:00p     N
25  23.6  27.7  12:00m  18.9  12:30a  41.4   0.0  0.16   2.8  13.0   1:30p     N
26  32.0  35.8  11:00p  27.7  12:30a  33.0   0.0  0.22   4.0  24.0   3:00p     N
27  35.5  41.8   2:30p  29.4   9:00p  29.5   0.0  0.22   0.2  11.0  12:30a     N
28  27.6  33.6   2:00a  21.5  12:00m  37.4   0.0  0.03   0.7  45.0  12:00m     N
29   8.2  21.5  12:30a   1.4   9:30a  56.8   0.0  0.00   0.4  42.0  12:30a     N
30  15.2  24.6   1:30p   6.9   7:30a  49.8   0.0  0.00   0.6  13.0   1:00p     N
31  21.6  25.1   1:30p  17.1   3:30a  43.4   0.0  0.05   0.5   7.0   4:00p     N
-------------------------------------------------------------------------------------
    24.3  56.6     3     0.8    18  1257.7   0.0  2.33   2.4  45.0    28       N

Max >=  90.0:  0
Max <=  32.0: 17
Min <=  32.0: 29
Min <=   0.0:  0
Max Rain: 0.50 ON 12/09/09
Days of Rain: 10 (>.01 in) 8 (>.1 in) 0 (>1 in)
Heat Base:  65.0  Cool Base:  65.0  Method: Integration