NOAA-Style Climate Report Archive

for Hessville, NY - Since March 2004

(Reports Generated by WeatherLink)

Report for 2009 November
                   MONTHLY CLIMATOLOGICAL SUMMARY for NOV. 2009

NAME: Indian Trail Weather   CITY: Hessville   STATE: New York 
ELEV:  1041 ft  LAT:  42° 51' 52" N  LONG:  74° 43' 15" W

                   TEMPERATURE (°F), RAIN  (in), WIND SPEED (mph)

                                      HEAT  COOL        AVG
    MEAN                              DEG   DEG         WIND                 DOM
DAY TEMP  HIGH   TIME   LOW    TIME   DAYS  DAYS  RAIN  SPEED HIGH   TIME    DIR
------------------------------------------------------------------------------------
 1  43.1  47.8  12:30a  33.0  12:00m  21.9   0.0  0.00   5.4  24.0  12:30a     W
 2  40.3  51.9   2:00p  30.8   2:30a  24.7   0.0  0.00   1.9  13.0  11:00a   ENE
 3  41.2  51.8  11:30a  34.0   1:00a  23.8   0.0  0.00   3.5  30.0   1:30p     W
 4  36.6  42.6  12:30p  30.8   6:30a  28.4   0.0  0.00   2.1  19.0   1:30a    NW
 5  35.0  40.6   2:00p  30.5   6:00a  30.0   0.0  0.17   1.4  24.0  10:00p   WNW
 6  32.8  36.9  11:30a  25.0  12:00m  32.2   0.0  0.00   6.6  27.0   5:00a    NW
 7  37.0  49.4   3:00p  24.3   2:00a  28.0   0.0  0.00   3.4  26.0  11:30p   WSW
 8  50.2  61.1   1:30p  39.2  12:00m  14.8   0.0  0.00   1.3  24.0   1:00a   WSW
 9  52.7  69.9   2:00p  34.0   4:30a  12.8   0.5  0.00   0.0   0.0     ---   ---
10  51.1  58.3   1:30a  43.8  10:00p  13.9   0.0  0.00   0.0   0.0     ---   ---
11  40.4  46.6   2:30p  33.7   6:30a  24.6   0.0  0.00   0.0   0.0     ---   ---
12  38.5  47.5   1:30p  30.5   7:30a  26.5   0.0  0.00   0.0   0.0     ---   ---
13  42.5  53.4   2:30p  34.0   4:30a  22.5   0.0  0.00   0.0   0.0     ---   ---
14  45.8  49.1   3:00p  41.1   4:00a  19.2   0.0  0.10   1.2  12.0   1:30p   ESE
15  51.4  57.7   1:00p  45.4   2:00a  13.6   0.0  0.00   3.6  24.0  11:30p     N
16  40.1  48.5  12:30a  29.9  11:00p  24.9   0.0  0.00   2.5  26.0   4:30a    NW
17  36.2  48.1   3:00p  29.0   7:30a  28.2   0.0  0.00   0.0   0.0     ---   ---
18  36.2  46.3   3:00p  24.8   7:30a  28.8   0.0  0.00   0.0   0.0     ---   ---
19  40.4  51.0   2:30p  29.4   4:00a  24.0   0.0  0.09   0.1   5.0   7:30a   ENE
20  45.7  51.9   5:30a  43.1   9:00p  19.3   0.0  0.68   3.0  32.0   5:30a   WNW
21  43.5  45.4  11:30a  41.5   1:30a  21.5   0.0  0.00   0.0   0.0     ---   ---
22  40.3  42.8  12:30a  35.3   9:30p  24.2   0.0  0.00   0.0   0.0     ---   ---
23  37.1  41.3   3:00p  31.8   4:00a  27.9   0.0  0.00   0.0   0.0     ---   ---
24  43.6  49.8   1:00p  39.2   4:00a  21.4   0.0  0.00   0.0   0.0     ---   ---
25  44.3  48.2   4:00p  41.1   6:00a  20.7   0.0  0.09   0.5  11.0  10:00p   ESE
26  41.4  48.1   3:00p  32.7   7:30a  23.6   0.0  0.00   0.2   8.0   2:30p   NNE
27  37.2  40.6   2:30a  34.3   1:00p  27.8   0.0  0.05   1.2  20.0  12:30p    NW
28  38.5  40.8  12:00p  36.8   8:30p  26.5   0.0  0.01   3.4  37.0   2:00a    NW
29  39.8  50.9  11:00p  30.6   7:30a  25.2   0.0  0.03   0.7  26.0  11:30p   WSW
30  38.8  49.2   3:00a  27.4  12:00m  26.2   0.0  0.07   8.5  27.0   7:00a    NW
-------------------------------------------------------------------------------------
    41.4  69.9     9    24.3     7   707.1   0.5  1.29   1.7  37.0    28      NW

Max >=  90.0:  0
Max <=  32.0:  0
Min <=  32.0: 13
Min <=   0.0:  0
Max Rain: 0.68 ON 11/20/09
Days of Rain: 8 (>.01 in) 2 (>.1 in) 0 (>1 in)
Heat Base:  65.0  Cool Base:  65.0  Method: Integration