NOAA-Style Climate Report Archive

for Hessville, NY - Since March 2004

(Reports Generated by WeatherLink)

Report for 2009 October
                   MONTHLY CLIMATOLOGICAL SUMMARY for OCT. 2009

NAME: Indian Trail Weather   CITY: Hessville   STATE: New York 
ELEV:  1041 ft  LAT:  42° 51' 52" N  LONG:  74° 43' 15" W

                   TEMPERATURE (°F), RAIN  (in), WIND SPEED (mph)

                                      HEAT  COOL        AVG
    MEAN                              DEG   DEG         WIND                 DOM
DAY TEMP  HIGH   TIME   LOW    TIME   DAYS  DAYS  RAIN  SPEED HIGH   TIME    DIR
------------------------------------------------------------------------------------
 1  41.4  44.7   3:00p  39.2   6:00a  23.6   0.0  0.04   5.0  20.0   4:00p    NW
 2  45.6  50.6   1:00p  40.5   4:00a  19.4   0.0  0.24   3.3  13.0   4:30p     W
 3  54.6  65.6   4:00p  48.5  11:00p  10.4   0.0  0.08   2.1  11.0   1:00a   ESE
 4  50.6  61.4   2:30p  41.5   7:00a  14.4   0.0  0.00   2.0  12.0  10:00a   WSW
 5  50.2  55.7   4:30p  46.6   4:00a  14.8   0.0  0.05   8.3  27.0   6:00p     W
 6  51.4  61.6   4:00p  46.6   3:30a  13.6   0.0  0.03   4.1  19.0  12:30a     W
 7  51.3  58.6   7:00a  47.3   8:00p  13.7   0.0  0.58  13.5  44.0   3:00p     W
 8  49.7  57.3   2:30p  45.0   7:00a  15.3   0.0  0.00   5.5  35.0  12:30a    NW
 9  50.3  53.2  12:30p  46.7   5:00a  14.7   0.0  0.10   0.9  14.0   5:30a    NE
10  47.4  53.4   4:30p  35.8  11:30p  17.6   0.0  0.07   4.1  24.0   9:30a    NW
11  42.9  50.0   1:00p  36.2   2:00a  22.2   0.0  0.00   0.0   0.0     ---   ---
12  39.3  47.0   2:00p  29.9   7:30a  25.7   0.0  0.02   0.1  11.0   8:30p    SW
13  40.3  46.1  10:30a  35.5  11:30p  24.7   0.0  0.35   3.0  28.0   5:00p    SW
14  36.4  42.3   3:30p  28.0  11:30p  18.5   0.0  0.00   2.9  19.0   3:00p    NW
15  31.9  36.8   2:30p  25.6   4:30a  29.6   0.0  0.00   0.0   1.0   9:30a   WSW
16  36.5  44.4   2:30p  29.7   7:00a  28.5   0.0  0.00   1.8  18.0   2:00p    SE
17  37.2  45.7   5:00p  32.1  12:00m  27.8   0.0  0.00   1.5  13.0   2:00p    SE
18  37.7  49.1   4:00p  29.7   6:30a  26.8   0.0  0.00   2.2  17.0   2:30p    SE
19  38.3  52.8   5:00p  27.7   7:30a  22.8   0.0  0.00   3.8  15.0  12:30p     W
20  48.7  57.4   4:00p  41.2  12:30a  13.9   0.0  0.00   3.1  18.0   9:30a     W
21  50.0  57.3   3:30p  43.2   3:00a  11.3   0.0  0.00   1.7  10.0   5:00a     W
22  60.2  71.0   1:30p  46.7  10:30p   3.3   0.6  0.00   6.0  28.0   3:30p     W
23  39.4  44.4   2:30p  34.5  10:30a  16.5   0.0  0.20   6.8  21.0  12:30p   ESE
24  46.3  52.9   9:30p  39.6  12:30a  17.1   0.0  2.28   3.8  26.0  11:30p   ESE
25  45.9  52.1   3:00p  39.8  10:00p  16.8   0.0  0.00   5.2  31.0   2:30a   WNW
26  44.6  56.2   4:00p  33.9   7:30a  18.3   0.0  0.00   0.4   8.0   8:00a     W
27  40.5  56.0   4:00p  31.9   7:30a  17.3   0.0  0.00   0.0   0.0     ---   ---
28  45.1  47.2   3:00p  43.5  11:30p  19.5   0.0  2.04   3.0  24.0   6:00p     E
29  46.4  50.1   5:30p  43.1   7:30a  18.6   0.0  0.00   1.1  10.0   1:00a    SE
30  50.3  54.7   1:30p  47.2   3:00a  13.2   0.0  0.00   2.6  24.0  12:00p    SE
31  56.8  69.8  12:30p  47.5  12:00m   8.3   0.3  0.49   6.5  37.0   3:00p    SW
-------------------------------------------------------------------------------------
    45.4  71.0    22    25.6    15   558.2   0.9  6.57   3.4  44.0     7       W

Max >=  90.0:  0
Max <=  32.0:  0
Min <=  32.0:  7
Min <=   0.0:  0
Max Rain: 2.28 ON 10/24/09
Days of Rain: 14 (>.01 in) 7 (>.1 in) 2 (>1 in)
Heat Base:  65.0  Cool Base:  65.0  Method: Integration