NOAA-Style Climate Report Archive

for Hessville, NY - Since March 2004

(Reports Generated by WeatherLink)

Report for 2009 August
                   MONTHLY CLIMATOLOGICAL SUMMARY for AUG. 2009

NAME: Indian Trail Weather   CITY: Hessville   STATE: New York 
ELEV:  1041 ft  LAT:  42° 51' 52" N  LONG:  74° 43' 15" W

                   TEMPERATURE (°F), RAIN  (in), WIND SPEED (mph)

                                      HEAT  COOL        AVG
    MEAN                              DEG   DEG         WIND                 DOM
DAY TEMP  HIGH   TIME   LOW    TIME   DAYS  DAYS  RAIN  SPEED HIGH   TIME    DIR
------------------------------------------------------------------------------------
 1  68.9  81.0   4:00p  57.3   5:00a   1.9   5.8  0.00   3.5  16.0  12:30p    SW
 2  67.7  71.8   7:00p  64.2  10:30p   0.0   2.8  0.61   4.3  25.0   2:30a    SW
 3  67.2  77.5   5:30p  58.3   6:30a   1.7   3.9  0.00   2.7  13.0   1:00a     W
 4  70.5  82.4   4:30p  57.1   6:30a   2.0   7.5  0.00   5.3  24.0  11:00p   WSW
 5  68.0  72.3   4:30p  56.8  12:00m   0.9   3.9  0.00   7.4  24.0   1:00p    NW
 6  62.8  72.3   2:00p  53.5   6:00a   4.0   1.9  0.00   4.8  20.0   2:00p    NW
 7  62.3  71.1   2:30p  54.3  12:00m   4.2   1.5  0.00   8.3  25.0   3:30p     W
 8  60.4  72.2   3:30p  48.2   5:00a   6.2   1.6  0.00   2.6  14.0  12:30p     W
 9  63.7  73.4   7:30p  57.1   5:00a   3.3   2.0  0.00   1.9  18.0   7:00p     W
10  72.9  83.1   3:30p  65.9   5:30a   0.0   7.9  0.32   5.6  32.0   1:30a     W
11  71.6  78.6   4:00p  65.8  11:00p   0.0   6.6  0.00   5.3  19.0   9:30a     W
12  69.5  79.3   4:00p  61.4   6:00a   0.6   4.7  0.00   1.7  13.0   7:00p     W
13  69.1  79.3   4:00p  62.5   3:00a   0.6   4.8  0.00   1.8  12.0   2:30p   ENE
14  71.5  85.1   5:30p  61.0   2:30a   0.9   7.3  0.00   1.8  11.0   8:30a     N
15  72.4  86.0   2:00p  59.5   6:30a   0.9   8.4  0.00   2.7  19.0   2:00p     W
16  74.9  87.4   3:00p  65.0   3:00a   0.0   9.9  0.62   3.2  32.0   8:00p   WSW
17  75.7  88.5   4:00p  62.7   6:00a   0.1  10.8  0.01   2.5  14.0   1:30p   WSW
18  75.3  86.0   2:30p  68.3  11:30p   0.0  10.3  0.11   5.9  30.0   6:30p     W
19  71.6  80.4   4:30p  61.7  12:00m   0.1   6.6  0.00   5.1  17.0  12:30a   WSW
20  70.3  82.4   6:00p  57.9   6:00a   1.8   7.2  0.01   2.3  21.0  12:00m     W
21  73.9  80.6   2:00p  69.3  12:00m   0.0   8.9  0.06   4.5  24.0  12:30a    SW
22  69.1  76.6   5:00p  62.2   7:00a   0.2   4.3  0.20   2.2  11.0   4:00p     E
23  69.4  79.3   3:30p  63.7  11:00p   0.1   4.5  0.30   4.1  21.0   5:00p    NW
24  68.2  76.7   2:30p  61.0  12:00m   0.5   3.7  0.00   4.6  18.0   4:00p    NW
25  66.8  78.2   5:00p  57.1   6:00a   2.3   4.1  0.00   3.5  16.0   1:30p     W
26  66.5  75.7   1:30p  57.3  12:00m   0.9   2.4  0.02   7.7  25.0   2:00p     W
27  59.4  69.1   5:00p  49.8   5:30a   6.3   0.7  0.00   4.1  19.0   3:00p     W
28  58.4  68.4   3:00p  52.2   6:00a   6.9   0.3  1.05   4.5  16.0  11:30a   ESE
29  57.8  61.6  11:30p  55.2   6:30a   7.2   0.0  1.76   3.4  17.0   7:00p     E
30  62.4  72.7   3:00p  54.9   4:30a   4.2   1.5  0.01   6.6  24.0   1:00p     W
31  56.9  65.4   3:00p  49.7   6:30a   8.1   0.0  0.00   5.5  18.0  12:30a    NW
-------------------------------------------------------------------------------------
    67.6  88.5    17    48.2     8    65.9 145.8  5.08   4.2  32.0    10       W

Max >=  90.0:  0
Max <=  32.0:  0
Min <=  32.0:  0
Min <=   0.0:  0
Max Rain: 1.76 ON 08/29/09
Days of Rain: 10 (>.01 in) 8 (>.1 in) 2 (>1 in)
Heat Base:  65.0  Cool Base:  65.0  Method: Integration