NOAA-Style Climate Report Archive

for Hessville, NY - Since March 2004

(Reports Generated by WeatherLink)

Report for 2009 July
                   MONTHLY CLIMATOLOGICAL SUMMARY for JUL. 2009

NAME: Indian Trail Weather   CITY: Hessville   STATE: New York 
ELEV:  1041 ft  LAT:  42° 51' 52" N  LONG:  74° 43' 15" W

                   TEMPERATURE (°F), RAIN  (in), WIND SPEED (mph)

                                      HEAT  COOL        AVG
    MEAN                              DEG   DEG         WIND                 DOM
DAY TEMP  HIGH   TIME   LOW    TIME   DAYS  DAYS  RAIN  SPEED HIGH   TIME    DIR
------------------------------------------------------------------------------------
 1  62.4  74.4   1:00p  55.6   4:30a   4.1   1.5  0.06   1.6  12.0   8:30p    SE
 2  61.4  65.3   5:00p  59.2   3:30a   3.6   0.0  0.44   2.5  11.0   8:30a     E
 3  64.0  72.7   2:00p  57.1   3:00a   2.5   1.5  0.01   6.4  24.0  11:30a     W
 4  61.3  66.4   3:00p  54.6  12:00m   3.7   0.0  0.00   9.3  31.0   4:30p    NW
 5  62.0  72.9   4:00p  52.5   5:00a   5.2   2.1  0.00   6.8  22.0  12:00p     W
 6  62.6  76.0   6:00p  50.0   6:00a   5.4   3.0  0.09   3.5  17.0   5:30p   WSW
 7  57.8  72.2   2:30p  50.9   5:30a   7.6   0.4  0.70   3.9  31.0   3:30p     W
 8  59.1  69.4   5:30p  52.1   4:30a   6.3   0.4  0.12   3.4  17.0   3:30p     W
 9  60.4  72.0   5:00p  50.0   5:00a   6.0   1.4  0.01   2.1  12.0   2:00p     W
10  65.2  76.2   5:00p  51.3   5:00a   3.7   3.9  0.00   3.1  22.0  12:00m     W
11  68.6  77.5  12:30p  62.5   5:30a   0.3   3.9  0.26  10.5  32.0   4:00p    SW
12  61.5  69.1   3:30p  50.6  12:00m   4.2   0.7  0.04   8.0  24.0  12:30a     W
13  59.6  70.8   3:30p  48.8   1:30a   6.2   0.8  0.01   8.2  29.0  12:30p   WSW
14  60.2  70.3   3:30p  48.5   5:30a   5.6   0.8  0.00   8.2  26.0   3:30p    NW
15  64.6  77.6   5:00p  52.5   6:00a   3.8   3.5  0.00   5.6  18.0  11:30a     W
16  68.3  82.2   3:30p  58.0   6:00a   1.6   5.0  0.06   4.3  26.0  10:00a     W
17  65.9  78.4  12:00p  59.4  12:30a   2.1   3.0  0.17   4.9  17.0   4:00p     W
18  65.0  73.6   3:00p  58.6   6:30a   1.9   2.0  0.00   4.7  20.0  11:30a    NW
19  62.8  71.7   2:00p  54.4   5:30a   3.6   1.4  0.00   5.3  18.0  11:00a     W
20  63.7  74.6   5:30p  52.8   5:30a   3.9   2.7  0.01   2.0  12.0   2:30p   WSW
21  63.1  68.9   2:00p  59.2   4:00a   2.5   0.6  0.04   2.8  18.0   2:00p     E
22  67.5  78.8   4:30p  59.9   6:00a   1.7   4.1  0.01   1.2  11.0   2:30p   ENE
23  67.7  76.7   2:00p  61.6   2:30a   0.8   3.5  0.00   5.5  22.0   5:00p   ENE
24  64.3  71.8   4:00p  58.8   5:00a   1.7   1.0  0.11   2.5  14.0  10:00p   ESE
25  69.0  80.4   3:00p  57.9   5:30a   1.8   5.8  0.00   4.4  14.0   1:30a   WSW
26  71.4  77.8   4:30p  65.9  10:00p   0.0   6.4  0.05   5.6  22.0   3:30p    SW
27  69.5  78.0   2:00p  60.0   5:00a   0.8   5.3  0.11   6.1  29.0   2:30a     W
28  72.6  83.1   6:30p  60.8   2:00a   0.8   8.4  0.00   4.7  17.0  12:00m    SW
29  72.1  83.1   1:00p  66.9  12:00m   0.0   7.1  0.50   3.5  20.0   2:00p     W
30  69.2  76.7   5:00p  60.3  10:30p   0.5   4.7  0.07   5.0  22.0  12:00p    NW
31  63.2  66.9   2:30p  59.5  10:00p   2.0   0.2  1.04   2.3  13.0  11:00p     N
-------------------------------------------------------------------------------------
    64.7  83.1    28    48.5    14    93.9  85.1  3.91   4.8  32.0    11       W

Max >=  90.0:  0
Max <=  32.0:  0
Min <=  32.0:  0
Min <=   0.0:  0
Max Rain: 1.04 ON 07/31/09
Days of Rain: 16 (>.01 in) 9 (>.1 in) 1 (>1 in)
Heat Base:  65.0  Cool Base:  65.0  Method: Integration