NOAA-Style Climate Report Archive

for Hessville, NY - Since March 2004

(Reports Generated by WeatherLink)

Report for 2009 June
                   MONTHLY CLIMATOLOGICAL SUMMARY for JUN. 2009

NAME: Indian Trail Weather   CITY: Hessville   STATE: New York 
ELEV:  1041 ft  LAT:  42° 51' 52" N  LONG:  74° 43' 15" W

                   TEMPERATURE (°F), RAIN  (in), WIND SPEED (mph)

                                      HEAT  COOL        AVG
    MEAN                              DEG   DEG         WIND                 DOM
DAY TEMP  HIGH   TIME   LOW    TIME   DAYS  DAYS  RAIN  SPEED HIGH   TIME    DIR
------------------------------------------------------------------------------------
 1  49.7  60.6  12:00m  35.3   6:00a  15.3   0.0  0.00   4.9  19.0  12:00m     W
 2  59.7  67.6   5:30p  50.4  12:00m   5.6   0.3  0.00   6.3  22.0  12:30a    NW
 3  55.7  64.8   6:00p  47.9   3:00a   9.3   0.0  0.00   4.4  14.0   2:00p     W
 4  57.8  69.3   4:00p  45.1   6:00a   7.8   0.7  0.00   3.5  18.0   5:00p     W
 5  56.8  67.6   3:00p  45.1   3:30a   8.5   0.3  0.00   3.9  19.0   6:00p   SSE
 6  63.5  75.0   4:30p  54.4  12:00m   4.1   2.6  0.00   4.6  22.0   2:00p    NW
 7  60.6  69.3   1:00p  52.8   6:30a   5.0   0.6  0.00   3.8  13.0   1:00a     N
 8  61.2  72.5   5:30p  52.1   6:00a   5.1   1.4  0.00   2.6  13.0   9:30a     N
 9  58.6  69.3   2:30p  50.7   6:30a   6.7   0.3  0.70   2.9  14.0   3:00p    SE
10  60.7  70.1   3:00p  54.4  11:00p   5.1   0.8  0.00   3.3  14.0  12:30a    NW
11  63.5  72.3   3:30p  54.0   3:00a   3.3   1.8  0.03   2.3  14.0   5:00p   NNW
12  66.2  76.0   4:30p  57.9  12:00m   2.0   3.2  1.00   4.2  18.0   5:00p     N
13  62.5  73.4   1:30p  55.6   3:30a   4.2   1.7  0.11   2.5  16.0   2:30p     N
14  62.6  73.6   4:30p  52.3   6:00a   4.7   2.3  0.29   2.1  27.0   9:00p     N
15  57.0  71.5   3:30p  48.5   6:00a   8.4   0.4  0.10   2.7  30.0   5:00p   WNW
16  59.6  70.6   4:30p  49.1   2:30a   6.3   0.9  0.01   3.5  16.0  12:30p     S
17  59.4  69.3   5:00p  49.7   5:30a   6.3   0.6  0.00   3.9  17.0   4:30p   SSE
18  56.2  61.0   3:00p  47.9   3:30a   8.8   0.0  1.43   4.4  17.0   1:00a   ESE
19  63.0  69.3   4:30p  58.3  12:00m   3.0   0.9  0.03   4.4  18.0  12:30p     W
20  59.2  65.8   1:30p  52.2   5:00a   5.8   0.0  0.59   2.9  13.0   1:30p     W
21  65.6  74.4   5:00p  57.6  12:30a   1.9   2.5  0.06   4.4  19.0   5:00p    NW
22  66.7  76.0   1:30p  61.6   5:30a   0.7   2.4  0.00   5.5  19.0   1:30p     N
23  69.0  80.1   4:30p  58.2   5:30a   1.4   5.4  0.00   3.8  19.0   3:00p     N
24  71.9  81.2   6:00p  64.5   8:00a   0.0   6.9  0.01   3.6  18.0   9:00p     N
25  71.7  86.2   4:30p  61.7   4:00a   0.5   7.2  0.01   4.5  33.0   7:30p     N
26  66.4  73.0   2:30p  61.1  12:00m   0.7   2.1  0.29   5.0  21.0   1:00a   WSW
27  64.2  71.0   2:30p  59.2   4:00a   1.9   1.1  0.16   6.4  24.0   3:00p    NW
28  68.0  79.1   5:30p  58.5   5:30a   1.6   4.5  0.02   2.9  16.0  11:00p     W
29  66.3  76.4   5:00p  58.8  11:30p   1.6   2.9  0.00   5.7  25.0   1:30p    NW
30  61.8  73.6  12:30p  56.5   6:00a   3.8   0.6  0.10   2.6  27.0   1:30p    SW
-------------------------------------------------------------------------------------
    62.2  86.2    25    35.3     1   139.4  54.4  4.94   3.9  33.0    25       W

Max >=  90.0:  0
Max <=  32.0:  0
Min <=  32.0:  0
Min <=   0.0:  0
Max Rain: 1.43 ON 06/18/09
Days of Rain: 14 (>.01 in) 8 (>.1 in) 1 (>1 in)
Heat Base:  65.0  Cool Base:  65.0  Method: Integration