NOAA-Style Climate Report Archive

for Hessville, NY - Since March 2004

(Reports Generated by WeatherLink)

Report for 2009 May
                   MONTHLY CLIMATOLOGICAL SUMMARY for MAY. 2009

NAME: Indian Trail Weather   CITY: Hessville   STATE: New York 
ELEV:  1041 ft  LAT:  42° 51' 52" N  LONG:  74° 43' 15" W

                   TEMPERATURE (°F), RAIN  (in), WIND SPEED (mph)

                                      HEAT  COOL        AVG
    MEAN                              DEG   DEG         WIND                 DOM
DAY TEMP  HIGH   TIME   LOW    TIME   DAYS  DAYS  RAIN  SPEED HIGH   TIME    DIR
------------------------------------------------------------------------------------
 1  60.8  71.0   4:30p  45.7  12:30a   5.1   0.8  0.09  13.2  40.0   7:30a   WSW
 2  48.5  57.4   4:30p  41.6  11:00p  16.5   0.0  0.17   8.1  29.0  12:30a    NW
 3  51.4  62.4   4:00p  38.3   6:00a  13.6   0.0  0.00   3.9  16.0   3:00p   WSW
 4  55.4  63.8   2:00p  45.8   6:30a   9.6   0.0  0.00   2.7  14.0   2:30a   WSW
 5  50.3  57.0  12:30p  45.2   2:00a  14.7   0.0  0.02   5.9  26.0   1:00p   ESE
 6  52.7  61.0   5:00p  45.2   6:00a  12.3   0.0  0.27   1.9  10.0  12:30a   ENE
 7  55.6  63.0   2:00p  50.1  10:00p   9.4   0.0  0.37   7.3  27.0   1:00p   WNW
 8  59.6  72.9   3:30p  50.1   1:00a   6.6   1.2  0.02   3.6  24.0   6:30p   WSW
 9  61.5  75.8   4:00p  50.4  12:00m   5.3   1.7  0.25   8.0  39.0   4:00p   SSW
10  46.3  50.6   3:30p  42.2  10:30p  18.7   0.0  0.01  15.8  43.0  12:30a   WNW
11  47.6  58.3   4:30p  37.8   3:00a  17.4   0.0  0.00   7.1  31.0  12:00p   WNW
12  50.5  62.7   4:30p  36.5   6:00a  14.5   0.0  0.01   6.2  20.0   4:30p     N
13  55.7  69.6   5:00p  37.0   5:30a  10.0   0.7  0.00   5.8  21.0   6:00p    SW
14  56.7  64.6   2:00p  50.7   6:30a   8.3   0.0  0.25  11.5  51.0   1:30p    SW
15  59.0  68.9   3:00p  49.7   4:00a   6.7   0.7  0.01   4.1  18.0   4:00p     W
16  61.6  76.2   2:30p  47.8   2:30a   5.7   2.3  0.90   7.7  40.0   2:00p    SW
17  44.9  59.7  12:30a  37.8  12:00m  20.1   0.0  0.07  11.5  32.0  10:30a    NW
18  43.3  52.3   6:00p  36.6   2:00a  21.6   0.0  0.00   5.9  19.0   9:30p     W
19  52.8  69.8   5:30p  32.8   5:30a  12.9   0.7  0.00   5.8  24.0   3:30p     W
20  65.1  79.3   6:00p  49.1   5:30a   4.3   4.4  0.00   5.5  27.0  12:00m   WSW
21  72.2  83.9   5:30p  58.8   4:30a   0.8   7.9  0.00   9.3  25.0   2:30p   WSW
22  68.0  79.5   1:30p  55.9  12:00m   1.8   4.8  0.00   7.1  22.0   6:00p    NW
23  61.3  73.4   2:30p  51.9   2:30a   4.8   1.2  0.19   4.0  16.0  12:30p    SW
24  62.4  73.4   2:30p  50.6  12:00m   4.5   1.9  0.01   5.1  24.0   5:00p    NW
25  57.6  68.1   1:30p  45.0   5:00a   8.0   0.6  0.00   6.6  26.0   4:00p     N
26  50.6  59.5   2:30p  37.9   5:30a  14.4   0.0  0.08   5.5  19.0   8:00a   ESE
27  48.6  55.3   6:00p  42.8   5:30a  16.4   0.0  1.49   3.1  13.0   1:30a     E
28  56.5  60.8   3:00p  53.8   1:30a   8.5   0.0  0.11   1.6  11.0  11:00p     E
29  56.8  66.8  12:30p  52.3   4:30a   8.2   0.0  0.35   4.0  19.0   5:00p   ESE
30  56.3  65.8   3:30p  46.6  11:30p   8.7   0.0  0.00   5.4  27.0  12:30p     W
31  51.1  59.9  10:30a  39.2  12:00m  13.9   0.0  0.10   9.5  36.0   4:00p     W
-------------------------------------------------------------------------------------
    55.5  83.9    21    32.8    19   323.3  28.9  4.77   6.5  51.0    14       W

Max >=  90.0:  0
Max <=  32.0:  0
Min <=  32.0:  0
Min <=   0.0:  0
Max Rain: 1.49 ON 05/27/09
Days of Rain: 16 (>.01 in) 10 (>.1 in) 1 (>1 in)
Heat Base:  65.0  Cool Base:  65.0  Method: Integration