NOAA-Style Climate Report Archive

for Hessville, NY - Since March 2004

(Reports Generated by WeatherLink)

Report for 2009 April
                   MONTHLY CLIMATOLOGICAL SUMMARY for APR. 2009

NAME: Indian Trail Weather   CITY: Hessville   STATE: New York 
ELEV:  1041 ft  LAT:  42° 51' 52" N  LONG:  74° 43' 15" W

                   TEMPERATURE (°F), RAIN  (in), WIND SPEED (mph)

                                      HEAT  COOL        AVG
    MEAN                              DEG   DEG         WIND                 DOM
DAY TEMP  HIGH   TIME   LOW    TIME   DAYS  DAYS  RAIN  SPEED HIGH   TIME    DIR
------------------------------------------------------------------------------------
 1  38.8  47.9   1:00p  30.9   4:00a  26.2   0.0  0.00   4.8  19.0   4:00p    SE
 2  46.5  60.8   6:00p  34.5   7:30a  18.5   0.0  0.00   2.6  14.0   2:30p   ENE
 3  50.9  54.0   1:00p  45.7  12:00m  14.1   0.0  0.56   7.9  34.0  12:00m   ESE
 4  36.8  45.5  12:30a  33.3   9:00p  28.2   0.0  0.04  18.9  47.0   5:30p   WNW
 5  36.3  45.2   4:30p  31.2  12:00m  28.7   0.0  0.00  12.6  41.0   1:00a    NW
 6  36.1  41.6   2:30p  30.8   2:00a  28.9   0.0  0.11   6.3  24.0   4:30p   ESE
 7  31.5  38.1  12:30a  28.4  11:00p  33.5   0.0  0.00  11.8  33.0  10:00a   WNW
 8  32.0  38.1   1:30p  26.9   2:00a  33.0   0.0  0.00   9.7  29.0  12:30a     W
 9  41.8  52.1   3:30p  32.4   1:00a  23.2   0.0  0.00  10.4  31.0   1:30p     W
10  44.8  58.9   3:00p  28.3   7:00a  20.2   0.0  0.00   4.2  27.0   5:30p   WSW
11  41.4  52.2   2:30p  31.8  12:00m  23.6   0.0  0.01   7.5  28.0   4:30p   NNW
12  31.0  37.6   2:00p  24.7   7:30a  34.0   0.0  0.00  12.4  34.0  12:00p    NW
13  36.0  47.0   4:30p  26.0   6:30a  29.0   0.0  0.00   9.3  25.0  12:00p    NW
14  43.8  56.3   4:30p  29.1   7:00a  21.2   0.0  0.00   4.6  18.0   5:30p    NW
15  47.2  59.2   4:30p  36.6   6:30a  17.8   0.0  0.00   5.6  22.0   3:00p   ESE
16  48.6  60.8   4:00p  34.6   6:00a  16.4   0.0  0.00   5.1  21.0   6:30p   SSE
17  50.6  62.5   3:30p  35.8   6:00a  14.4   0.0  0.00  10.7  31.0   3:30p    NW
18  54.3  62.7   2:00p  46.9  12:00m  10.7   0.0  0.00  10.6  28.0   9:30a    NW
19  46.7  57.3   3:30p  35.8   6:30a  18.3   0.0  0.00   4.7  19.0   2:00p   ESE
20  39.8  46.7  12:00p  34.9   5:30a  25.2   0.0  0.17  10.5  38.0   1:30p    SE
21  44.7  54.7   4:30p  36.5  12:30a  20.3   0.0  0.73   7.3  25.0  11:00p     E
22  46.3  54.0   2:00p  38.3  12:00m  18.7   0.0  0.01   7.9  24.0  11:00p   WSW
23  39.7  44.5   2:00p  35.5   4:00a  25.3   0.0  0.02  13.7  36.0   1:00p   WNW
24  54.0  73.4   5:00p  34.9   5:30a  12.3   1.2  0.00   5.4  27.0  12:00m     W
25  69.5  86.2   5:00p  50.6   7:00a   3.3   7.9  0.00   8.4  30.0  10:00p     W
26  66.4  77.8   5:00p  54.4  12:00m   2.1   3.6  0.00   5.2  21.0   1:00a     W
27  66.5  88.9   5:00p  46.6   5:00a   5.8   7.3  0.00   4.1  24.0   4:00p   ESE
28  68.0  84.7   2:00p  44.7  12:00m   3.4   6.4  0.00  12.0  33.0   2:00p     W
29  49.1  63.5   6:00p  37.6   6:00a  15.9   0.0  0.00   3.5  17.0  12:30a     N
30  49.8  60.8  12:00p  37.0   3:30a  15.2   0.0  0.08   3.8  21.0   1:30p   SSW
-------------------------------------------------------------------------------------
    46.3  88.9    27    24.7    12   587.4  26.4  1.73   8.1  47.0     4       W

Max >=  90.0:  0
Max <=  32.0:  0
Min <=  32.0: 10
Min <=   0.0:  0
Max Rain: 0.73 ON 04/21/09
Days of Rain: 7 (>.01 in) 4 (>.1 in) 0 (>1 in)
Heat Base:  65.0  Cool Base:  65.0  Method: Integration