NOAA-Style Climate Report Archive

for Hessville, NY - Since March 2004

(Reports Generated by WeatherLink)

Report for 2009 March
                   MONTHLY CLIMATOLOGICAL SUMMARY for MAR. 2009

NAME: Indian Trail Weather   CITY: Hessville   STATE: New York 
ELEV:  1041 ft  LAT:  42° 51' 52" N  LONG:  74° 43' 15" W

                   TEMPERATURE (°F), RAIN  (in), WIND SPEED (mph)

                                      HEAT  COOL        AVG
    MEAN                              DEG   DEG         WIND                 DOM
DAY TEMP  HIGH   TIME   LOW    TIME   DAYS  DAYS  RAIN  SPEED HIGH   TIME    DIR
------------------------------------------------------------------------------------
 1  18.3  29.6   2:30p   9.7   7:00a  46.7   0.0  0.00   5.6  26.0  11:00p   NNW
 2  11.8  16.5  12:30a   6.6  12:00m  53.2   0.0  0.00  11.8  28.0   4:30p   NNW
 3   8.5  15.7   3:30p   0.8   7:00a  56.5   0.0  0.00  11.5  29.0  10:30a    NW
 4  17.4  25.6   3:00p   8.9   6:30a  47.6   0.0  0.00   9.7  29.0   2:00p     W
 5  26.2  36.3   4:00p  14.1   6:00a  38.8   0.0  0.00   4.0  14.0   1:00a     W
 6  40.0  53.1   6:00p  29.1  12:30a  25.0   0.0  0.00   5.9  28.0  12:00m     W
 7  40.1  47.5  12:00p  35.9   7:00a  24.9   0.0  0.96   6.6  31.0  11:30p   WNW
 8  40.1  47.3   3:00a  35.6  12:00m  23.9   0.0  0.07   6.5  21.0   3:00a    NW
 9  31.2  35.6  12:30a  27.1  10:30p  33.8   0.0  0.82   5.5  33.0   5:30p   WNW
10  31.4  36.5   5:30p  27.5  12:30a  33.6   0.0  0.10   3.9  17.0  11:30a   ESE
11  37.6  51.5   4:30p  26.6  12:00m  27.4   0.0  0.41  10.7  43.0   8:30p   ESE
12  21.8  26.6  12:30a  18.5  12:00m  43.2   0.0  0.00  13.4  36.0  12:30a    NW
13  22.8  31.2   6:00p  15.5   7:30a  41.3   0.0  0.00   3.3  16.0   3:30p    NW
14  31.5  44.7   2:30p  16.8   5:00a  32.1   0.0  0.00   3.4  14.0   1:00p   WNW
15  38.5  52.1   4:00p  24.7   7:00a  26.5   0.0  0.00   4.1  16.0   5:00p     W
16  39.5  51.0   3:30p  25.7   7:00a  25.5   0.0  0.00   3.4  13.0  11:00a     W
17  43.2  58.5   3:30p  28.8   6:30a  21.8   0.0  0.00   2.3  22.0  12:00m    SE
18  49.0  58.8   2:30p  41.9  11:30p  16.0   0.0  0.14  10.2  31.0  10:30a   WSW
19  39.8  49.1   2:30p  33.9   5:30a  21.0   0.0  0.20   7.2  28.0   3:30p     W
20  32.3  38.2   4:00p  26.2  10:00a  19.8   0.0  0.00   4.4  25.0  12:30p    NW
21  31.0  45.7   5:30p  17.1   7:30a  34.0   0.0  0.00   3.6  16.0   2:30p     W
22  31.4  37.6   4:30p  22.8  12:00m  33.6   0.0  0.01   9.9  31.0   4:30p     N
23  22.4  29.0   5:00p  16.2   7:00a  42.6   0.0  0.00  10.4  32.0   3:00p     N
24  28.7  42.9   5:00p  15.2   6:30a  36.3   0.0  0.00   4.9  20.0   1:30p     N
25  38.1  53.1   4:00p  23.2   6:30a  26.9   0.0  0.00   5.5  21.0   2:30p     E
26  39.4  47.8   2:30p  32.5   7:00a  25.6   0.0  0.12   2.7  16.0   3:00p     E
27  45.2  55.0   4:30p  37.5  12:30a  19.8   0.0  0.00   5.8  21.0   5:30a    NW
28  50.1  63.3   3:30p  38.2   4:00a  14.9   0.0  0.00   4.0  20.0   3:00p    NW
29  46.0  52.9  12:30a  37.2  12:00m  19.0   0.0  0.39   7.7  34.0   8:30p     E
30  34.6  37.6   6:00a  31.7   9:00p  30.4   0.0  0.03  14.1  39.0   1:30p    NW
31  37.4  48.2   5:30p  31.4   6:30a  27.6   0.0  0.00   6.4  35.0  12:30a    NW
-------------------------------------------------------------------------------------
    33.1  63.3    28     0.8     3   969.3   0.0  3.25   6.7  43.0    11      NW

Max >=  90.0:  0
Max <=  32.0:  7
Min <=  32.0: 23
Min <=   0.0:  0
Max Rain: 0.96 ON 03/07/09
Days of Rain: 10 (>.01 in) 7 (>.1 in) 0 (>1 in)
Heat Base:  65.0  Cool Base:  65.0  Method: Integration