NOAA-Style Climate Report Archive

for Hessville, NY - Since March 2004

(Reports Generated by WeatherLink)

Report for 2009 February
                   MONTHLY CLIMATOLOGICAL SUMMARY for FEB. 2009

NAME: Indian Trail Weather   CITY: Hessville   STATE: New York 
ELEV:  1041 ft  LAT:  42° 51' 52" N  LONG:  74° 43' 15" W

                   TEMPERATURE (°F), RAIN  (in), WIND SPEED (mph)

                                      HEAT  COOL        AVG
    MEAN                              DEG   DEG         WIND                 DOM
DAY TEMP  HIGH   TIME   LOW    TIME   DAYS  DAYS  RAIN  SPEED HIGH   TIME    DIR
------------------------------------------------------------------------------------
 1  30.0  42.3   3:30p  12.1   3:00a  35.0   0.0  0.00   7.8  29.0   1:30p     W
 2  31.8  36.6  12:30a  25.0  12:00m  33.2   0.0  0.00   5.4  16.0   6:30a     W
 3  23.2  27.2   2:30p  11.6  11:30p  41.8   0.0  0.00   3.2  13.0   1:30p   WNW
 4   7.0  14.2   2:30p   0.3  12:00m  58.0   0.0  0.00   9.4  25.0   8:00p   WNW
 5   3.7  10.7   3:00p  -2.6   7:00a  61.3   0.0  0.00  10.6  30.0   1:00p     W
 6  13.7  22.8   4:00p   6.0   1:00a  51.3   0.0  0.00   4.3  14.0  12:00p   WSW
 7  26.1  48.1   7:30p   7.1   4:30a  38.9   0.0  0.00   6.8  35.0   7:30p   WSW
 8  35.8  45.7  12:30a  26.3  12:00m  29.2   0.0  0.00  16.1  40.0  12:00p   WNW
 9  28.3  33.1   1:00p  24.8   2:00a  36.7   0.0  0.00   7.6  24.0   1:00a    NW
10  25.2  33.7  11:30p  16.8   7:00a  39.8   0.0  0.00   1.5  10.0   1:30p    SE
11  40.7  52.1  10:30a  30.5   2:30a  24.3   0.0  0.02   2.6  19.0   4:00a   SSE
12  37.6  48.2   3:30a  32.1  12:00m  27.4   0.0  0.10  19.3  47.0   5:30p   WNW
13  21.4  32.2  12:30a  16.2   9:00p  43.6   0.0  0.00  12.6  30.0  12:30a    NW
14  22.4  29.9   3:00p  15.9   7:00a  42.6   0.0  0.00   9.6  26.0   3:00a    NW
15  21.8  28.8   3:30p  15.4   7:00a  43.2   0.0  0.00   8.7  26.0   1:30p    NW
16  21.6  29.3   3:00p  15.9   2:30a  43.4   0.0  0.00   8.0  24.0   5:30p    NW
17  21.5  31.1   3:00p  13.3   4:00a  43.5   0.0  0.00   4.4  14.0   2:30p     W
18  23.6  30.3   9:30p  13.8   7:00a  41.4   0.0  0.16   4.1  20.0   1:30p   WNW
19  27.4  35.5   1:00p  14.4  11:30p  37.6   0.0  0.09   9.2  33.0   4:30p     W
20  18.5  23.4   3:00p  13.8   7:30a  46.5   0.0  0.00  17.6  41.0   2:00p     W
21  22.9  31.4   4:30p  19.5   6:30a  42.1   0.0  0.01   8.8  29.0   9:30a   WNW
22  25.0  33.6   1:00p  20.8  11:30p  40.0   0.0  0.14   7.3  32.0  10:00p    SE
23  17.4  21.2  12:30a  13.9  12:00m  47.6   0.0  0.00  18.6  39.0   5:00a   WNW
24  13.5  21.2   3:30p   8.3   7:00a  51.5   0.0  0.00  10.8  28.0   1:00a    NW
25  21.0  31.7   3:30p  10.1   6:30a  44.0   0.0  0.00   2.9  11.0   3:00a     W
26  32.6  43.6   3:30p  24.4   1:00a  32.4   0.0  0.09   1.8  21.0   3:30a     E
27  38.2  51.2  11:00a  26.3  12:00m  26.8   0.0  0.22  11.4  47.0   1:30p    SW
28  17.4  26.3  12:30a  11.1   9:30a  47.6   0.0  0.00   7.5  33.0   1:30a    NW
-------------------------------------------------------------------------------------
    23.9  52.1    11    -2.6     5  1150.7   0.0  0.83   8.5  47.0    12      NW

Max >=  90.0:  0
Max <=  32.0: 15
Min <=  32.0: 27
Min <=   0.0:  1
Max Rain: 0.22 ON 02/27/09
Days of Rain: 7 (>.01 in) 3 (>.1 in) 0 (>1 in)
Heat Base:  65.0  Cool Base:  65.0  Method: Integration