NOAA-Style Climate Report Archive

for Hessville, NY - Since March 2004

(Reports Generated by WeatherLink)

Report for 2009 January
                   MONTHLY CLIMATOLOGICAL SUMMARY for JAN. 2009

NAME: Indian Trail Weather   CITY: Hessville   STATE: New York 
ELEV:  1041 ft  LAT:  42° 51' 52" N  LONG:  74° 43' 15" W

                   TEMPERATURE (°F), RAIN  (in), WIND SPEED (mph)

                                      HEAT  COOL        AVG
    MEAN                              DEG   DEG         WIND                 DOM
DAY TEMP  HIGH   TIME   LOW    TIME   DAYS  DAYS  RAIN  SPEED HIGH   TIME    DIR
------------------------------------------------------------------------------------
 1   4.5  10.9   2:30p  -1.4   4:30a  60.5   0.0  0.00  10.8  30.0  11:00a    NW
 2  11.9  27.5  11:30p   1.4   4:30a  53.1   0.0  0.01   3.2  33.0  11:30p   ESE
 3  21.7  26.8  12:30a  16.3  12:00m  43.3   0.0  0.00  15.5  34.0   1:00a    NW
 4  17.0  26.9   3:00p   9.0   7:00a  48.0   0.0  0.03   5.5  22.0  12:30a   WNW
 5  26.7  33.6  11:30a  18.5   1:00a  38.3   0.0  0.00  12.4  35.0   6:00a   WNW
 6  21.7  29.7   1:30p  14.1   7:00a  43.3   0.0  0.02   4.9  21.0   4:30a     W
 7  27.5  31.4   9:00p  21.5  12:30a  37.5   0.0  0.60   6.1  21.0   4:00a   ESE
 8  23.5  29.7  12:30a  15.4  11:30p  41.5   0.0  0.08   9.7  40.0  12:00p   WNW
 9  13.7  18.2   3:00p  10.1  12:00m  51.3   0.0  0.00  10.8  33.0   2:30a    NW
10   9.4  13.8  12:30p   5.9   4:30a  55.6   0.0  0.11   4.5  14.0   9:00p     W
11  14.4  20.1  11:30a  10.1  12:30a  50.6   0.0  0.24   5.0  20.0  11:00a    NW
12  16.4  24.6   3:00p  11.8   2:30a  48.6   0.0  0.00   4.8  18.0  11:30a   WNW
13  23.5  32.4   3:00p  13.8   8:30a  41.5   0.0  0.01  10.8  39.0   3:30p    SW
14   4.7  16.8  12:30a   0.3   7:30a  60.3   0.0  0.00   8.5  36.0   2:00a    NW
15   3.5  12.6  10:30a  -2.4   9:30p  61.5   0.0  0.00   4.5  19.0   3:30p   NNW
16   3.3   9.2   2:00p  -1.6   1:00a  61.7   0.0  0.00  11.8  28.0   9:30a     W
17   4.8  12.8   2:00p  -2.8   7:00a  60.2   0.0  0.00   6.8  25.0   1:30a   WSW
18  15.0  20.4  11:00p   8.2   2:30a  50.0   0.0  0.17   2.9  16.0   2:00a   ESE
19  18.8  23.5  11:30a  10.9  11:30p  46.3   0.0  0.00   3.0  12.0  11:30p     N
20  12.3  18.9  12:30p   4.2  12:00m  52.7   0.0  0.00   7.7  21.0   8:30p   WNW
21  12.1  17.6  11:30p   4.4   2:00a  52.9   0.0  0.00   8.0  25.0  10:00a     W
22  22.7  27.5   3:30p  16.7  12:30a  42.3   0.0  0.00  10.0  29.0   2:00a     W
23  34.4  42.6   3:00p  25.4   3:30a  30.6   0.0  0.00   8.6  38.0  12:00m    SW
24  14.3  32.8  12:30a   2.7  11:30p  50.7   0.0  0.00  14.4  40.0   4:30a    NW
25   9.3  18.1   2:00p   2.0   2:00a  55.7   0.0  0.00  10.3  27.0  11:00a   WSW
26  11.9  19.5   3:00p   3.8   7:30a  53.1   0.0  0.00   6.7  18.0   1:00a     W
27  15.6  21.5   2:30p  11.3   6:30a  49.4   0.0  0.00   5.3  19.0   1:00p     W
28  19.0  29.3   8:00p  14.4   3:30a  46.0   0.0  0.51  10.2  43.0   9:00p   ESE
29  20.3  24.0   2:00p  16.7   7:00p  44.7   0.0  0.00   9.8  34.0  12:30a   WSW
30  23.7  29.7   1:00p  15.1  12:00m  41.3   0.0  0.00   8.9  25.0  11:30a   WSW
31  12.7  15.9   1:00p   9.4   6:30p  52.3   0.0  0.00   8.9  30.0  12:30p     W
-------------------------------------------------------------------------------------
    15.8  42.6    23    -2.8    17  1524.8   0.0  1.78   8.1  43.0    28       W

Max >=  90.0:  0
Max <=  32.0: 27
Min <=  32.0: 31
Min <=   0.0:  4
Max Rain: 0.60 ON 01/07/09
Days of Rain: 8 (>.01 in) 5 (>.1 in) 0 (>1 in)
Heat Base:  65.0  Cool Base:  65.0  Method: Integration