NOAA-Style Climate Report Archive

for Hessville, NY - Since March 2004

(Reports Generated by WeatherLink)

Report for 2009
                            ANNUAL CLIMATOLOGICAL SUMMARY

NAME: Indian Trail Weather  CITY: Hessville   STATE: New York  
ELEV:  1041 ft  LAT:  42° 51' 52" N  LONG:  74° 43' 15" W

               TEMPERATURE (°F), HEAT BASE 65.0, COOL BASE 65.0
                          DEP.  HEAT  COOL                                          
        MEAN  MEAN        FROM  DEG   DEG                        MAX  MAX  MIN  MIN 
 YR MO  MAX   MIN   MEAN  NORM  DAYS  DAYS  HI  DATE  LOW  DATE  >=90 <=32 <=32 <=0 
------------------------------------------------------------------------------------
 09  1  23.2   9.2  15.8  -4.7  1525     0  42.6  23  -2.8   17    0   27   31    4
 09  2  32.7  15.8  23.9   0.6  1151     0  52.1  11  -2.6    5    0   15   27    1
 09  3  42.5  24.4  33.1   1.7   969     0  63.3  28   0.8    3    0    7   23    0
 09  4  57.1  35.8  46.3   2.0   587    26  88.9  27  24.7   12    0    0   10    0
 09  5  65.9  45.3  55.5   0.2   323    29  83.9  21  32.8   19    0    0    0    0
 09  6  72.0  53.7  62.2  -1.8   139    54  86.2  25  35.3    1    0    0    0    0
 09  7  74.4  56.5  64.7  -3.2    94    85  83.1  28  48.5   14    0    0    0    0
 09  8  77.2  59.1  67.6   1.2    66   146  88.5  17  48.2    8    0    0    0    0
 09  9  67.7  48.5  57.9  -1.3   244    30  79.3  23  35.8   26    0    0    0    0
 09 10  53.1  38.8  45.4  -2.5   558     1  71.0  22  25.6   15    0    0    7    0
 09 11  48.9  33.9  41.4   3.8   707     1  69.9   9  24.3    7    0    0   13    0
 09 12  30.7  18.6  24.3  -1.8  1258     0  56.6   3   0.8   18    0   17   29    0
------------------------------------------------------------------------------------
        53.9  36.7  44.9  -0.5  7621   372  88.9 APR  -2.8  JAN    0   66  140    5

                                PRECIPITATION (in)

               DEP.   MAX        DAYS OF RAIN 
               FROM   OBS.          OVER
 YR MO  TOTAL  NORM   DAY  DATE .01   .1   1
---------------------------------------------
 09  1  1.78  -1.44  0.60    7    8    5    0
 09  2  0.83  -2.09  0.22   27    7    3    0
 09  3  3.25  -0.86  0.96    7   10    7    0
 09  4  1.73  -2.25  0.73   21    7    4    0
 09  5  4.77   0.45  1.49   27   16   10    1
 09  6  4.94   0.33  1.43   18   14    8    1
 09  7  3.91  -0.47  1.04   31   16    9    1
 09  8  5.08   0.78  1.76   29   10    8    2
 09  9  2.58  -1.37  1.07   27   11    5    1
 09 10  6.57   2.48  2.28   24   14    7    2
 09 11  1.29  -2.58  0.68   20    8    2    0
 09 12  2.33  -1.01  0.50    9   10    8    0
---------------------------------------------
       39.06 -8.03  2.28  OCT  131   76    8

                                WIND SPEED (mph)
                          DOM
 YR MO   AVG.  HI   DATE  DIR
---------------------------------
 09  1   8.1  43.0   28     W
 09  2   8.5  47.0   12    NW
 09  3   6.7  43.0   11    NW
 09  4   8.1  47.0    4     W
 09  5   6.5  51.0   14     W
 09  6   3.9  33.0   25     W
 09  7   4.8  32.0   11     W
 09  8   4.2  32.0   10     W
 09  9   4.5  34.0   29     W
 09 10   3.4  44.0    7     W
 09 11   1.7  37.0   28    NW
 09 12   2.4  45.0   28     N
---------------------------------
         5.2  51.0  MAY    W