NOAA-Style Climate Report Archive

for Hessville, NY - Since March 2004

(Reports Generated by WeatherLink)

Report for 2008 December
                   MONTHLY CLIMATOLOGICAL SUMMARY for DEC. 2008

NAME: Indian Trail Weather   CITY: Hessville   STATE: New York 
ELEV:  1041 ft  LAT:  42° 51' 52" N  LONG:  74° 43' 15" W

                   TEMPERATURE (°F), RAIN  (in), WIND SPEED (mph)

                                      HEAT  COOL        AVG
    MEAN                              DEG   DEG         WIND                 DOM
DAY TEMP  HIGH   TIME   LOW    TIME   DAYS  DAYS  RAIN  SPEED HIGH   TIME    DIR
------------------------------------------------------------------------------------
 1  36.9  46.6  12:30p  31.1  12:30a  28.1   0.0  0.23   7.8  32.0  12:00m   WSW
 2  31.6  35.9   2:00a  23.1   9:30p  33.4   0.0  0.00   9.4  32.0   1:00a   WSW
 3  30.8  40.5   2:30p  20.9   7:00a  34.2   0.0  0.00   4.9  22.0  10:30a     W
 4  33.0  40.8  11:00a  28.1  11:30p  32.0   0.0  0.17   7.9  29.0   9:00p     N
 5  23.5  29.1   1:00p  16.0  12:00m  41.5   0.0  0.00   6.3  21.0   9:30a   WNW
 6  21.8  27.2   2:30p  14.6   1:30a  43.2   0.0  0.00   6.0  20.0   1:00p    SW
 7  21.1  27.5  10:30a   7.6  12:00m  43.9   0.0  0.00  13.1  44.0   3:30p   WNW
 8   7.0  16.7   3:30p  -0.9   8:00a  58.0   0.0  0.00   4.6  21.0   2:30a    NW
 9  30.2  48.6   9:00p   8.7  12:30a  34.8   0.0  0.10   9.9  39.0   8:00p    SW
10  39.7  53.7   8:00a  25.7  12:00m  25.3   0.0  0.62  11.6  41.0   7:30a    NW
11  25.5  28.1  10:00p  22.9   7:00a  39.5   0.0  0.62   3.4  12.0  12:30a     N
12  26.3  31.1   7:00a  18.5  12:00m  38.7   0.0  0.44   7.9  27.0   9:30a    NW
13  14.3  20.6   3:00p   9.0  12:00m  50.7   0.0  0.00   4.7  20.0  12:30a    NW
14  23.4  35.8   5:00p   9.0  12:30a  41.6   0.0  0.00   2.3  14.0   2:30p    SW
15  44.2  56.0   1:30p  28.1   2:30a  20.8   0.0  0.19  13.8  40.0  12:30p    SW
16  24.6  32.8  12:30a  20.8  12:00m  40.4   0.0  0.02   7.3  32.0  12:30a    NW
17  26.2  31.7   5:30p  19.0   3:00a  38.8   0.0  0.28   7.0  25.0   5:30p   ENE
18  28.6  31.4   1:00p  25.9   7:30p  36.4   0.0  0.00   8.6  26.0   1:00p     W
19  18.2  27.5  12:30a  11.9   8:30p  46.8   0.0  0.06   8.1  25.0  12:30p   ESE
20  11.6  16.2   2:00p   8.2   9:00p  53.4   0.0  0.09   3.2  14.0  12:30a   ESE
21  11.3  12.8   6:00a  10.6   1:30a  14.5   0.0  0.00   8.6  20.0   4:30a   ESE
22
23
24
25
26
27
28
29
30
31
-------------------------------------------------------------------------------------
    25.2  56.0    15    -0.9     8   796.0   0.0  2.82   7.4  44.0     7      NW

Max >=  90.0:  0
Max <=  32.0: 12
Min <=  32.0: 21
Min <=   0.0:  1
Max Rain: 0.62 ON 12/10/08
Days of Rain: 11 (>.01 in) 7 (>.1 in) 0 (>1 in)
Heat Base:  65.0  Cool Base:  65.0  Method: Integration