NOAA-Style Climate Report Archive

for Hessville, NY - Since March 2004

(Reports Generated by WeatherLink)

Report for 2008 November
                   MONTHLY CLIMATOLOGICAL SUMMARY for NOV. 2008

NAME: Indian Trail Weather   CITY: Hessville   STATE: New York 
ELEV:  1041 ft  LAT:  42° 51' 52" N  LONG:  74° 43' 15" W

                   TEMPERATURE (°F), RAIN  (in), WIND SPEED (mph)

                                      HEAT  COOL        AVG
    MEAN                              DEG   DEG         WIND                 DOM
DAY TEMP  HIGH   TIME   LOW    TIME   DAYS  DAYS  RAIN  SPEED HIGH   TIME    DIR
------------------------------------------------------------------------------------
 1  44.5  51.8  12:30a  30.6  11:00p  20.5   0.0  0.00   8.0  20.0   2:00p    NW
 2  32.1  41.5   2:00p  25.4   5:00a  32.2   0.0  0.00   3.3  16.0   1:30p     E
 3  39.4  52.5   1:30p  27.7   3:30a  25.6   0.0  0.01   3.6  24.0   4:30p    SW
 4  47.9  58.3   2:00p  37.2   3:00a  17.1   0.0  0.00   2.2  17.0   1:00a     E
 5  50.3  58.8   2:30p  42.2   3:00a  14.7   0.0  0.00   1.2   8.0  12:30p     E
 6  54.7  62.4   1:30p  47.6   5:30a  10.3   0.0  0.00   2.3  13.0   1:30p     E
 7  54.2  56.6  12:30p  48.8  12:00m  10.8   0.0  0.00   1.1   7.0   3:30p     E
 8  48.5  55.6  11:30a  41.6  12:00m  16.5   0.0  0.14   2.4  21.0   8:30p    NW
 9  42.1  46.6  10:30a  36.2   7:00a  22.9   0.0  0.00   6.6  21.0  10:30p     W
10  35.7  41.2  12:30a  31.1   7:00p  29.3   0.0  0.02  11.0  28.0   3:30p     W
11  34.7  38.2  12:00p  31.9   5:30a  30.3   0.0  0.02   9.2  26.0   2:00a     W
12  34.5  39.8   2:30p  29.3  11:30p  30.5   0.0  0.00   1.5  10.0   1:00p     E
13  36.4  44.1  12:00m  29.6   2:00a  28.6   0.0  0.10   0.9  10.0  11:30a     E
14  51.1  63.2   3:00p  43.9  12:30a  13.9   0.0  0.00   2.5  19.0   3:00p   WNW
15  55.3  67.6   1:30p  47.9   5:00a   9.9   0.2  0.21   5.0  33.0   6:00p   SSW
16  38.1  54.7  12:30a  31.8  12:00m  26.9   0.0  0.01  15.9  40.0  11:00a     W
17  31.0  38.5  12:30p  26.6   8:30p  34.0   0.0  0.01   9.4  29.0   2:30a     W
18  24.4  29.3   1:00p  20.1  12:00m  40.6   0.0  0.00   7.4  27.0   6:30p     N
19  21.4  27.8   1:30p  17.0   7:00a  43.6   0.0  0.00   6.9  22.0  10:00a     N
20  22.4  29.0   1:00p  18.1   3:30a  42.6   0.0  0.00   5.8  21.0   2:00p     W
21  19.8  26.2   2:30p  14.6  12:00m  45.2   0.0  0.00   6.3  22.0   1:30p    NW
22  16.1  20.6   1:30p  10.4   7:30a  48.9   0.0  0.00  10.5  27.0  11:00a    NW
23  20.5  26.5   1:30p  15.2   4:00a  44.5   0.0  0.00   6.0  22.0  12:00p     W
24  26.9  34.5   7:30p  19.0   5:00a  38.1   0.0  0.25   3.9  14.0   1:30a   ESE
25  33.1  34.9  12:00p  29.9  12:00m  31.9   0.0  0.35   2.0  16.0   3:30p   ESE
26  32.1  37.5  12:00p  26.6   5:00a  32.9   0.0  0.00   8.4  29.0  10:00p   WSW
27  33.1  38.8  12:30p  29.9   6:00a  31.9   0.0  0.00   8.9  26.0   1:30a   WSW
28  35.3  40.3  12:30p  31.8  12:30a  29.7   0.0  0.00  10.9  29.0   8:00a   WSW
29  31.7  36.0   3:00p  26.8  12:00m  33.3   0.0  0.00   7.1  27.0  12:30a     W
30  26.7  31.1  11:30p  21.7   3:00a  38.3   0.0  0.43   4.6  21.0   5:30p     E
-------------------------------------------------------------------------------------
    35.8  67.6    15    10.4    22   875.5   0.2  1.55   5.8  40.0    16       W

Max >=  90.0:  0
Max <=  32.0:  7
Min <=  32.0: 22
Min <=   0.0:  0
Max Rain: 0.43 ON 11/30/08
Days of Rain: 8 (>.01 in) 5 (>.1 in) 0 (>1 in)
Heat Base:  65.0  Cool Base:  65.0  Method: Integration