NOAA-Style Climate Report Archive

for Hessville, NY - Since March 2004

(Reports Generated by WeatherLink)

Report for 2008 September
                   MONTHLY CLIMATOLOGICAL SUMMARY for SEP. 2008

NAME: Indian Trail Weather   CITY: Hessville   STATE: New York 
ELEV:  1041 ft  LAT:  42° 51' 52" N  LONG:  74° 43' 15" W

                   TEMPERATURE (°F), RAIN  (in), WIND SPEED (mph)

                                      HEAT  COOL        AVG
    MEAN                              DEG   DEG         WIND                 DOM
DAY TEMP  HIGH   TIME   LOW    TIME   DAYS  DAYS  RAIN  SPEED HIGH   TIME    DIR
------------------------------------------------------------------------------------
 1  70.6  78.2   4:00p  55.6   7:00a   0.4   4.2  0.00   5.4  18.0   4:30p    NW
 2  70.5  83.7   2:30p  59.2   7:00a   1.4   6.4  0.00   5.0  16.0   5:30a     W
 3  70.4  81.6   3:00p  61.4   6:30a   0.5   6.0  0.00   4.7  17.0   3:30p     W
 4  70.8  81.4   3:30p  60.6   1:00a   0.8   6.6  0.00   3.7  13.0   9:30a   NNE
 5  73.8  87.2   2:00p  61.4   7:30a   0.4   9.1  0.00   4.4  31.0   2:00p    SE
 6  66.0  69.8   2:00p  63.0   4:30a   0.3   1.3  0.63   1.6  20.0  12:00m   SSE
 7  62.7  70.6   4:00p  57.0  11:30p   3.2   0.8  0.00   7.5  26.0  11:00a    NW
 8  62.7  74.6   4:00p  51.0   6:30a   4.5   2.3  0.00   4.0  19.0   4:00p     W
 9  61.1  68.3   7:00a  53.7  11:30p   4.2   0.4  0.31   7.5  30.0   8:30a    NW
10  55.0  65.0   5:30p  44.2  12:00m  10.0   0.0  0.00   3.4  14.0  12:30a     N
11  54.2  67.6   4:00p  40.5   6:30a  10.9   0.1  0.00   2.5  16.0  11:00p    SW
12  62.4  66.6  11:30a  56.3   1:00a   2.7   0.1  0.38   6.1  22.0  10:00a   WSW
13  68.8  77.8   3:30p  61.9  12:30a   0.5   4.3  0.01   1.5  11.0   1:30p     W
14  76.1  85.5   3:30p  67.1   2:30a   0.0  11.1  0.11   8.0  32.0  11:30p    SW
15  65.0  79.5   1:00a  54.1  12:00m   2.9   2.9  0.03  13.4  48.0   3:30a    NW
16  55.9  64.2   2:00p  50.0   7:30a   9.1   0.0  0.07   3.8  16.0   5:00p     W
17  57.3  71.3   4:30p  43.3   7:00a   8.9   1.2  0.01   3.8  13.0  11:30a     W
18  56.5  63.7   2:00p  42.3  12:00m   8.5   0.0  0.00   6.4  21.0   1:00p     N
19  50.0  62.5   3:00p  40.2  12:30a  15.0   0.0  0.00   3.2  16.0   3:00p     E
20  54.1  70.6   5:30p  38.1   7:00a  11.5   0.5  0.00   2.1  13.0   4:00a     E
21  59.0  71.3  12:30p  52.5   4:00a   6.5   0.5  0.00   5.1  19.0   2:30p     W
22  54.0  64.8   4:30p  42.3  12:00m  11.0   0.0  0.00   1.9  11.0  11:00a     N
23  51.8  68.4   3:30p  36.9   5:30a  13.6   0.4  0.00   1.4  10.0  12:00p     W
24  56.6  71.7   4:00p  42.3   4:30a   9.7   1.3  0.00   2.2  13.0   2:30p     E
25  57.4  69.4   3:00p  47.8   7:30a   8.2   0.6  0.00   3.1  18.0   1:00p    SE
26  53.1  57.0   7:00p  48.2   7:00a  11.9   0.0  0.60   3.6  13.0   3:30p   ESE
27  60.0  64.5   5:00p  56.6  12:30a   4.9   0.0  0.04   2.8  12.0   6:00p   ESE
28  64.4  71.7  12:30p  61.1  12:00m   1.7   1.0  0.11   3.3  18.0   9:30p    NW
29  55.1  61.1  12:30a  52.1  12:00m   9.9   0.0  0.04   6.3  18.0  11:00a    NW
30  56.8  65.3   2:30p  50.6   6:30a   8.2   0.0  0.29   2.1  13.0   1:00p     E
-------------------------------------------------------------------------------------
    61.1  87.2     5    36.9    23   181.3  61.1  2.63   4.3  48.0    15       W

Max >=  90.0:  0
Max <=  32.0:  0
Min <=  32.0:  0
Min <=   0.0:  0
Max Rain: 0.63 ON 09/06/08
Days of Rain: 11 (>.01 in) 7 (>.1 in) 0 (>1 in)
Heat Base:  65.0  Cool Base:  65.0  Method: Integration