NOAA-Style Climate Report Archive

for Hessville, NY - Since March 2004

(Reports Generated by WeatherLink)

Report for 2008 August
                   MONTHLY CLIMATOLOGICAL SUMMARY for AUG. 2008

NAME: Indian Trail Weather   CITY: Hessville   STATE: New York 
ELEV:  1041 ft  LAT:  42° 51' 52" N  LONG:  74° 43' 15" W

                   TEMPERATURE (°F), RAIN  (in), WIND SPEED (mph)

                                      HEAT  COOL        AVG
    MEAN                              DEG   DEG         WIND                 DOM
DAY TEMP  HIGH   TIME   LOW    TIME   DAYS  DAYS  RAIN  SPEED HIGH   TIME    DIR
------------------------------------------------------------------------------------
 1  70.0  78.8   4:00p  62.1   6:00a   0.3   4.7  0.00   4.5  19.0   4:00p    NW
 2  65.1  75.0   3:00p  59.5  11:30p   1.6   1.7  0.19   3.7  28.0   5:00p   WSW
 3  65.2  74.1   3:30p  59.9   3:00a   1.7   1.9  0.00   6.4  22.0   1:30p    NW
 4  67.9  74.4   6:30p  62.1   3:30a   0.6   3.5  0.09   6.1  25.0  11:00a    NW
 5  70.1  81.0   3:00p  59.5   5:00a   0.9   6.0  0.00   2.5  10.0   2:00a     W
 6  70.9  77.5   2:30p  64.5  11:00p   0.0   5.9  0.02   7.4  28.0   2:00p    NW
 7  65.9  74.4  11:30a  59.2  12:00m   1.3   2.2  0.05   4.3  16.0   8:30a     W
 8  61.1  69.1   4:30p  56.6   3:00a   4.1   0.2  0.40   5.3  20.0   4:30p     W
 9  64.1  74.4   6:30p  55.9  12:00m   3.2   2.3  0.00   4.6  19.0  10:00a   WNW
10  58.4  66.1   3:00p  52.5   4:00a   6.6   0.0  0.92   2.7  14.0  11:30a   ESE
11  58.8  63.7   5:30p  57.0   5:00a   5.5   0.0  0.54   2.0  13.0   1:30p     E
12  63.2  72.3   4:30p  55.9   6:30a   3.0   1.4  0.01   5.4  24.0   3:30p    NW
13  61.8  74.4   2:30p  52.8   6:00a   4.4   1.5  0.53   4.1  18.0  12:30p     W
14  63.5  75.0   4:00p  55.3   6:00a   4.1   2.6  0.11   3.0  13.0  12:30p     N
15  60.9  72.9   4:30p  54.3  11:30p   5.5   1.5  0.36   2.4  27.0   7:00p     W
16  62.4  71.8   4:00p  53.4   6:00a   4.1   1.5  0.01   6.4  22.0   2:30p     W
17  67.0  77.5   3:30p  58.5   5:30a   1.9   3.9  0.00   7.9  22.0   6:00a     W
18  69.8  81.4   4:00p  61.4   4:00a   0.7   5.4  0.11   6.4  26.0   4:30p     W
19  62.3  68.3   1:30a  57.4   9:30a   2.3   0.2  0.38   6.9  21.0  10:30a    NW
20  56.0  67.8   6:00p  47.5   5:00a   6.9   0.2  0.00   4.7  16.0  11:00a     W
21  60.6  75.8   4:00p  49.1   5:30a   4.4   1.6  0.00   2.0  10.0   6:00a   ENE
22  73.1  79.7   3:30p  58.5  12:30a   0.1   4.0  0.00   1.4  12.0   2:30p     E
23  71.7  80.2   4:00p  59.1   8:00a   0.1   3.2  0.00   1.5  12.0   4:30p    SW
24  74.5  82.0   2:30p  61.3   7:30a   0.1   5.5  0.00   1.6  11.0  12:00p    SW
25  66.1  70.1   2:00p  57.1   9:30p   0.6   1.2  0.00   5.1  25.0   3:30p    NW
26  63.8  71.3   3:30p  50.7   7:30a   1.9   1.2  0.00   3.7  17.0   4:00p     N
27  64.6  73.2   4:30p  53.7   7:30a   2.1   1.8  0.00   2.4  12.0  10:00a   ESE
28  62.9  73.9   2:00p  52.3   6:30a   4.3   2.2  0.00   2.3  14.0   2:00p   ESE
29  61.9  66.1   4:30p  58.0   4:30a   3.1   0.1  0.06   1.4  14.0   9:30a   ESE
30  65.8  75.0   5:00p  60.3   7:30a   1.4   2.3  0.01   3.1  18.0   6:30p    NW
31  67.5  75.5   4:00p  57.1   6:30a   1.4   3.2  0.00   5.3  19.0   1:30p     W
-------------------------------------------------------------------------------------
    65.1  82.0    24    47.5    20    78.2  72.9  3.79   4.1  28.0     2       W

Max >=  90.0:  0
Max <=  32.0:  0
Min <=  32.0:  0
Min <=   0.0:  0
Max Rain: 0.92 ON 08/10/08
Days of Rain: 13 (>.01 in) 9 (>.1 in) 0 (>1 in)
Heat Base:  65.0  Cool Base:  65.0  Method: Integration