NOAA-Style Climate Report Archive

for Hessville, NY - Since March 2004

(Reports Generated by WeatherLink)

Report for 2008 July
                   MONTHLY CLIMATOLOGICAL SUMMARY for JUL. 2008

NAME: Indian Trail Weather   CITY: Hessville   STATE: New York 
ELEV:  1041 ft  LAT:  42° 51' 52" N  LONG:  74° 43' 15" W

                   TEMPERATURE (°F), RAIN  (in), WIND SPEED (mph)

                                      HEAT  COOL        AVG
    MEAN                              DEG   DEG         WIND                 DOM
DAY TEMP  HIGH   TIME   LOW    TIME   DAYS  DAYS  RAIN  SPEED HIGH   TIME    DIR
------------------------------------------------------------------------------------
 1  71.2  74.4   5:30p  65.8  10:30a   0.0   1.5  0.00   1.3  15.0   6:00p     N
 2  69.3  76.9   5:00p  62.1  10:30p   0.0   1.0  0.00   1.8  18.0  12:00m    SW
 3  67.5  75.1   1:00p  60.6  12:00m   0.3   2.3  1.02   7.5  27.0  12:30p   WSW
 4  59.7  71.5   2:00p  53.4   6:00a   3.5   0.3  0.78   1.3  11.0   5:00a   WNW
 5  62.9  73.2   7:00p  55.2   3:30a   1.2   0.6  0.00   0.9  10.0   7:00p     W
 6  73.2  80.2   2:30p  66.6  10:30p   0.0   1.4  0.00   0.6  10.0   2:00p   SSE
 7  78.4  85.7   5:00p  68.1   3:30a   0.0   8.1  0.00   2.3  13.0   3:30a   ESE
 8  77.0  86.4   3:30p  67.6   6:00a   0.0   9.8  0.00   4.9  24.0  12:00m     W
 9  73.3  75.8  12:30a  69.6   4:30p   0.0   3.3  0.12   5.4  21.0  12:30a   WSW
10  65.6  71.8   4:00p  56.3  12:00m   1.4   1.9  0.00   8.0  28.0   1:30a    NW
11  62.5  70.5   4:30p  53.8   5:30a   3.2   1.2  0.00   1.8  14.0   1:30p   WSW
12  77.8  87.0   5:00p  59.7  12:30a   0.2   7.9  0.00   2.6  24.0  11:00p    SW
13  70.9  79.5   4:30p  65.4  11:00p   0.0   5.0  1.49   8.4  43.0   5:30p    SW
14  68.6  76.0   5:00p  63.0   7:30a   0.2   3.0  0.01   4.9  19.0   5:00p     W
15  69.1  74.3   7:00p  62.9   7:30a   0.1   0.6  0.00   0.4   8.0   7:30p     N
16  70.4  70.5   9:30p  70.1   9:30p   0.0   0.1  0.00   0.5  12.0   9:30p     W
17  77.6  82.8   4:00p  70.1   9:30p   0.0   7.9  0.00   1.8  13.0  11:30p     W
18  74.5  86.6   3:00p  67.6   5:00a   0.0   9.5  0.05   6.0  30.0   4:30p   WSW
19  75.5  85.3   3:00p  67.3  11:30p   0.0   9.6  0.06   6.7  22.0  12:00p     W
20  69.5  82.4   4:00p  66.6   1:30a   0.0   4.5  0.52   3.1  29.0   5:30p     W
21  71.0  78.9   5:30p  63.7  11:30p   0.0   6.0  0.03   2.7  16.0  12:00p     N
22  67.4  78.4   2:00p  59.5  12:00m   0.9   3.2  1.78   2.1  32.0   3:30p     N
23  63.8  67.8   2:00p  60.0  12:30a   1.5   0.4  2.14   1.7  13.0  11:30a   WSW
24  66.4  77.8   3:30p  60.0  12:00m   1.0   2.3  0.25   4.1  24.0   4:30p    SE
25  68.2  79.5   6:00p  57.0   3:30a   2.1   5.3  0.00   4.8  17.0  12:00p   WSW
26  71.8  82.2   4:30p  62.5  11:30p   0.2   5.3  0.55   5.6  24.0   6:30p    SW
27  68.0  78.6   2:00p  60.5   6:30a   1.3   4.3  0.30   3.3  21.0   2:30p     W
28  68.7  78.2   4:00p  60.8   4:00a   0.8   4.5  0.01   5.6  26.0   6:00p     W
29  69.3  78.2   4:30p  61.4   6:00a   0.7   5.0  0.00   6.4  25.0   1:30a     W
30  68.1  79.3   2:30p  55.6   6:30a   1.9   4.9  0.00   2.8  12.0   1:00p     E
31  70.6  77.8   3:00p  65.1  12:00m   0.0   5.2  0.48   5.8  22.0   3:00p     W
-------------------------------------------------------------------------------------
    69.9  87.0    12    53.4     4    20.5 125.9  9.59   3.7  43.0    13       W

Max >=  90.0:  0
Max <=  32.0:  0
Min <=  32.0:  0
Min <=   0.0:  0
Max Rain: 2.14 ON 07/23/08
Days of Rain: 14 (>.01 in) 11 (>.1 in) 4 (>1 in)
Heat Base:  65.0  Cool Base:  65.0  Method: Integration