NOAA-Style Climate Report Archive

for Hessville, NY - Since March 2004

(Reports Generated by WeatherLink)

Report for 2008 June
                   MONTHLY CLIMATOLOGICAL SUMMARY for JUN. 2008

NAME: Indian Trail Weather   CITY: Hessville   STATE: New York 
ELEV:  1041 ft  LAT:  42° 51' 52" N  LONG:  74° 43' 15" W

                   TEMPERATURE (°F), RAIN  (in), WIND SPEED (mph)

                                      HEAT  COOL        AVG
    MEAN                              DEG   DEG         WIND                 DOM
DAY TEMP  HIGH   TIME   LOW    TIME   DAYS  DAYS  RAIN  SPEED HIGH   TIME    DIR
------------------------------------------------------------------------------------
 1  58.9  64.8   4:30p  54.4  12:00m   6.1   0.0  0.02   7.9  24.0   2:30p    NW
 2  61.5  72.9   3:30p  49.5   4:30a   5.5   2.0  0.00   8.8  28.0   2:30p    NW
 3  65.0  76.2  12:00p  55.9   3:00a   2.4   2.4  0.00   5.0  21.0  12:00p     N
 4  60.1  64.0  12:30a  56.8   6:00a   4.9   0.0  0.00   4.6  14.0  12:00p   ESE
 5  64.2  73.7   5:30p  58.9   4:00a   2.5   1.7  0.03   5.2  17.0   7:30p   ESE
 6  67.9  80.1   2:00p  60.0   3:30a   1.6   4.5  2.33   3.9  24.0  11:30a   ENE
 7  75.7  88.7   4:00p  64.8   6:00a   0.0  10.8  0.00   5.3  22.0   3:30p     W
 8  75.9  83.7  12:00p  67.9   5:00a   0.0  10.9  0.35   7.5  24.0   1:00p     W
 9  79.5  91.5   5:30p  68.6   4:00a   0.0  13.9  0.03   6.7  32.0   4:00a   WNW
10  75.8  89.1   2:30p  65.8  12:00m   0.0  10.6  0.88   5.7  31.0   7:30p     W
11  68.1  76.4   3:30p  59.4   5:00a   1.1   4.3  0.00   8.7  30.0   4:30p    NW
12  64.6  75.5   5:30p  53.1  12:00m   3.4   3.0  0.00   5.4  18.0  11:30a    NW
13  66.3  81.0   5:30p  47.8   5:00a   4.4   5.7  0.00   2.5  12.0   3:30p    SW
14  71.6  82.4   2:00p  62.2   5:30a   0.2   6.8  0.00   3.2  17.0   3:30p    NE
15  70.8  79.1   4:00p  58.8  12:00m   0.3   6.1  0.15   5.2  40.0  11:00p    NW
16  63.1  76.2   1:00p  57.0   5:30p   3.4   1.5  0.32   6.7  32.0   5:30p   WSW
17  57.6  65.0   3:30p  51.0  11:00p   7.4   0.0  0.01   6.6  27.0   4:30p    NW
18  54.6  60.8   3:30p  49.8  10:00p  10.4   0.0  0.26   3.5  16.0   8:00a     W
19  56.5  65.8   5:00p  46.9   6:00a   8.5   0.0  0.00   4.6  19.0  11:30a     W
20  59.8  67.9   4:30p  52.5   4:30a   5.5   0.3  0.40   4.3  18.0  12:00p   WSW
21  64.9  77.8   5:00p  54.0   5:30a   3.0   2.9  0.01   3.7  18.0   1:30p     W
22  67.0  79.1   5:00p  58.5  12:00m   1.5   3.2  0.01   3.0  18.0   2:00p     W
23  66.1  77.3   4:00p  57.6   1:30a   2.2   3.2  0.78   3.7  28.0  11:00p     N
24  62.5  71.0   1:30p  57.3   2:00a   3.0   0.7  0.08   7.1  25.0   4:00p    NW
25  65.8  76.6   4:30p  55.6   6:00a   2.3   2.9  0.00   4.1  19.0   3:00p    NW
26  68.3  77.5   5:30p  62.7   9:00a   0.1   1.7  0.08   1.6  17.0   6:30a     N
27  74.8  78.8   6:00p  70.6  10:00a   0.0   2.5  0.00   0.9  13.0  12:00p     W
28  73.1  77.5  11:30a  70.1  11:00p   0.0   2.2  0.24   1.3  17.0   3:00p     W
29  70.2  77.6   6:00p  63.2  12:00m   0.1   2.2  0.01   2.4  13.0   5:30a    SW
30  68.6  77.1   5:00p  62.5   1:00a   0.3   2.6  0.01   3.3  14.0  11:00a     W
-------------------------------------------------------------------------------------
    66.6  91.5     9    46.9    19    80.1 108.6  6.00   4.7  40.0    15       W

Max >=  90.0:  1
Max <=  32.0:  0
Min <=  32.0:  0
Min <=   0.0:  0
Max Rain: 2.33 ON 06/06/08
Days of Rain: 14 (>.01 in) 9 (>.1 in) 1 (>1 in)
Heat Base:  65.0  Cool Base:  65.0  Method: Integration