NOAA-Style Climate Report Archive

for Hessville, NY - Since March 2004

(Reports Generated by WeatherLink)

Report for 2008 May
                   MONTHLY CLIMATOLOGICAL SUMMARY for MAY. 2008

NAME: Indian Trail Weather   CITY: Hessville   STATE: New York 
ELEV:  1041 ft  LAT:  42° 51' 52" N  LONG:  74° 43' 15" W

                   TEMPERATURE (°F), RAIN  (in), WIND SPEED (mph)

                                      HEAT  COOL        AVG
    MEAN                              DEG   DEG         WIND                 DOM
DAY TEMP  HIGH   TIME   LOW    TIME   DAYS  DAYS  RAIN  SPEED HIGH   TIME    DIR
------------------------------------------------------------------------------------
 1  44.7  58.8   4:00p  26.0   6:00a  20.3   0.0  0.00   3.8  20.0   1:00p   WSW
 2  44.7  48.4  12:30a  40.2   6:00a  20.3   0.0  0.27   5.8  17.0   3:00p     E
 3  49.4  54.3   1:30p  46.7  11:00p  15.6   0.0  0.20   7.8  22.0   7:00p   ESE
 4  48.4  57.3   3:00p  38.9  12:00m  16.6   0.0  0.25   5.6  24.0   3:00p     N
 5  50.3  65.8   4:00p  34.9   6:00a  14.7   0.0  0.00   4.6  17.0   6:00p     W
 6  54.7  65.4   2:00p  42.8   6:30a  10.3   0.0  0.00   7.8  30.0   5:30p   WSW
 7  56.7  68.9   2:30p  41.2   6:00a   8.8   0.5  0.02   3.7  22.0   9:30p     W
 8  55.0  62.7  10:00a  44.2  12:00m  10.0   0.0  0.06   9.1  30.0   1:30p     W
 9  48.4  56.6   6:30p  36.9   6:30a  16.6   0.0  0.00   4.7  20.0  10:00a     W
10  52.5  63.2   1:00p  38.2   5:30a  12.5   0.0  0.00   5.9  26.0   7:00p   WNW
11  54.1  66.3   3:00p  37.0   5:30a  11.0   0.0  0.00   7.4  27.0  12:30p    SE
12  50.1  59.1   6:00p  43.2   6:30a  14.9   0.0  0.00   8.4  30.0  11:00a     E
13  55.1  70.6   5:00p  37.5   6:30a  10.7   0.8  0.00   3.8  22.0   8:30p    NW
14  59.7  76.2   3:30p  39.6   5:00a   7.6   2.3  0.00   4.0  17.0  10:30a    SW
15  58.5  63.8   2:30p  47.9  11:30p   6.5   0.0  0.02   8.4  26.0   3:30p   WSW
16  48.6  53.4   1:30p  43.3   6:30a  16.4   0.0  0.18   2.9  12.0  11:30a   WNW
17  53.6  67.6   3:00p  41.1   6:00a  11.5   0.1  0.03   7.3  33.0   5:30p     W
18  48.5  55.3  11:00a  41.9  12:00m  16.5   0.0  0.23   5.6  32.0  10:30p     W
19  42.8  48.2   5:00p  37.8   4:00a  22.2   0.0  0.00  12.9  36.0  12:00p   WNW
20  49.4  59.4   2:00p  36.0   6:00a  15.6   0.0  0.00   5.6  22.0   1:00a     W
21  46.1  56.2  11:00a  39.1   6:00a  18.9   0.0  0.03   6.2  27.0  12:00p     W
22  45.1  52.8   4:00p  37.2   2:30a  19.9   0.0  0.07   8.8  31.0   5:30p    NW
23  51.0  58.5   5:00p  46.1   1:30a  14.0   0.0  0.03  10.7  29.0  12:30p    NW
24  53.8  64.3   4:30p  43.6   5:00a  11.2   0.0  0.00   8.0  26.0   5:00p     N
25  57.6  71.0   5:30p  44.2   5:00a   8.6   1.2  0.00   5.9  20.0   2:00p     W
26  66.2  80.8   4:00p  47.8   2:30a   3.7   4.9  0.01   7.6  26.0   4:00p     W
27  60.4  72.5  12:30p  45.1  12:00m   5.7   1.3  0.00   8.5  30.0   3:30p    NW
28  48.3  59.4   4:30p  37.0   4:00a  16.7   0.0  0.00   7.6  22.0  12:00p    NW
29  55.8  69.8   5:30p  38.9   3:00a  10.0   0.8  0.00  10.1  30.0   3:00p     W
30  63.1  76.9   4:00p  47.2   5:30a   4.8   2.9  0.00   3.8  14.0   1:00a     W
31  67.2  75.5   5:00p  58.9   9:30p   0.9   3.1  0.31   9.3  31.0   4:00a   WSW
-------------------------------------------------------------------------------------
    52.9  80.8    26    26.0     1   393.0  17.9  1.71   6.8  36.0    19       W

Max >=  90.0:  0
Max <=  32.0:  0
Min <=  32.0:  1
Min <=   0.0:  0
Max Rain: 0.31 ON 05/31/08
Days of Rain: 13 (>.01 in) 6 (>.1 in) 0 (>1 in)
Heat Base:  65.0  Cool Base:  65.0  Method: Integration