NOAA-Style Climate Report Archive

for Hessville, NY - Since March 2004

(Reports Generated by WeatherLink)

Report for 2008 April
                   MONTHLY CLIMATOLOGICAL SUMMARY for APR. 2008

NAME: Indian Trail Weather   CITY: Hessville   STATE: New York 
ELEV:  1041 ft  LAT:  42° 51' 52" N  LONG:  74° 43' 15" W

                   TEMPERATURE (°F), RAIN  (in), WIND SPEED (mph)

                                      HEAT  COOL        AVG
    MEAN                              DEG   DEG         WIND                 DOM
DAY TEMP  HIGH   TIME   LOW    TIME   DAYS  DAYS  RAIN  SPEED HIGH   TIME    DIR
------------------------------------------------------------------------------------
 1  54.3  62.5   3:30p  38.6  12:00m  10.7   0.0  0.19  19.1  49.0  12:00m    SW
 2  30.0  38.6  12:30a  24.8  12:00m  35.0   0.0  0.00  15.8  49.0  12:30a    NW
 3  36.8  51.0   4:00p  21.7   7:00a  28.2   0.0  0.00   6.0  22.0   5:30p   WSW
 4  37.2  40.8   5:30p  31.5   6:00a  27.8   0.0  0.42   3.1  18.0   2:30a   ESE
 5  40.3  48.2   6:00p  35.9   8:00a  24.7   0.0  0.04   7.1  22.0   9:30a    NW
 6  41.7  53.1   4:00p  33.0   6:30a  23.3   0.0  0.00   7.8  25.0   9:00p    SE
 7  44.4  57.1   4:30p  35.5   3:30a  20.6   0.0  0.00  10.4  26.0   4:30p   ESE
 8  45.6  61.7   5:00p  29.4   6:30a  19.4   0.0  0.00   5.4  17.0   3:00a   ESE
 9  53.1  67.9   3:30p  37.0   7:30a  12.0   0.1  0.00   7.1  29.0   1:30p    SW
10  47.1  55.5   5:00p  39.9   6:00a  17.9   0.0  0.00   8.6  25.0   2:00a    NW
11  39.9  42.2   1:00a  36.9  10:00a  25.1   0.0  0.24   4.5  19.0  12:00p     E
12  49.0  61.9  11:00a  41.5  12:30a  16.0   0.0  0.25   8.5  33.0   3:30p    NW
13  37.5  42.6   1:00a  32.8  11:30p  27.5   0.0  0.00   9.9  30.0   3:00p     N
14  39.2  47.9   3:00p  32.7   3:00a  25.8   0.0  0.00   9.4  26.0   2:30p     N
15  41.0  53.2   4:30p  28.3   5:30a  24.0   0.0  0.00   7.1  21.0  11:00a     W
16  48.7  66.1   5:30p  32.2   3:00a  16.3   0.0  0.00   4.8  18.0   1:00p     W
17  57.1  74.4   5:00p  35.5   6:00a  10.0   2.2  0.00   2.6  13.0   2:30p   WNW
18  63.1  77.1   6:30p  48.1   5:00a   5.4   3.5  0.00   5.1  17.0  12:30p     W
19  65.4  81.6   3:30p  48.4   6:30a   4.5   4.9  0.00   4.5  24.0   5:30p    SW
20  59.5  72.7   2:00p  46.6   5:00a   7.0   1.5  0.00   6.4  28.0   2:00p    SE
21  59.5  73.6   4:00p  44.8   6:00a   7.4   1.9  0.00   4.8  19.0   4:30p   ESE
22  61.5  75.0   4:30p  45.2   5:30a   6.0   2.5  0.00   4.3  22.0  12:00m   ENE
23  63.9  75.8   4:00p  53.5   5:30a   3.2   2.1  0.00   8.1  26.0   3:00a     W
24  58.1  69.1   4:30p  47.8  12:00m   7.5   0.6  0.00   8.3  27.0  12:30a     N
25  58.5  75.0   4:00p  38.3   5:30a   8.4   1.8  0.00   2.6  14.0   1:00p   ENE
26  60.8  72.2   4:00p  52.3  12:00m   5.4   1.2  0.14   7.6  26.0   5:00p     E
27  54.5  63.0   5:00p  48.4   6:30a  10.5   0.0  0.11   2.6  12.0   2:00p     E
28  46.8  50.6   5:00p  42.2  12:00m  18.2   0.0  0.91   6.6  21.0  11:30p   ESE
29  41.0  45.7   3:00p  36.2  11:30p  24.0   0.0  0.01  11.6  32.0   4:00p    NW
30  37.8  46.9   4:30p  30.3  12:00m  27.2   0.0  0.00   8.5  25.0   4:30p   WNW
-------------------------------------------------------------------------------------
    49.1  81.6    19    21.7     3   499.0  22.3  2.31   7.3  49.0     1      NW

Max >=  90.0:  0
Max <=  32.0:  0
Min <=  32.0:  6
Min <=   0.0:  0
Max Rain: 0.91 ON 04/28/08
Days of Rain: 8 (>.01 in) 7 (>.1 in) 0 (>1 in)
Heat Base:  65.0  Cool Base:  65.0  Method: Integration