NOAA-Style Climate Report Archive

for Hessville, NY - Since March 2004

(Reports Generated by WeatherLink)

Report for 2008 March
                   MONTHLY CLIMATOLOGICAL SUMMARY for MAR. 2008

NAME: Indian Trail Weather   CITY: Hessville   STATE: New York 
ELEV:  1041 ft  LAT:  42° 51' 52" N  LONG:  74° 43' 15" W

                   TEMPERATURE (°F), RAIN  (in), WIND SPEED (mph)

                                      HEAT  COOL        AVG
    MEAN                              DEG   DEG         WIND                 DOM
DAY TEMP  HIGH   TIME   LOW    TIME   DAYS  DAYS  RAIN  SPEED HIGH   TIME    DIR
------------------------------------------------------------------------------------
 1  24.9  31.9  12:00p  18.9  12:30a  40.1   0.0  0.24   9.6  35.0   4:30p    NW
 2  22.1  30.2   4:30p  16.0   7:00a  42.9   0.0  0.00   9.2  25.0   2:00a   WNW
 3  32.5  51.5  12:00m  14.6   5:00a  32.5   0.0  0.00   5.8  32.0   8:30p    SW
 4  35.5  51.9  12:30a  29.9  11:00a  29.5   0.0  0.72   8.0  36.0   1:00a    NW
 5  32.0  38.8  12:00p  27.1   6:30p  33.0   0.0  0.97   8.9  38.0   5:30p   WNW
 6  30.7  38.9   3:30p  23.2   5:30a  34.3   0.0  0.00   3.7  19.0   2:00a   WNW
 7  32.4  42.8   3:30p  22.0   4:30a  32.6   0.0  0.77   3.1  12.0   9:00p     E
 8  34.2  39.1   9:00p  25.6  12:00m  30.8   0.0  1.08   9.1  53.0  11:00p   ESE
 9  21.3  25.6  12:30a  18.4   6:30a  41.9   0.0  0.00  19.6  49.0   1:30a   WNW
10  21.3  29.6   4:30p  14.4   7:30a  43.7   0.0  0.00   8.3  24.0   2:30p     W
11  26.5  37.6   5:00p  16.8   3:30a  38.5   0.0  0.00   5.0  18.0  10:30a     W
12  30.3  33.4  12:30p  22.6  12:00m  34.7   0.0  0.01   8.8  33.0   4:30p    NW
13  23.8  30.5   6:00p  14.2   8:00a  41.2   0.0  0.00   5.1  18.0   4:00p     E
14  37.6  43.1   1:30p  29.3  12:30a  27.4   0.0  0.04   3.0  11.0   4:00a     W
15  37.1  43.1   3:00p  33.9   6:00a  27.9   0.0  0.16   1.5  12.0   9:00p    SE
16  32.5  37.3   3:30p  25.7  12:00m  32.5   0.0  0.00   9.0  29.0  10:00p     N
17  25.9  36.3   5:00p  17.0   7:30a  39.1   0.0  0.00   8.9  26.0   3:00a    NW
18  28.9  35.6   4:30p  21.4   5:30a  36.1   0.0  0.01   4.0  14.0   5:30p    SE
19  34.6  38.3   5:30p  30.3  12:30a  30.4   0.0  1.52   1.0  10.0  11:30p   ESE
20  33.4  38.6   2:30a  25.9  11:30p  31.6   0.0  0.06  17.2  47.0   9:30p    NW
21  23.3  28.0   4:00p  17.4   9:30a  41.7   0.0  0.00  19.4  40.0   2:00p    NW
22  24.9  33.1   4:30p  18.1   7:00a  40.1   0.0  0.00  11.8  29.0  12:30a    NW
23  23.5  31.1   4:00p  16.7   7:00a  41.5   0.0  0.00   8.5  26.0   1:00p    NW
24  25.8  39.5   1:30p  16.3   5:00a  39.2   0.0  0.00   6.8  22.0   5:00p    NW
25  30.0  43.6   4:00p  13.8   7:00a  35.0   0.0  0.00   7.5  40.0   8:00p    SW
26  37.1  44.5   4:00p  27.7  11:30p  27.9   0.0  0.11  11.6  44.0   1:00a    NW
27  35.9  46.1   2:00p  27.1   1:00a  29.1   0.0  0.07   7.0  22.0   2:00p   WSW
28  32.1  37.8   2:30p  24.8  11:30p  32.9   0.0  0.64   3.9  26.0   8:30p    NW
29  21.6  26.2   4:00p  13.3  11:30p  43.4   0.0  0.00  11.4  31.0  11:30a    NW
30  24.6  37.3   5:00p   9.4   7:00a  40.4   0.0  0.00   5.1  15.0   6:00p   ESE
31  32.3  48.1  12:00m  27.7   2:00a  32.7   0.0  0.69   1.8  21.0  12:00m     E
-------------------------------------------------------------------------------------
    29.3  51.9     4     9.4    30  1104.6   0.0  7.09   7.9  53.0     8      NW

Max >=  90.0:  0
Max <=  32.0:  8
Min <=  32.0: 30
Min <=   0.0:  0
Max Rain: 1.52 ON 03/19/08
Days of Rain: 13 (>.01 in) 10 (>.1 in) 2 (>1 in)
Heat Base:  65.0  Cool Base:  65.0  Method: Integration