NOAA-Style Climate Report Archive

for Hessville, NY - Since March 2004

(Reports Generated by WeatherLink)

Report for 2008 February
                   MONTHLY CLIMATOLOGICAL SUMMARY for FEB. 2008

NAME: Indian Trail Weather   CITY: Hessville   STATE: New York 
ELEV:  1041 ft  LAT:  42° 51' 52" N  LONG:  74° 43' 15" W

                   TEMPERATURE (°F), RAIN  (in), WIND SPEED (mph)

                                      HEAT  COOL        AVG
    MEAN                              DEG   DEG         WIND                 DOM
DAY TEMP  HIGH   TIME   LOW    TIME   DAYS  DAYS  RAIN  SPEED HIGH   TIME    DIR
------------------------------------------------------------------------------------
 1  26.6  34.3  12:00m  20.8   2:00a  38.4   0.0  0.90   8.3  33.0  11:30a   ESE
 2  32.4  36.0   1:00a  30.5  12:00m  32.6   0.0  0.02  10.7  40.0   4:00a   WNW
 3  31.6  36.0  12:00p  29.7   8:00a  33.4   0.0  0.00   4.7  14.0  12:30p     W
 4  30.9  32.4  11:00a  29.6   6:30a  34.1   0.0  0.01   4.2  13.0   8:00p   ESE
 5  38.4  47.3   3:00p  31.5  12:30a  26.6   0.0  0.46   5.0  24.0   3:00p     W
 6  35.5  38.9  12:30a  30.8   9:00p  29.5   0.0  1.29   3.6  19.0   7:30p   ESE
 7  28.0  36.3  12:00p  20.1  12:00m  37.0   0.0  0.34   3.1  25.0   1:00p    NW
 8  24.1  33.1   2:00p  19.8   2:30a  40.9   0.0  0.00   1.0  10.0  10:30a     N
 9  30.1  36.3  10:00p  25.6   7:00a  34.9   0.0  0.09   3.6  26.0  11:30p   WSW
10  21.7  35.3  12:30a   3.7  11:00p  43.3   0.0  0.01  16.8  45.0   4:30p     W
11   8.9  15.7   2:30p   3.1   1:30a  56.1   0.0  0.00  15.9  40.0  12:30a   WNW
12  11.6  18.5  12:30p   3.8   6:30a  53.4   0.0  0.09   5.5  18.0  12:30a   WNW
13  24.1  32.8   2:30p  14.7  12:30a  40.9   0.0  0.61   6.0  29.0  11:30p    NW
14  20.7  26.8   4:00p  13.0   6:30a  44.3   0.0  0.00   7.0  20.0   2:30a    NW
15  25.4  34.0  11:00a  13.6  11:30p  39.6   0.0  0.00  13.7  33.0   3:30a    NW
16  13.8  22.0   4:00p   6.0   6:30a  51.2   0.0  0.00   3.4  17.0   2:00a   WNW
17  21.2  36.3   9:00p   5.7   3:00a  43.8   0.0  0.12   3.0  24.0   2:00p     N
18  41.1  52.6   6:30a  35.0   1:30a   8.4   0.0  0.07   4.6  25.0   4:30a    NE
19
20
21
22
23
24
25
26
27
28
29
-------------------------------------------------------------------------------------
    25.9  52.6    18     3.1    11   688.4   0.0  4.01   6.7  45.0    10     WNW

Max >=  90.0:  0
Max <=  32.0:  4
Min <=  32.0: 17
Min <=   0.0:  0
Max Rain: 1.29 ON 02/06/08
Days of Rain: 10 (>.01 in) 6 (>.1 in) 1 (>1 in)
Heat Base:  65.0  Cool Base:  65.0  Method: Integration