NOAA-Style Climate Report Archive

for Hessville, NY - Since March 2004

(Reports Generated by WeatherLink)

Report for 2008 January
                   MONTHLY CLIMATOLOGICAL SUMMARY for JAN. 2008

NAME: Indian Trail Weather   CITY: Hessville   STATE: New York 
ELEV:  1041 ft  LAT:  42° 51' 52" N  LONG:  74° 43' 15" W

                   TEMPERATURE (°F), RAIN  (in), WIND SPEED (mph)

                                      HEAT  COOL        AVG
    MEAN                              DEG   DEG         WIND                 DOM
DAY TEMP  HIGH   TIME   LOW    TIME   DAYS  DAYS  RAIN  SPEED HIGH   TIME    DIR
------------------------------------------------------------------------------------
 1  26.2  32.4   1:30p  17.0   1:00a  38.8   0.0  0.31   3.1  13.0   7:00a   ESE
 2  10.9  31.1  12:30a   0.8  11:30p  54.1   0.0  0.00  13.2  29.0   3:30a    NW
 3  -0.7   6.0   3:30p  -8.7   7:30a  65.7   0.0  0.00   6.6  21.0   3:00p    NW
 4  15.6  26.8   2:00p  -0.3   2:30a  49.4   0.0  0.00   6.9  25.0  10:30a     W
 5  24.8  36.2  12:00m  16.2   6:00a  40.2   0.0  0.07   3.2  14.0   1:30a   WSW
 6  37.6  42.9  11:30a  35.0   9:30p  27.4   0.0  0.00   1.6  12.0  12:30a     N
 7  46.3  55.9   3:30p  35.8  12:30a  18.7   0.0  0.00   5.6  26.0  11:30a   WSW
 8  57.0  64.0  12:30p  50.3   7:30a   8.0   0.0  0.00  13.1  36.0   9:00p   WSW
 9  47.6  57.0   8:30a  36.2  12:00m  17.4   0.0  0.07  19.0  48.0  11:00a   WNW
10  34.2  39.1   3:00p  29.7   7:00p  30.8   0.0  0.00   7.3  36.0   1:30a   WNW
11  37.6  47.3   4:00p  30.8   1:30a  27.4   0.0  1.01   5.3  22.0   6:30p   ESE
12  36.0  41.2   1:00p  30.3  11:30p  29.0   0.0  0.00   7.7  28.0  11:30a    NW
13  31.6  36.3   1:30p  28.1   8:00a  33.4   0.0  0.03   5.0  16.0   4:30p     E
14  29.6  30.6   3:00p  28.5  12:30a  34.7   0.0  0.21   4.0  14.0   2:00a     E
15  27.0  31.2  12:30a  17.1  12:00m  38.0   0.0  0.00   9.2  25.0   7:00p     W
16  19.3  27.4   1:30p  13.8   7:00a  45.7   0.0  0.00   7.6  20.0   2:00p     W
17  18.3  25.3  10:30p   9.5   7:00a  46.7   0.0  0.02   2.4  12.0  10:30p    SW
18  28.4  37.6  11:00a  16.8  12:00m  36.6   0.0  0.12   8.9  30.0  10:30a    NW
19  21.3  27.2   2:30p  15.9  12:00m  43.7   0.0  0.00   9.8  27.0  11:30a     W
20  11.8  16.0  12:30a   8.7  12:00m  53.2   0.0  0.00  13.3  30.0  12:30p     W
21  11.5  19.2   1:30p   6.6   6:00a  53.5   0.0  0.00   8.5  22.0   1:00a     W
22  22.2  31.4   9:30p   8.9   7:30a  42.8   0.0  0.00  11.2  37.0  11:30p   WSW
23  19.8  26.3  12:30a  14.2  12:00m  45.2   0.0  0.00  10.6  33.0  12:30a     W
24  16.2  23.7   1:00p  10.6   7:00a  48.8   0.0  0.00   4.8  22.0  12:00m     W
25  18.0  24.7   3:30p  12.3   7:30a  47.0   0.0  0.00  11.8  33.0  10:00a     W
26  20.7  26.0   2:30p  18.5  12:30a  44.3   0.0  0.02   5.1  25.0   2:00a   ENE
27  22.7  30.2   4:00p  17.0  10:00p  42.3   0.0  0.00   2.3   8.0   6:30p   ESE
28  24.7  31.8   2:00p  19.5   6:00a  40.3   0.0  0.00   6.9  18.0  11:00a     N
29  22.2  29.7  12:00m  13.3   4:00a  42.8   0.0  0.08   2.2  10.0  10:30p    SE
30  27.2  42.5   8:30a  17.1  10:30p  37.8   0.0  0.18   9.9  37.0   9:30a    NW
31  19.2  24.4   3:00p  13.4   7:30a  45.8   0.0  0.00   6.3  22.0  12:30a   WNW
-------------------------------------------------------------------------------------
    25.3  64.0     8    -8.7     3  1229.5   0.0  2.12   7.5  48.0     9       W

Max >=  90.0:  0
Max <=  32.0: 19
Min <=  32.0: 27
Min <=   0.0:  2
Max Rain: 1.01 ON 01/11/08
Days of Rain: 11 (>.01 in) 5 (>.1 in) 1 (>1 in)
Heat Base:  65.0  Cool Base:  65.0  Method: Integration