NOAA-Style Climate Report Archive

for Hessville, NY - Since March 2004

(Reports Generated by WeatherLink)

Report for 2008
                            ANNUAL CLIMATOLOGICAL SUMMARY

NAME: Indian Trail Weather  CITY: Hessville   STATE: New York  
ELEV:  1041 ft  LAT:  42° 51' 52" N  LONG:  74° 43' 15" W

               TEMPERATURE (°F), HEAT BASE 65.0, COOL BASE 65.0
                          DEP.  HEAT  COOL                                          
        MEAN  MEAN        FROM  DEG   DEG                        MAX  MAX  MIN  MIN 
 YR MO  MAX   MIN   MEAN  NORM  DAYS  DAYS  HI  DATE  LOW  DATE  >=90 <=32 <=32 <=0 
------------------------------------------------------------------------------------
 08  1  32.9  18.2  25.3   4.8  1230     0  64.0   8  -8.7    3    0   19   27    2
 08  2  33.6  18.7  25.9   2.6   688     0  52.6  18   3.1   11    0    4   17    0
 08  3  37.7  21.3  29.3  -2.1  1105     0  51.9   4   9.4   30    0    8   30    0
 08  4  60.1  38.3  49.1   4.8   499    22  81.6  19  21.7    3    0    0    6    0
 08  5  63.2  41.3  52.9  -2.4   393    18  80.8  26  26.0    1    0    0    1    0
 08  6  76.2  58.4  66.6   2.6    80   109  91.5   9  46.9   19    1    0    0    0
 08  7  78.1  62.5  69.9   2.0    21   126  87.0  12  53.4    4    0    0    0    0
 08  8  74.0  56.9  65.1  -1.3    78    73  82.0  24  47.5   20    0    0    0    0
 08  9  71.2  51.7  61.1   1.9   181    61  87.2   5  36.9   23    0    0    0    0
 08 10  42.9  28.9  35.6 -12.3    86     0  57.6  31  28.3   30    0    0    3    0
 08 11  42.8  29.7  35.8  -1.8   876     0  67.6  15  10.4   22    0    7   22    0
 08 12  32.9  17.1  25.2  -0.9   796     0  56.0  15  -0.9    8    0   12   21    1
------------------------------------------------------------------------------------
        56.1  38.9  47.3  -0.2  6032   409  91.5 JUN  -8.7  JAN    1   50  127    3

                                PRECIPITATION (in)

               DEP.   MAX        DAYS OF RAIN 
               FROM   OBS.          OVER
 YR MO  TOTAL  NORM   DAY  DATE .01   .1   1
---------------------------------------------
 08  1  2.12  -1.10  1.01   11   11    5    1
 08  2  4.01   1.09  1.29    6   10    6    1
 08  3  7.09   2.98  1.52   19   13   10    2
 08  4  2.31  -1.67  0.91   28    8    7    0
 08  5  1.71  -2.61  0.31   31   13    6    0
 08  6  6.00   1.39  2.33    6   14    9    1
 08  7  9.59   5.21  2.14   23   14   11    4
 08  8  3.79  -0.51  0.92   10   13    9    0
 08  9  2.63  -1.32  0.63    6   11    7    0
 08 10  0.01  -4.08  0.01   29    0    0    0
 08 11  1.55  -2.32  0.43   30    8    5    0
 08 12  2.82  -0.52  0.62   10   11    7    0
---------------------------------------------
       43.63 -3.46  2.33  JUN  126   82    9

                                WIND SPEED (mph)
                          DOM
 YR MO   AVG.  HI   DATE  DIR
---------------------------------
 08  1   7.5  48.0    9     W
 08  2   6.7  45.0   10   WNW
 08  3   7.9  53.0    8    NW
 08  4   7.3  49.0    1    NW
 08  5   6.8  36.0   19     W
 08  6   4.7  40.0   15     W
 08  7   3.7  43.0   13     W
 08  8   4.1  28.0    2     W
 08  9   4.3  48.0   15     W
 08 10  10.8  37.0   29   WNW
 08 11   5.8  40.0   16     W
 08 12   7.4  44.0    7    NW
---------------------------------
         6.0  53.0  MAR    W