NOAA-Style Climate Report Archive

for Hessville, NY - Since March 2004

(Reports Generated by WeatherLink)

Report for 2007 November
                   MONTHLY CLIMATOLOGICAL SUMMARY for NOV. 2007

NAME: Indian Trail Weather   CITY: Hessville   STATE: New York 
ELEV:  1041 ft  LAT:  42° 51' 52" N  LONG:  74° 43' 15" W

                   TEMPERATURE (°F), RAIN  (in), WIND SPEED (mph)

                                      HEAT  COOL        AVG
    MEAN                              DEG   DEG         WIND                 DOM
DAY TEMP  HIGH   TIME   LOW    TIME   DAYS  DAYS  RAIN  SPEED HIGH   TIME    DIR
------------------------------------------------------------------------------------
 1  48.4  55.9   5:15a  39.6  11:00p  16.6   0.0  0.03  10.8  32.0  12:30a    NW
 2  39.0  47.8   3:00p  27.8   7:45a  26.0   0.0  0.00   3.0  16.0  12:30a   ENE
 3  38.0  44.8   4:00p  30.5   5:45a  27.0   0.0  0.00   4.6  25.0   6:30p   SSE
 4  40.6  49.1  12:45p  34.2  12:00m  24.4   0.0  0.00   7.6  20.0  12:45a     W
 5  43.5  52.6   2:00p  33.9   4:15a  21.5   0.0  0.31   6.7  33.0   9:00p    SW
 6  41.7  46.3  11:00a  37.2   5:30p  23.3   0.0  0.51  11.7  36.0   9:15p   WSW
 7  34.4  38.5  12:45a  31.1  11:00p  30.6   0.0  0.05  12.3  33.0   4:30a   WNW
 8  31.3  36.5  12:45p  26.5   9:15p  33.7   0.0  0.00   1.7  12.0   1:00a   ENE
 9  31.4  39.2   1:15p  21.9   5:15a  33.6   0.0  0.00   3.2  13.0  12:45p   ENE
10  33.6  41.3   2:30p  25.4  11:45p  31.4   0.0  0.07   3.5  16.0   3:00p   ESE
11  30.2  40.8   1:15p  23.1   5:00a  34.8   0.0  0.00   4.4  17.0   1:45p   WNW
12  30.9  35.3  12:00m  23.2   1:15a  34.1   0.0  0.22   1.3   7.0   9:45a   ESE
13  42.9  51.0  11:30a  32.5   9:15p  22.1   0.0  0.01   5.7  22.0   6:15a    NW
14  44.9  61.1   1:15p  28.0   6:30a  20.1   0.0  0.02   6.3  35.0   2:45p    SW
15  41.1  51.3  12:15a  36.9  10:15a  23.9   0.0  1.58   7.3  28.0   3:15a    NW
16  32.1  38.8  12:15a  27.8  11:00p  32.9   0.0  0.00  13.0  34.0   1:15p    NW
17  29.0  33.9  12:00p  22.8  12:00m  36.0   0.0  0.02   7.0  22.0  12:15p   WNW
18  28.7  37.9  12:45p  19.2   7:00a  36.3   0.0  0.01   2.2  10.0   8:15p   SSE
19  29.8  36.0   3:15p  22.3   6:00a  35.2   0.0  0.00   3.5  13.0   9:00a   ESE
20  33.9  36.6   4:00p  31.1   4:00a  31.1   0.0  0.65   1.6  11.0   1:45a   ESE
21  39.5  45.4  12:00m  34.0  12:45a  25.5   0.0  0.15   1.9   8.0   5:00a    SE
22  39.7  46.4   2:30p  26.6  11:45p  25.3   0.0  0.15   6.3  33.0   5:00p   ESE
23  23.2  27.2   2:30p  16.8  12:00m  41.8   0.0  0.00  10.2  30.0   1:15a    NW
24  22.9  31.2   2:00p  10.9   2:30a  42.1   0.0  0.00   5.5  20.0   8:45p   WSW
25  34.4  44.1   2:15p  27.7   2:45a  30.6   0.0  0.00   9.2  25.0   9:00a   WSW
26  35.9  42.2  11:30p  32.5   6:15a  29.1   0.0  1.39   1.7  19.0  10:45p   ESE
27  38.5  52.5   2:15a  29.0  10:30p  26.5   0.0  0.21  14.2  41.0   9:15p   WNW
28  28.1  29.9   2:15p  26.6   8:45a  36.9   0.0  0.00   7.4  36.0  12:15a     N
29  36.4  46.9   1:15p  26.9  12:15a  28.6   0.0  0.00  14.1  37.0  10:15a   WSW
30  30.0  36.0   6:15p  25.0   7:00a  35.0   0.0  0.00  13.4  40.0   6:30p     W
-------------------------------------------------------------------------------------
    35.1  61.1    14    10.9    24   896.0   0.0  5.38   6.7  41.0    27      NW

Max >=  90.0:  0
Max <=  32.0:  3
Min <=  32.0: 22
Min <=   0.0:  0
Max Rain: 1.58 ON 11/15/07
Days of Rain: 14 (>.01 in) 9 (>.1 in) 2 (>1 in)
Heat Base:  65.0  Cool Base:  65.0  Method: Integration