NOAA-Style Climate Report Archive

for Hessville, NY - Since March 2004

(Reports Generated by WeatherLink)

Report for 2007 October
                   MONTHLY CLIMATOLOGICAL SUMMARY for OCT. 2007

NAME: Indian Trail Weather   CITY: Hessville   STATE: New York 
ELEV:  1041 ft  LAT:  42° 51' 52" N  LONG:  74° 43' 15" W

                   TEMPERATURE (°F), RAIN  (in), WIND SPEED (mph)

                                      HEAT  COOL        AVG
    MEAN                              DEG   DEG         WIND                 DOM
DAY TEMP  HIGH   TIME   LOW    TIME   DAYS  DAYS  RAIN  SPEED HIGH   TIME    DIR
------------------------------------------------------------------------------------
 1  56.0  68.6   3:15p  44.4   6:00a   9.5   0.6  0.00   4.0  27.0  11:45a   SSW
 2  57.7  69.9   3:30p  46.3   7:45a   8.0   0.7  0.01   3.6  22.0   4:45p    SW
 3  66.7  75.8   3:45p  57.0   7:45a   2.2   3.9  0.00   6.7  29.0  11:30a    SW
 4  66.3  77.1   2:00p  56.5  11:15p   2.0   3.3  0.00   3.4  16.0   2:45p     W
 5  65.7  81.4   5:15p  52.6   5:30a   3.7   4.4  0.00   2.3  11.0   2:00p   WSW
 6  72.6  85.7   2:45p  63.8   8:45a   0.0   4.5  0.12   4.0  22.0   2:15p     W
 7  61.7  67.1  12:15a  55.2   7:45p   3.8   0.5  0.63   2.9  12.0   1:00a     E
 8  66.6  73.9   1:30p  53.7   3:30a   2.2   3.8  1.00   8.3  26.0   6:15a   WNW
 9  57.8  69.9  12:15a  52.2  10:30a   7.2   0.3  0.96   4.5  18.0   1:00a   ESE
10  59.0  66.4   2:15p  54.1  11:15p   6.0   0.0  0.22   3.4  19.0  11:30p     E
11  54.2  56.2   3:00p  52.3   7:00a  10.8   0.0  0.32   3.3  17.0  12:45a     N
12  46.5  55.7  12:15a  41.5  10:00p  18.5   0.0  0.26  11.9  32.0   1:15p    NW
13  46.8  54.9   3:00p  38.6   7:30a  18.2   0.0  0.02   7.8  25.0  11:45a     W
14  47.0  53.2   3:00p  42.1   4:00a  18.0   0.0  0.02   8.4  31.0  12:15a    NW
15  50.0  57.4   3:30p  45.5   9:45p  15.0   0.0  0.00   7.6  25.0   1:30p     W
16  49.0  62.1   4:00p  40.5   5:30a  16.0   0.0  0.00   3.9  16.0  12:15a     N
17  50.0  64.3   4:15p  40.6   2:00a  15.0   0.0  0.00   0.8   8.0   1:00p    SE
18  57.5  67.6   2:00p  48.1   7:15a   7.7   0.2  0.00   0.8   7.0   2:15p     E
19  64.0  73.4  12:15p  55.9   5:00a   3.1   2.1  1.07   3.7  30.0  12:30p     E
20  57.4  64.8  12:30p  52.5   6:30p   7.6   0.0  0.12   8.2  29.0  11:00a     W
21  61.0  74.3   3:00p  49.1   7:15a   5.7   1.8  0.00  10.3  27.0  10:00p   WSW
22  65.2  80.2   3:45p  54.6   5:15a   2.9   3.1  0.00   4.4  27.0   1:30a   WSW
23  62.9  72.5  11:00a  50.1  10:00p   3.2   1.2  0.51  10.5  38.0  12:00p    SW
24  49.4  54.1   3:30p  45.2  11:00p  15.6   0.0  0.07   3.1  11.0   3:30a     N
25  48.2  57.6   2:45p  39.2   7:45a  16.8   0.0  0.00   2.6  17.0   2:00p   ESE
26  46.3  55.5   1:45p  36.5   6:00a  18.7   0.0  0.49   4.8  20.0  11:15a   ESE
27  54.0  60.8   4:15p  50.6  12:15a  11.0   0.0  1.29   5.5  26.0   5:00p   ESE
28  42.0  54.0  12:15a  34.0  11:45p  23.0   0.0  0.02  12.0  41.0   2:15a    NW
29  37.4  47.3   3:30p  27.7   7:30a  27.6   0.0  0.00   6.3  22.0  12:00m     W
30  46.8  58.8   2:30p  40.1   7:45a  18.2   0.0  0.00   6.8  24.0   4:00a   WSW
31  50.7  66.3   2:15p  36.2   7:45a  14.4   0.1  0.00   6.2  34.0   8:00p    SW
-------------------------------------------------------------------------------------
    55.4  85.7     6    27.7    29   331.6  30.5  7.13   5.5  41.0    28       W

Max >=  90.0:  0
Max <=  32.0:  0
Min <=  32.0:  1
Min <=   0.0:  0
Max Rain: 1.29 ON 10/27/07
Days of Rain: 16 (>.01 in) 12 (>.1 in) 2 (>1 in)
Heat Base:  65.0  Cool Base:  65.0  Method: Integration