NOAA-Style Climate Report Archive

for Hessville, NY - Since March 2004

(Reports Generated by WeatherLink)

Report for 2007 September
                   MONTHLY CLIMATOLOGICAL SUMMARY for SEP. 2007

NAME: Indian Trail Weather   CITY: Hessville   STATE: New York 
ELEV:  1041 ft  LAT:  42° 51' 52" N  LONG:  74° 43' 15" W

                   TEMPERATURE (°F), RAIN  (in), WIND SPEED (mph)

                                      HEAT  COOL        AVG
    MEAN                              DEG   DEG         WIND                 DOM
DAY TEMP  HIGH   TIME   LOW    TIME   DAYS  DAYS  RAIN  SPEED HIGH   TIME    DIR
------------------------------------------------------------------------------------
 1  60.9  71.0   4:30p  50.0  12:00m   5.3   1.2  0.00   5.4  19.0   1:45p    NW
 2  59.4  76.2   5:15p  42.2   6:45a   8.2   2.6  0.00   3.4  18.0   3:45p    SW
 3  68.6  81.8   3:15p  58.6   3:45a   1.7   5.3  0.00   8.5  24.0   3:15p     W
 4  64.3  72.9   3:00p  55.5  12:00m   2.5   1.8  0.00   6.3  20.0   1:45p     W
 5  60.1  73.7   3:30p  45.5   7:00a   6.5   1.6  0.00   2.5  14.0   1:45p    NE
 6  68.8  84.9   3:00p  53.2   6:00a   3.6   7.4  0.00   5.0  26.0  10:15p    SW
 7  78.9  91.9   3:30p  68.8   7:00a   0.0  13.9  0.00   8.9  28.0  11:00p    SW
 8  76.5  86.4   3:00p  66.8  12:00m   0.0  11.4  0.06   9.1  30.0   1:45a     W
 9  65.0  67.6   1:15a  63.8   8:00a   0.3   0.3  0.40   1.8  11.0  10:15a    SE
10  65.5  69.6   4:15p  63.5   7:15a   0.5   1.0  0.54   1.4   8.0   8:00p   NNE
11  63.7  73.2   5:00p  57.7  12:00m   2.6   1.3  0.42   4.7  26.0   7:15p   ESE
12  57.7  65.6   4:15p  52.1   5:45a   7.3   0.0  0.00  12.8  34.0  10:30a     W
13  58.1  70.5   4:15p  50.1  11:00p   7.6   0.7  0.00   2.7  12.0  12:15a     W
14  62.3  72.0   1:15p  50.4   1:30a   4.6   1.9  0.00   7.4  31.0  12:30p    SW
15  53.6  66.9  12:15a  47.9  11:15p  11.5   0.1  0.45   9.1  30.0  11:45a    NW
16  48.6  58.3   5:15p  39.5   4:00a  16.4   0.0  0.00   4.1  14.0   1:15p     W
17  49.8  63.8   3:45p  36.9   7:00a  15.2   0.0  0.00   3.1  12.0   1:45p   WSW
18  53.3  67.6   3:00p  40.1   6:45a  11.9   0.3  0.00   2.2  14.0   1:00p    SW
19  57.4  73.7   4:30p  42.9   6:00a   9.4   1.7  0.00   2.2  16.0   1:00p    NW
20  66.2  78.4   3:00p  52.9  12:15a   2.8   4.0  0.00   4.5  18.0   2:45a     W
21  65.8  80.1   3:15p  53.1   5:30a   3.2   4.0  0.00   2.1  13.0  12:00m     W
22  68.7  83.5   3:15p  58.6   7:15a   1.3   5.1  0.14   7.0  26.0  10:15a   SSE
23  60.0  70.8   4:15p  51.5   7:00a   5.9   0.9  0.00   7.9  22.0   1:45p    NW
24  63.0  80.2   4:45p  46.1   6:30a   5.8   3.8  0.00   4.8  14.0   4:30a     W
25  72.2  86.4   3:45p  56.6   7:00a   1.4   8.7  0.00   7.9  21.0  10:45p   WSW
26  74.5  85.5   3:00p  66.4  11:15p   0.0   9.5  0.04   7.1  20.0   9:30a     W
27  68.9  83.0   2:30p  61.6   4:45a   0.6   4.4  0.41   3.2  27.0  10:45p   WSW
28  58.3  66.4   2:45p  52.3   9:15p   6.7   0.0  0.17   7.6  27.0   4:00p    NW
29  56.4  64.5   3:30p  49.4   7:00a   8.6   0.0  0.00   7.6  21.0   5:00a    NW
30  53.8  66.4   3:45p  43.5   6:15a  11.2   0.1  0.00   2.6  13.0   3:30p     E
-------------------------------------------------------------------------------------
    62.7  91.9     7    36.9    17   162.6  93.0  2.63   5.4  34.0    12       W

Max >=  90.0:  1
Max <=  32.0:  0
Min <=  32.0:  0
Min <=   0.0:  0
Max Rain: 0.54 ON 09/10/07
Days of Rain: 9 (>.01 in) 7 (>.1 in) 0 (>1 in)
Heat Base:  65.0  Cool Base:  65.0  Method: Integration