NOAA-Style Climate Report Archive

for Hessville, NY - Since March 2004

(Reports Generated by WeatherLink)

Report for 2007 August
                   MONTHLY CLIMATOLOGICAL SUMMARY for AUG. 2007

NAME: Indian Trail Weather   CITY: Hessville   STATE: New York 
ELEV:  1041 ft  LAT:  42° 51' 52" N  LONG:  74° 43' 15" W

                   TEMPERATURE (°F), RAIN  (in), WIND SPEED (mph)

                                      HEAT  COOL        AVG
    MEAN                              DEG   DEG         WIND                 DOM
DAY TEMP  HIGH   TIME   LOW    TIME   DAYS  DAYS  RAIN  SPEED HIGH   TIME    DIR
------------------------------------------------------------------------------------
 1  74.5  85.3   4:15p  64.0   4:00a   0.0   9.5  0.00   4.6  16.0  12:45p     W
 2  77.5  89.5   2:45p  65.3   4:15a   0.0  12.5  0.00   3.8  14.0  11:45p   WSW
 3  73.7  87.0   1:30p  67.3   9:00a   0.0   8.7  0.53   5.6  31.0   2:00p   WSW
 4  70.6  78.6   2:45p  60.6  12:00m   0.1   5.7  0.00   6.4  26.0   1:00p    NW
 5  65.1  76.9   5:00p  51.2   6:15a   3.6   3.6  0.00   2.7  12.0   5:45p     E
 6  70.7  79.9   4:30p  60.8  12:15a   0.9   6.6  0.00   4.3  25.0   1:45p    SW
 7  72.8  82.2   3:30p  65.1   6:15a   0.0   7.8  0.36   3.1  26.0   8:45p     W
 8  75.7  82.2  12:45p  67.3  12:15a   0.0  10.7  0.31   9.5  31.0   2:15p    NW
 9  67.6  76.2   3:00p  58.8   6:15a   0.8   3.4  0.00   3.6  13.0   8:00a   ESE
10  59.9  64.8  12:15a  52.6  10:15p   5.1   0.0  1.13   4.6  20.0  10:15a   ESE
11  67.7  79.3   3:45p  54.9  12:15a   2.7   5.4  0.00   5.1  19.0   4:30p     W
12  72.1  83.0   3:45p  60.6   6:00a   0.6   7.7  0.00   4.9  20.0  11:30p     W
13  69.5  76.7   2:00p  60.6  12:00m   0.4   4.9  0.01   7.4  26.0   4:45p    NW
14  62.3  71.3   2:30p  52.9   5:30a   4.5   1.7  0.00   5.6  19.0   1:00p     W
15  66.2  77.1   3:30p  54.0   1:00a   2.5   3.7  0.00   7.1  25.0  12:30p     W
16  70.2  84.9   4:15p  57.0   5:30a   1.6   6.8  0.06   5.8  27.0  12:15p   WSW
17  63.9  73.9   4:45p  51.9  11:00p   3.8   2.6  0.22   7.9  38.0   8:15p     W
18  56.1  65.1   2:45p  49.5   5:15a   8.9   0.0  0.00  10.1  27.0   4:45a    NW
19  58.2  69.4   4:00p  45.0   5:15a   7.8   1.0  0.00   2.8  13.0   1:30p     N
20  55.2  60.3  12:30p  47.0   5:45a   9.8   0.0  0.00   2.3  11.0  10:00a   SSE
21  56.5  63.7   1:00p  46.9   5:15a   8.5   0.0  0.00   4.8  24.0   1:45p   SSE
22  59.2  64.2   4:15p  55.7   6:00a   5.8   0.0  0.00   3.9  13.0   1:00p     E
23  65.3  75.5   4:00p  59.4   5:45a   2.1   2.3  0.25   1.9  20.0   5:30p     E
24  75.8  86.2   4:00p  68.8   5:45a   0.0  10.8  0.02   5.8  24.0  12:15p   WSW
25  78.3  91.3   2:45p  67.9   7:30p   0.0  13.3  0.27   7.6  40.0   7:00p   WSW
26  66.9  72.3   4:45p  61.3  12:00m   0.4   2.2  0.00   5.8  19.0   4:15a    NW
27  67.7  79.5   5:00p  59.4   3:15a   1.6   4.4  0.01   2.1  11.0   2:30p     W
28  67.8  81.6   3:15p  54.7   6:00a   2.6   5.3  0.00   2.5  11.0   1:30p   WSW
29  73.3  85.7   5:00p  61.3   6:45a   0.5   8.8  0.00   4.6  16.0  11:00a     W
30  73.2  83.1  12:30p  65.3   5:00a   0.0   8.2  0.00   4.3  20.0   8:00p     N
31  65.9  75.0   3:15p  59.4  12:00m   1.6   2.5  0.01   4.5  22.0   3:15p    NW
-------------------------------------------------------------------------------------
    67.7  91.3    25    45.0    19    76.2 160.1  3.18   5.0  40.0    25       W

Max >=  90.0:  1
Max <=  32.0:  0
Min <=  32.0:  0
Min <=   0.0:  0
Max Rain: 1.13 ON 08/10/07
Days of Rain: 9 (>.01 in) 7 (>.1 in) 1 (>1 in)
Heat Base:  65.0  Cool Base:  65.0  Method: Integration