NOAA-Style Climate Report Archive

for Hessville, NY - Since March 2004

(Reports Generated by WeatherLink)

Report for 2007 July
                   MONTHLY CLIMATOLOGICAL SUMMARY for JUL. 2007

NAME: Indian Trail Weather   CITY: Hessville   STATE: New York 
ELEV:  1041 ft  LAT:  42° 51' 52" N  LONG:  74° 43' 15" W

                   TEMPERATURE (°F), RAIN  (in), WIND SPEED (mph)

                                      HEAT  COOL        AVG
    MEAN                              DEG   DEG         WIND                 DOM
DAY TEMP  HIGH   TIME   LOW    TIME   DAYS  DAYS  RAIN  SPEED HIGH   TIME    DIR
------------------------------------------------------------------------------------
 1  55.5  65.3   2:15p  48.1   1:45a   9.5   0.0  0.00   6.9  25.0   6:45p    NW
 2  58.4  68.9   5:15p  46.7   5:30a   7.2   0.6  0.00   7.2  22.0  11:45a     N
 3  64.2  76.7   5:00p  49.4   5:00a   4.5   3.7  0.00   3.8  17.0  12:30p     W
 4  62.7  67.9  11:00a  54.7   1:30a   2.7   0.3  0.38   5.0  26.0   9:45a    SW
 5  69.1  78.9   3:45p  61.9  12:30a   0.4   4.5  0.00   3.6  17.0   3:00p     N
 6  68.4  77.8   2:15p  60.2  12:00m   0.7   4.1  0.00   6.6  27.0   6:15p    NW
 7  68.4  78.8   4:45p  56.8   5:00a   2.0   5.4  0.00   7.5  27.0   2:00p     W
 8  73.4  83.3  12:00p  62.7   1:15a   0.1   8.5  0.06   8.1  27.0   8:15a     W
 9  76.1  91.3   4:15p  64.0   3:30a   0.0  11.1  0.61   6.7  29.0   5:30a     W
10  78.9  91.7   2:30p  67.6   5:00a   0.0  13.9  0.00   3.7  24.0  11:45p    SW
11  72.3  78.0  12:00p  60.0  11:45p   0.4   7.6  0.28   6.9  28.0   6:30p    SW
12  64.6  74.6   5:30p  56.2   4:15a   3.1   2.7  0.00   6.1  20.0   1:30p     W
13  64.7  75.3   2:30p  54.9  11:45p   2.9   2.6  0.00   6.3  25.0   1:30p     N
14  65.5  77.3   4:30p  50.1   4:30a   3.9   4.4  0.00   4.7  25.0   2:30p   WSW
15  69.4  78.4   1:00p  56.6  12:00m   0.6   5.1  0.00   7.7  31.0   2:30p     W
16  65.8  78.8   3:30p  51.8   5:45a   3.5   4.2  0.00   3.6  21.0   2:00p     N
17  70.3  82.4   3:00p  55.2   5:30a   1.6   6.9  0.01   2.9  18.0  12:30p   WSW
18  66.0  73.6   6:15p  62.4   3:15a   1.0   2.0  1.00   2.3  11.0   5:00a   ESE
19  66.8  76.0   5:00p  61.6   5:30a   0.8   2.6  1.06   3.1  22.0   5:00p   WSW
20  62.6  66.9  11:00a  58.0  11:45p   2.5   0.1  0.09   9.3  30.0   2:00p    NW
21  65.5  75.5   3:15p  55.7   4:30a   2.8   3.3  0.00   6.6  24.0   3:30p     N
22  65.4  76.9   3:45p  53.4   5:15a   3.6   4.0  0.00   3.9  14.0  11:45a     W
23  61.2  69.3   2:00p  53.1   3:45a   4.2   0.4  0.50   2.1  17.0   4:45p     W
24  65.5  73.2   6:00p  58.9  12:00m   1.0   1.5  0.09   4.7  20.0   7:30a   WSW
25  68.5  80.6   3:15p  55.6   5:00a   2.3   5.8  0.01   2.3  14.0   3:15p     E
26  73.3  83.9   3:15p  62.1   6:15a   0.2   8.5  0.00   2.5  18.0   1:45p    SW
27  71.8  83.1  12:00p  65.6  12:00m   0.0   6.8  0.87   2.5  28.0   2:15p   SSE
28  69.5  78.9   5:30p  62.9   3:15a   0.3   4.8  0.05   2.3  16.0   5:15p    SW
29  70.6  79.7   4:30p  64.0   4:15a   0.0   5.6  0.00   2.9  13.0   1:15p   ESE
30  70.8  79.5   3:45p  61.7   6:00a   0.4   6.2  0.00   4.1  19.0   2:00p     W
31  71.9  83.0   4:15p  58.9   4:45a   0.9   7.7  0.00   5.8  18.0   2:30p     W
-------------------------------------------------------------------------------------
    67.6  91.7    10    46.7     2    63.1 144.9  5.01   4.9  31.0    15       W

Max >=  90.0:  2
Max <=  32.0:  0
Min <=  32.0:  0
Min <=   0.0:  0
Max Rain: 1.06 ON 07/19/07
Days of Rain: 11 (>.01 in) 7 (>.1 in) 1 (>1 in)
Heat Base:  65.0  Cool Base:  65.0  Method: Integration