NOAA-Style Climate Report Archive

for Hessville, NY - Since March 2004

(Reports Generated by WeatherLink)

Report for 2007 June
                   MONTHLY CLIMATOLOGICAL SUMMARY for JUN. 2007

NAME: Indian Trail Weather   CITY: Hessville   STATE: New York 
ELEV:  1041 ft  LAT:  42° 51' 52" N  LONG:  74° 43' 15" W

                   TEMPERATURE (°F), RAIN  (in), WIND SPEED (mph)

                                      HEAT  COOL        AVG
    MEAN                              DEG   DEG         WIND                 DOM
DAY TEMP  HIGH   TIME   LOW    TIME   DAYS  DAYS  RAIN  SPEED HIGH   TIME    DIR
------------------------------------------------------------------------------------
 1  72.1  83.1   1:45p  62.7   5:00a   0.2   7.3  0.05   5.6  24.0   2:15p    NW
 2  71.6  84.7   2:15p  64.2   6:15a   0.0   6.6  0.04   4.4  19.0   4:45p     W
 3  66.7  73.0  11:45a  60.5   4:15a   0.8   2.5  0.06   3.5  19.0   4:30p   ESE
 4  61.8  64.5  12:30a  59.7   7:00a   3.2   0.0  0.27   6.7  24.0   4:30a   ESE
 5  61.8  73.6   3:30p  44.7  12:00m   4.5   1.4  0.30   7.2  30.0   3:30p   WSW
 6  47.9  55.9   3:30p  43.2  12:00m  17.1   0.0  0.00   7.8  26.0   1:00a    NW
 7  55.8  70.8   5:00p  38.5   3:30a  10.1   1.0  0.00   2.7  11.0   1:45p     E
 8  69.4  88.9   4:00p  53.4   2:30a   3.7   8.0  0.00   4.0  34.0  10:15p    SE
 9  66.1  74.1   5:15p  56.6   7:45a   1.5   2.6  0.00   7.8  24.0   7:30a    NW
10  65.3  78.2   4:15p  54.3   5:15a   3.2   3.5  0.00   3.4  18.0   4:15p     W
11  68.1  78.9   4:00p  59.1   4:30a   1.7   4.8  0.01   3.7  12.0   3:45a     W
12  70.0  84.3   4:15p  61.7   5:15a   0.6   5.4  0.10   4.2  20.0   2:30p     W
13  65.6  72.9   1:00p  53.7  12:00m   2.0   2.5  0.00   7.1  20.0   3:15p   ESE
14  59.5  69.9   4:30p  49.5   6:30a   6.4   0.9  0.00   3.5  17.0   3:30p   ESE
15  64.6  76.7   4:45p  50.0   5:45a   4.0   3.7  0.00   2.8  13.0   2:00p     W
16  67.0  78.6   1:30p  57.7   2:15a   1.8   3.8  0.01   4.5  21.0   7:00p     W
17  70.4  82.0   2:15p  58.9   4:30a   1.0   6.4  0.00   6.6  24.0   1:45p     W
18  69.2  83.0   5:45p  55.0   5:30a   1.7   5.9  0.00   2.6  14.0   2:00p   WNW
19  70.7  89.1   4:00p  57.6   4:30a   1.4   7.1  0.07   4.9  32.0  11:15p   ESE
20  63.8  69.8   1:45p  55.3  11:15p   2.0   0.9  0.03   9.4  34.0   2:00p    NW
21  62.0  75.8   4:45p  52.5   4:30a   5.1   2.1  0.17   8.1  25.0   6:30p     W
22  56.9  62.2   5:45p  53.1  12:00m   8.1   0.0  0.29   8.8  27.0   1:30p    NW
23  55.4  64.8   3:15p  45.4   5:30a   9.6   0.0  0.00   9.0  29.0  10:30a    NW
24  61.8  76.9   5:00p  43.9   1:00a   6.3   3.1  0.00   5.9  24.0   4:30p     W
25  74.3  85.3   3:30p  62.2   4:30a   0.2   9.5  0.00   6.7  20.0   9:00a     W
26  77.6  90.4   3:30p  64.6   5:45a   0.0  12.6  0.00   5.2  18.0   2:45p     W
27  77.2  90.2   1:45p  70.3  12:00m   0.0  12.2  0.34   7.0  25.0   4:15p     W
28  73.2  80.2   1:00p  64.2  12:00m   0.0   8.2  0.00   9.6  26.0  10:15a    NW
29  63.1  72.2   5:00p  55.5   6:30a   3.7   1.8  0.00   5.0  19.0   3:00p     N
30  62.0  72.0   4:30p  50.9   4:30a   4.7   1.7  0.00   6.7  21.0  11:45a     N
-------------------------------------------------------------------------------------
    65.7  90.4    26    38.5     7   104.6 125.5  1.74   5.8  34.0     8       W

Max >=  90.0:  2
Max <=  32.0:  0
Min <=  32.0:  0
Min <=   0.0:  0
Max Rain: 0.34 ON 06/27/07
Days of Rain: 11 (>.01 in) 5 (>.1 in) 0 (>1 in)
Heat Base:  65.0  Cool Base:  65.0  Method: Integration