NOAA-Style Climate Report Archive

for Hessville, NY - Since March 2004

(Reports Generated by WeatherLink)

Report for 2007 May
                   MONTHLY CLIMATOLOGICAL SUMMARY for MAY. 2007

NAME: Indian Trail Weather   CITY: Hessville   STATE: New York 
ELEV:  1041 ft  LAT:  42° 51' 52" N  LONG:  74° 43' 15" W

                   TEMPERATURE (°F), RAIN  (in), WIND SPEED (mph)

                                      HEAT  COOL        AVG
    MEAN                              DEG   DEG         WIND                 DOM
DAY TEMP  HIGH   TIME   LOW    TIME   DAYS  DAYS  RAIN  SPEED HIGH   TIME    DIR
------------------------------------------------------------------------------------
 1  48.2  57.1   2:15p  39.1   6:00a  16.8   0.0  0.00   6.0  18.0   9:15a     W
 2  50.9  60.3   1:30p  43.1   4:15a  14.1   0.0  0.07   7.2  29.0   3:15p     N
 3  50.0  60.5   3:00p  37.9   5:45a  15.0   0.0  0.00   8.8  28.0   4:00p     W
 4  51.3  62.1   4:30p  36.2   5:00a  13.7   0.0  0.00   8.2  33.0  12:30p     W
 5  50.7  61.6   3:00p  40.2  11:45p  14.3   0.0  0.00   8.9  29.0   4:00p     N
 6  47.8  59.9   4:45p  34.9   6:00a  17.2   0.0  0.00   4.9  21.0  11:15a     N
 7  53.6  69.3   5:15p  34.8   5:00a  12.0   0.7  0.00   3.2  12.0  10:30a     W
 8  63.7  79.1   5:45p  45.5   3:30a   5.5   4.2  0.00   6.6  24.0  11:15p   WSW
 9  70.2  83.1   4:15p  58.3   5:00a   1.3   6.5  0.00   6.4  22.0   1:45a   WSW
10  67.3  79.1  12:00p  60.6  10:30p   1.1   3.4  1.41   4.6  25.0   6:00p   WSW
11  65.1  73.6   3:45p  59.1  12:00m   2.0   2.1  0.00   5.1  22.0   6:00p    NW
12  55.7  66.6   3:45p  45.1  11:45p   9.3   0.1  0.00   5.1  22.0   5:30p    NW
13  49.4  58.8   4:00p  39.8  12:00m  15.6   0.0  0.00   8.3  26.0   3:15p    NW
14  53.5  66.9   4:15p  36.0   3:00a  11.7   0.2  0.00   6.7  21.0   2:15p     W
15  65.7  79.3   2:45p  54.3   4:45a   3.0   3.7  0.12  11.1  36.0   4:30a   WSW
16  59.3  66.1   1:00p  47.5  12:00m   5.8   0.1  0.47   7.3  26.0   6:00p     W
17  47.2  55.7   5:15p  41.8   7:45a  17.8   0.0  0.00   5.5  18.0  12:15p    NW
18  47.5  55.5   4:30p  39.5   4:30a  17.5   0.0  0.00   4.4  16.0   8:45p    SE
19  48.7  53.8   5:00p  42.1   4:45a  16.3   0.0  0.51   4.3  17.0  11:15a    NW
20  54.1  64.8   2:15p  46.3  12:00m  10.9   0.0  0.12   9.4  29.0   2:45p    NW
21  49.3  62.1   4:00p  42.1   6:45a  15.7   0.0  0.00   8.7  24.0   1:30a    NW
22  53.9  68.3   5:30p  38.5   5:45a  11.4   0.3  0.00   3.1  13.0  12:15a     W
23  61.5  77.6   3:45p  44.7   5:45a   7.0   3.5  0.00   2.2  10.0  11:45a     W
24  71.6  84.1   4:30p  59.4   5:45a   0.9   7.6  0.00   5.5  17.0   5:00a     W
25  72.7  84.1   1:45p  64.3   5:45a   0.0   7.7  0.41   5.9  25.0   9:30p     W
26  65.0  73.6   4:15p  55.9  12:00m   1.8   1.9  0.00   6.6  21.0   9:45a    NW
27  64.0  79.9   2:45p  53.4   6:30a   4.2   3.1  0.53   3.6  24.0   3:00p    SW
28  63.7  69.4   4:45p  53.2  12:00m   2.1   0.8  0.03   8.7  27.0  12:30p    NW
29  59.8  70.3   5:00p  49.2   6:00a   6.2   1.0  0.00   6.3  18.0   3:30p     W
30  65.7  79.3   3:45p  49.4   5:30a   4.2   4.9  0.00   4.7  18.0   4:30p     W
31  72.4  83.9   4:30p  58.5   5:45a   0.9   8.3  0.05   4.1  22.0  11:30p     W
-------------------------------------------------------------------------------------
    58.0  84.1    24    34.8     7   275.3  60.1  3.72   6.2  36.0    15       W

Max >=  90.0:  0
Max <=  32.0:  0
Min <=  32.0:  0
Min <=   0.0:  0
Max Rain: 1.41 ON 05/10/07
Days of Rain: 10 (>.01 in) 7 (>.1 in) 1 (>1 in)
Heat Base:  65.0  Cool Base:  65.0  Method: Integration