NOAA-Style Climate Report Archive

for Hessville, NY - Since March 2004

(Reports Generated by WeatherLink)

Report for 2007 April
                   MONTHLY CLIMATOLOGICAL SUMMARY for APR. 2007

NAME: Indian Trail Weather   CITY: Hessville   STATE: New York 
ELEV:  1041 ft  LAT:  42° 51' 52" N  LONG:  74° 43' 15" W

                   TEMPERATURE (°F), RAIN  (in), WIND SPEED (mph)

                                      HEAT  COOL        AVG
    MEAN                              DEG   DEG         WIND                 DOM
DAY TEMP  HIGH   TIME   LOW    TIME   DAYS  DAYS  RAIN  SPEED HIGH   TIME    DIR
------------------------------------------------------------------------------------
 1  38.8  51.7   2:00p  29.3   4:45a  26.2   0.0  0.26   3.1  13.0   8:30p   WNW
 2  44.1  51.9   6:15p  39.2   2:00a  20.9   0.0  0.08   2.4  13.0   2:15p   ESE
 3  47.2  55.7   3:45p  38.6   7:00a  17.8   0.0  0.01   5.6  19.0  11:30p    NW
 4  38.4  42.9  12:15a  35.5   8:30a  26.6   0.0  0.54   8.1  24.0   3:15a   ESE
 5  29.6  38.3  12:15a  22.7  12:00m  35.4   0.0  0.02   8.4  34.0  12:00m   WNW
 6  24.9  30.6   5:00p  20.6   3:45a  40.1   0.0  0.00  11.8  31.0  12:15p     W
 7  25.2  32.9   2:15p  17.5   6:00a  39.8   0.0  0.00   7.5  25.0   4:45p     W
 8  27.5  33.7   3:45p  21.8   2:30a  37.5   0.0  0.01  13.1  33.0   4:30p     W
 9  31.0  37.9   3:15p  27.9   7:00a  34.0   0.0  0.00  12.6  30.0   2:00a   WNW
10  31.2  38.3   5:00p  26.7   5:45a  33.8   0.0  0.00   9.2  26.0   1:30p    NW
11  36.5  47.7   4:30p  21.6   6:00a  28.5   0.0  0.00   5.0  18.0   6:45p     W
12  37.4  39.8  12:15a  35.9   3:45a  27.6   0.0  0.49   6.8  26.0   8:15a   ESE
13  37.5  40.8   2:45a  35.2  12:00m  27.5   0.0  0.22  14.7  39.0   8:30p   WNW
14  36.0  40.6  11:45a  31.2  10:15p  29.0   0.0  0.00   8.6  32.0   1:00a   WNW
15  36.7  38.6  12:00m  32.9   3:30a  27.1   0.0  0.23   5.9  22.0   3:15p   ESE
16  42.1  47.9   1:00p  38.3  12:30a  22.9   0.0  2.57   7.5  26.0   1:00p     N
17  41.0  44.3   4:30p  37.0  10:15a  24.0   0.0  0.20   6.7  19.0   1:00p     N
18  42.8  48.9   4:45p  37.5   6:30a  22.2   0.0  0.00   3.0  11.0   9:45a     N
19  49.3  62.4   5:30p  40.1   4:30a  15.7   0.0  0.00   2.8  16.0   7:00p   WNW
20  52.0  67.3   6:00p  36.3   5:45a  12.9   0.2  0.00   6.0  19.0   9:45p     W
21  55.8  69.3   3:30p  43.5   6:15a   9.8   0.6  0.00   8.8  27.0   2:15p     W
22  59.0  75.1   4:45p  41.6   6:15a   8.4   2.5  0.00   6.0  21.0   1:15p   WSW
23  67.8  80.8   3:45p  56.0   1:45a   3.0   5.7  0.43  12.7  41.0   9:30p     W
24  51.6  60.6   3:15a  40.9  12:00m  13.4   0.0  0.01  11.6  35.0   4:30a    NW
25  42.4  48.6  11:30a  36.6   6:00a  22.6   0.0  0.30   4.2  13.0  12:00m     W
26  46.4  59.2   4:45p  34.0   3:30a  18.0   0.0  0.02   5.4  18.0   3:45p    SE
27  50.5  55.3   2:15p  45.4   7:00a  14.2   0.0  0.13   3.5  12.0  10:15a   ESE
28  52.3  54.7   2:30a  48.2  10:15p  12.7   0.0  0.06   4.5  17.0  10:00a    NW
29  49.7  56.3   7:00p  46.9   7:15a  15.3   0.0  0.01   6.8  22.0   2:30p    NW
30  52.7  59.1   9:45a  46.3  12:00m  12.3   0.0  0.12  15.2  38.0  11:45a     W
-------------------------------------------------------------------------------------
    42.6  80.8    23    17.5     7   679.2   9.0  5.71   7.6  41.0    23       W

Max >=  90.0:  0
Max <=  32.0:  1
Min <=  32.0:  9
Min <=   0.0:  0
Max Rain: 2.57 ON 04/16/07
Days of Rain: 15 (>.01 in) 11 (>.1 in) 1 (>1 in)
Heat Base:  65.0  Cool Base:  65.0  Method: Integration