NOAA-Style Climate Report Archive

for Hessville, NY - Since March 2004

(Reports Generated by WeatherLink)

Report for 2007 March
                   MONTHLY CLIMATOLOGICAL SUMMARY for MAR. 2007

NAME: Indian Trail Weather   CITY: Hessville   STATE: New York 
ELEV:  1041 ft  LAT:  42° 51' 52" N  LONG:  74° 43' 15" W

                   TEMPERATURE (°F), RAIN  (in), WIND SPEED (mph)

                                      HEAT  COOL        AVG
    MEAN                              DEG   DEG         WIND                 DOM
DAY TEMP  HIGH   TIME   LOW    TIME   DAYS  DAYS  RAIN  SPEED HIGH   TIME    DIR
------------------------------------------------------------------------------------
 1  22.1  28.7   4:45p   9.7   7:00a  42.9   0.0  0.00   6.3  18.0   9:15p   ESE
 2  34.0  39.9   5:15p  27.3  12:15a  31.0   0.0  0.09   3.1  22.0   2:00a   ESE
 3  33.1  41.9   2:45p  25.4   7:15a  31.9   0.0  0.01   7.8  27.0  11:15a     W
 4  26.7  31.5  12:30p  24.5   8:15p  38.3   0.0  0.00  15.8  41.0   6:30p     W
 5  21.2  28.8  11:30a   7.0  12:00m  43.8   0.0  0.00  18.4  41.0   4:30p     W
 6  -0.7   6.9  12:15a  -7.9   6:45a  64.4   0.0  0.00  14.1  35.0  10:30a    NW
 7   8.0  15.9   2:45p  -1.6   7:00a  57.0   0.0  0.00   8.9  37.0  10:30p     W
 8  10.0  16.9   8:30a  -1.8  11:15p  54.4   0.0  0.00  11.2  30.0  11:00a     W
 9   8.2  21.6   4:30p  -8.6   4:45a  56.8   0.0  0.00   2.8  11.0   3:15p    SE
10  26.6  39.9  12:00m  14.0   4:15a  38.4   0.0  0.10   1.7  13.0  11:45p     N
11  34.6  40.2  12:15a  28.4  12:00m  29.2   0.0  0.01  11.0  31.0  10:30a   WNW
12  36.3  50.8   3:30p  23.9   7:15a  28.7   0.0  0.00   4.5  17.0  12:15a     W
13  45.8  58.9   2:00p  34.4   8:15a  19.2   0.0  0.00   6.2  33.0  12:00m   WSW
14  53.8  64.0  12:30p  48.6   4:45a  11.3   0.0  0.24  12.8  34.0  12:30a     W
15  39.3  55.6   1:15a  27.0  12:00m  25.7   0.0  0.56   9.0  25.0   9:45a    NW
16  22.0  27.0  12:15a  19.9   7:15a  43.0   0.0  0.00   9.4  25.0   9:30p   NNW
17  21.5  23.6   4:00p  19.9  12:00m  43.5   0.0  0.00  10.1  26.0   1:30p    NW
18  22.6  27.5   4:15p  18.4   3:15a  42.4   0.0  0.00  17.1  39.0   2:45p   WNW
19  27.1  34.6  10:45p  18.3   4:30a  37.9   0.0  0.07   9.1  25.0   1:15p     W
20  27.0  37.3   2:45a  14.0  10:45p  38.0   0.0  0.13  15.1  39.0   9:30a   WNW
21  23.4  39.5  11:15p   5.8   6:45a  41.6   0.0  0.01   4.2  24.0  11:45p     E
22  46.3  59.3   2:15p  32.1   7:15a  18.7   0.0  0.13  10.9  38.0   5:45p   WSW
23  42.0  48.2   5:45p  33.7  11:45p  23.0   0.0  0.00   8.4  28.0  12:30a   WNW
24  36.1  43.8   2:15p  27.2   6:30a  28.9   0.0  0.49   3.0  11.0   1:15p   ENE
25  38.3  42.5   2:30p  33.4  12:00m  26.7   0.0  0.05   2.8  14.0  12:00p     N
26  37.9  50.8  11:30p  30.6   2:45a  27.1   0.0  0.98   2.5  18.0  10:30p    SE
27  51.2  54.2   9:45a  45.2  12:15a  13.8   0.0  0.00   8.3  21.0   5:00a     W
28  42.9  52.0   2:15a  34.0  12:00m  22.1   0.0  0.00  10.1  26.0  11:45a    NW
29  36.0  44.6   4:30p  27.5   6:30a  29.0   0.0  0.00  10.9  27.0   5:00p    NW
30  39.6  50.1   4:00p  30.6   2:30a  25.4   0.0  0.00  10.6  26.0   5:15p     W
31  38.1  49.2   5:30p  26.9   7:00a  26.9   0.0  0.00   3.7  14.0  11:00a   ESE
-------------------------------------------------------------------------------------
    30.7  64.0    14    -8.6     9  1061.0   0.0  2.87   8.7  41.0     4       W

Max >=  90.0:  0
Max <=  32.0: 10
Min <=  32.0: 24
Min <=   0.0:  4
Max Rain: 0.98 ON 03/26/07
Days of Rain: 10 (>.01 in) 6 (>.1 in) 0 (>1 in)
Heat Base:  65.0  Cool Base:  65.0  Method: Integration